INSERT INTO `campaigns_push_send` (`id_push_send`, `id_detail`, `id_subscriber`, `id_list`, `date_send`, `id_user`, `create_date`) VALUES
(22599, 8, 31612, 2, '2023-06-01', 7, '2023-06-01 10:00:02'),
(22600, 8, 31613, 2, '2023-06-01', 7, '2023-06-01 14:00:02'),
(22601, 8, 31614, 2, '2023-06-01', 7, '2023-06-01 14:00:07'),
(22602, 8, 31615, 2, '2023-06-01', 7, '2023-06-01 16:00:02'),
(22603, 8, 31616, 2, '2023-06-01', 7, '2023-06-01 18:00:04'),
(22604, 8, 31617, 2, '2023-06-01', 7, '2023-06-01 18:00:09'),
(22605, 8, 31618, 2, '2023-06-01', 7, '2023-06-01 18:00:15'),
(22606, 8, 31619, 2, '2023-06-01', 7, '2023-06-01 18:00:21'),
(22607, 8, 31620, 2, '2023-06-01', 7, '2023-06-01 20:00:01'),
(22608, 8, 31621, 2, '2023-06-01', 7, '2023-06-01 20:00:07'),
(22609, 8, 31622, 2, '2023-06-01', 7, '2023-06-01 20:00:13'),
(22610, 8, 31623, 2, '2023-06-01', 7, '2023-06-01 22:00:02'),
(22611, 8, 31624, 2, '2023-06-02', 7, '2023-06-02 00:00:01'),
(22612, 8, 31625, 2, '2023-06-02', 7, '2023-06-02 00:00:12'),
(22613, 8, 31626, 2, '2023-06-02', 7, '2023-06-02 10:00:02'),
(22614, 8, 31627, 2, '2023-06-02', 7, '2023-06-02 12:00:03'),
(22615, 8, 31628, 2, '2023-06-02', 7, '2023-06-02 14:00:02'),
(22616, 8, 31629, 2, '2023-06-02', 7, '2023-06-02 14:00:08'),
(22617, 8, 31630, 2, '2023-06-02', 7, '2023-06-02 14:00:14'),
(22618, 8, 31631, 2, '2023-06-02', 7, '2023-06-02 16:00:01'),
(22619, 8, 31632, 2, '2023-06-02', 7, '2023-06-02 16:00:07'),
(22620, 8, 31633, 2, '2023-06-02', 7, '2023-06-02 16:00:13'),
(22621, 8, 31634, 2, '2023-06-02', 7, '2023-06-02 16:00:19'),
(22622, 8, 31635, 2, '2023-06-02', 7, '2023-06-02 16:00:25'),
(22623, 8, 31636, 2, '2023-06-02', 7, '2023-06-02 16:00:31'),
(22624, 8, 31637, 2, '2023-06-02', 7, '2023-06-02 16:00:37'),
(22625, 8, 31638, 2, '2023-06-02', 7, '2023-06-02 18:00:01'),
(22626, 8, 31639, 2, '2023-06-02', 7, '2023-06-02 18:00:13'),
(22627, 8, 31640, 2, '2023-06-02', 7, '2023-06-02 18:00:19'),
(22628, 8, 31641, 2, '2023-06-02', 7, '2023-06-02 18:00:25'),
(22629, 8, 31642, 2, '2023-06-02', 7, '2023-06-02 18:00:31'),
(22630, 8, 31643, 2, '2023-06-02', 7, '2023-06-02 18:00:37'),
(22631, 8, 31644, 2, '2023-06-02', 7, '2023-06-02 18:00:43'),
(22632, 8, 31645, 2, '2023-06-02', 7, '2023-06-02 18:00:49'),
(22633, 8, 31646, 2, '2023-06-02', 7, '2023-06-02 20:00:02'),
(22634, 8, 31647, 2, '2023-06-02', 7, '2023-06-02 20:00:08'),
(22635, 8, 31648, 2, '2023-06-02', 7, '2023-06-02 20:00:14'),
(22636, 8, 31649, 2, '2023-06-02', 7, '2023-06-02 20:00:20'),
(22637, 8, 31650, 2, '2023-06-02', 7, '2023-06-02 20:00:26'),
(22638, 8, 31651, 2, '2023-06-02', 7, '2023-06-02 20:00:32'),
(22639, 8, 31652, 2, '2023-06-02', 7, '2023-06-02 20:00:38'),
(22640, 8, 31653, 2, '2023-06-02', 7, '2023-06-02 20:00:45'),
(22641, 8, 31654, 2, '2023-06-02', 7, '2023-06-02 20:00:51'),
(22642, 8, 31655, 2, '2023-06-02', 7, '2023-06-02 20:00:57'),
(22643, 8, 31656, 2, '2023-06-02', 7, '2023-06-02 20:01:03'),
(22644, 8, 31657, 2, '2023-06-02', 7, '2023-06-02 20:01:09'),
(22645, 8, 31658, 2, '2023-06-02', 7, '2023-06-02 20:01:15'),
(22646, 8, 31659, 2, '2023-06-02', 7, '2023-06-02 20:01:21'),
(22647, 8, 31660, 2, '2023-06-02', 7, '2023-06-02 20:01:27'),
(22648, 8, 31661, 2, '2023-06-02', 7, '2023-06-02 20:01:33'),
(22649, 8, 31662, 2, '2023-06-02', 7, '2023-06-02 20:01:39'),
(22650, 8, 31663, 2, '2023-06-02', 7, '2023-06-02 20:01:45'),
(22651, 8, 31664, 2, '2023-06-02', 7, '2023-06-02 20:01:51'),
(22652, 8, 31665, 2, '2023-06-02', 7, '2023-06-02 20:01:57'),
(22653, 8, 31666, 2, '2023-06-02', 7, '2023-06-02 20:02:03'),
(22654, 8, 31667, 2, '2023-06-02', 7, '2023-06-02 22:00:01'),
(22655, 8, 31668, 2, '2023-06-02', 7, '2023-06-02 22:00:07'),
(22656, 8, 31669, 2, '2023-06-02', 7, '2023-06-02 22:00:13'),
(22657, 8, 31670, 2, '2023-06-02', 7, '2023-06-02 22:00:19'),
(22658, 8, 31671, 2, '2023-06-03', 7, '2023-06-03 12:00:02'),
(22659, 8, 31672, 2, '2023-06-03', 7, '2023-06-03 12:00:07'),
(22660, 8, 31673, 2, '2023-06-03', 7, '2023-06-03 14:00:02'),
(22661, 8, 31674, 2, '2023-06-03', 7, '2023-06-03 14:00:08'),
(22662, 8, 31675, 2, '2023-06-03', 7, '2023-06-03 14:00:14'),
(22663, 8, 31676, 2, '2023-06-03', 7, '2023-06-03 16:00:01'),
(22664, 8, 31677, 2, '2023-06-03', 7, '2023-06-03 16:00:07'),
(22665, 8, 31678, 2, '2023-06-03', 7, '2023-06-03 16:00:13'),
(22666, 8, 31679, 2, '2023-06-03', 7, '2023-06-03 18:00:02'),
(22667, 8, 31680, 2, '2023-06-03', 7, '2023-06-03 20:00:03'),
(22668, 8, 31681, 2, '2023-06-03', 7, '2023-06-03 20:00:08'),
(22669, 8, 31682, 2, '2023-06-03', 7, '2023-06-03 22:00:02'),
(22670, 8, 31683, 2, '2023-06-03', 7, '2023-06-03 22:00:07'),
(22671, 8, 31684, 2, '2023-06-04', 7, '2023-06-04 00:00:02'),
(22672, 8, 31685, 2, '2023-06-04', 7, '2023-06-04 00:00:08'),
(22673, 8, 31686, 2, '2023-06-04', 7, '2023-06-04 00:00:15'),
(22674, 8, 31687, 2, '2023-06-04', 7, '2023-06-04 00:00:23'),
(22675, 8, 31688, 2, '2023-06-04', 7, '2023-06-04 00:00:29'),
(22676, 8, 31689, 2, '2023-06-04', 7, '2023-06-04 00:00:35'),
(22677, 8, 31690, 2, '2023-06-04', 7, '2023-06-04 14:00:02'),
(22678, 8, 31691, 2, '2023-06-04', 7, '2023-06-04 14:00:07'),
(22679, 8, 31692, 2, '2023-06-04', 7, '2023-06-04 14:00:13'),
(22680, 8, 31693, 2, '2023-06-04', 7, '2023-06-04 14:00:19'),
(22681, 8, 31694, 2, '2023-06-04', 7, '2023-06-04 16:00:02'),
(22682, 8, 31695, 2, '2023-06-04', 7, '2023-06-04 16:00:08'),
(22683, 8, 31696, 2, '2023-06-04', 7, '2023-06-04 18:00:02'),
(22684, 8, 31697, 2, '2023-06-04', 7, '2023-06-04 18:00:07'),
(22685, 8, 31698, 2, '2023-06-04', 7, '2023-06-04 18:00:13'),
(22686, 8, 31699, 2, '2023-06-04', 7, '2023-06-04 18:00:19'),
(22687, 8, 31700, 2, '2023-06-05', 7, '2023-06-05 10:00:02'),
(22688, 8, 31701, 2, '2023-06-05', 7, '2023-06-05 10:00:08'),
(22689, 8, 31702, 2, '2023-06-05', 7, '2023-06-05 12:00:02'),
(22690, 8, 31703, 2, '2023-06-05', 7, '2023-06-05 12:00:07'),
(22691, 8, 31704, 2, '2023-06-05', 7, '2023-06-05 12:00:13'),
(22692, 8, 31705, 2, '2023-06-05', 7, '2023-06-05 14:00:02'),
(22693, 8, 31706, 2, '2023-06-05', 7, '2023-06-05 14:00:07'),
(22694, 8, 31707, 2, '2023-06-05', 7, '2023-06-05 14:00:13'),
(22695, 8, 31708, 2, '2023-06-05', 7, '2023-06-05 16:00:01'),
(22696, 8, 31709, 2, '2023-06-05', 7, '2023-06-05 16:00:07'),
(22697, 8, 31710, 2, '2023-06-05', 7, '2023-06-05 16:00:13'),
(22698, 8, 31711, 2, '2023-06-05', 7, '2023-06-05 16:00:19'),
(22699, 8, 31712, 2, '2023-06-05', 7, '2023-06-05 18:00:02'),
(22700, 8, 31713, 2, '2023-06-05', 7, '2023-06-05 18:00:07'),
(22701, 8, 31714, 2, '2023-06-05', 7, '2023-06-05 18:00:13'),
(22702, 8, 31715, 2, '2023-06-05', 7, '2023-06-05 18:00:19'),
(22703, 8, 31716, 2, '2023-06-05', 7, '2023-06-05 18:00:25'),
(22704, 8, 31717, 2, '2023-06-05', 7, '2023-06-05 18:00:31'),
(22705, 8, 31718, 2, '2023-06-05', 7, '2023-06-05 18:00:37'),
(22706, 8, 31719, 2, '2023-06-05', 7, '2023-06-05 18:00:43'),
(22707, 8, 31720, 2, '2023-06-05', 7, '2023-06-05 20:00:01'),
(22708, 8, 31721, 2, '2023-06-05', 7, '2023-06-05 20:00:07'),
(22709, 8, 31722, 2, '2023-06-05', 7, '2023-06-05 20:00:13'),
(22710, 8, 31723, 2, '2023-06-05', 7, '2023-06-05 22:00:01'),
(22711, 8, 31724, 2, '2023-06-05', 7, '2023-06-05 22:00:07'),
(22712, 8, 31725, 2, '2023-06-05', 7, '2023-06-05 22:00:13'),
(22713, 8, 31726, 2, '2023-06-05', 7, '2023-06-05 22:00:19'),
(22714, 8, 31727, 2, '2023-06-06', 7, '2023-06-06 00:00:01'),
(22715, 8, 31728, 2, '2023-06-06', 7, '2023-06-06 00:00:07'),
(22716, 8, 31729, 2, '2023-06-06', 7, '2023-06-06 00:00:13'),
(22717, 8, 31730, 2, '2023-06-06', 7, '2023-06-06 00:00:19'),
(22718, 8, 31731, 2, '2023-06-06', 7, '2023-06-06 00:00:25'),
(22719, 8, 31732, 2, '2023-06-06', 7, '2023-06-06 12:00:01'),
(22720, 8, 31733, 2, '2023-06-06', 7, '2023-06-06 12:00:07'),
(22721, 8, 31734, 2, '2023-06-06', 7, '2023-06-06 12:00:13'),
(22722, 8, 31735, 2, '2023-06-06', 7, '2023-06-06 12:00:19'),
(22723, 8, 31736, 2, '2023-06-06', 7, '2023-06-06 12:00:25'),
(22724, 8, 31737, 2, '2023-06-06', 7, '2023-06-06 14:00:02'),
(22725, 8, 31738, 2, '2023-06-06', 7, '2023-06-06 14:00:08'),
(22726, 8, 31739, 2, '2023-06-06', 7, '2023-06-06 14:00:14'),
(22727, 8, 31740, 2, '2023-06-06', 7, '2023-06-06 14:00:20'),
(22728, 8, 31741, 2, '2023-06-06', 7, '2023-06-06 14:00:26'),
(22729, 8, 31742, 2, '2023-06-06', 7, '2023-06-06 16:00:01'),
(22730, 8, 31743, 2, '2023-06-06', 7, '2023-06-06 16:00:07'),
(22731, 8, 31744, 2, '2023-06-06', 7, '2023-06-06 16:00:13'),
(22732, 8, 31745, 2, '2023-06-06', 7, '2023-06-06 16:00:19'),
(22733, 8, 31746, 2, '2023-06-06', 7, '2023-06-06 16:00:25'),
(22734, 8, 31747, 2, '2023-06-06', 7, '2023-06-06 18:00:07'),
(22735, 8, 31748, 2, '2023-06-06', 7, '2023-06-06 18:00:13'),
(22736, 8, 31749, 2, '2023-06-06', 7, '2023-06-06 18:00:19'),
(22737, 8, 31750, 2, '2023-06-06', 7, '2023-06-06 18:00:25'),
(22738, 8, 31751, 2, '2023-06-06', 7, '2023-06-06 20:00:08'),
(22739, 8, 31752, 2, '2023-06-06', 7, '2023-06-06 20:00:14'),
(22740, 8, 31753, 2, '2023-06-06', 7, '2023-06-06 20:00:20'),
(22741, 8, 31754, 2, '2023-06-06', 7, '2023-06-06 20:00:26'),
(22742, 8, 31755, 2, '2023-06-06', 7, '2023-06-06 20:00:32'),
(22743, 8, 31756, 2, '2023-06-06', 7, '2023-06-06 20:00:38'),
(22744, 8, 31757, 2, '2023-06-06', 7, '2023-06-06 20:00:44'),
(22745, 8, 31758, 2, '2023-06-06', 7, '2023-06-06 20:00:50'),
(22746, 8, 31759, 2, '2023-06-06', 7, '2023-06-06 22:00:07'),
(22747, 8, 31760, 2, '2023-06-06', 7, '2023-06-06 22:00:13'),
(22748, 8, 31761, 2, '2023-06-06', 7, '2023-06-06 22:00:19'),
(22749, 8, 31762, 2, '2023-06-06', 7, '2023-06-06 22:00:25'),
(22750, 8, 31763, 2, '2023-06-07', 7, '2023-06-07 00:00:08'),
(22751, 8, 31764, 2, '2023-06-07', 7, '2023-06-07 10:00:07'),
(22752, 8, 31765, 2, '2023-06-07', 7, '2023-06-07 10:00:13'),
(22753, 8, 31766, 2, '2023-06-07', 7, '2023-06-07 10:00:19'),
(22754, 8, 31767, 2, '2023-06-07', 7, '2023-06-07 10:00:25'),
(22755, 8, 31768, 2, '2023-06-07', 7, '2023-06-07 14:00:07'),
(22756, 8, 31769, 2, '2023-06-07', 7, '2023-06-07 14:00:13'),
(22757, 8, 31770, 2, '2023-06-07', 7, '2023-06-07 14:00:19'),
(22758, 8, 31771, 2, '2023-06-07', 7, '2023-06-07 14:00:26'),
(22759, 8, 31772, 2, '2023-06-07', 7, '2023-06-07 16:00:01'),
(22760, 8, 31773, 2, '2023-06-07', 7, '2023-06-07 16:00:07'),
(22761, 8, 31774, 2, '2023-06-07', 7, '2023-06-07 16:00:13'),
(22762, 8, 31775, 2, '2023-06-07', 7, '2023-06-07 16:00:19'),
(22763, 8, 31776, 2, '2023-06-07', 7, '2023-06-07 16:00:25'),
(22764, 8, 31777, 2, '2023-06-07', 7, '2023-06-07 16:00:31'),
(22765, 8, 31778, 2, '2023-06-07', 7, '2023-06-07 16:00:37'),
(22766, 8, 31779, 2, '2023-06-07', 7, '2023-06-07 16:00:43'),
(22767, 8, 31780, 2, '2023-06-07', 7, '2023-06-07 16:00:49'),
(22768, 8, 31781, 2, '2023-06-07', 7, '2023-06-07 18:00:03'),
(22769, 8, 31782, 2, '2023-06-07', 7, '2023-06-07 18:00:08'),
(22770, 8, 31783, 2, '2023-06-07', 7, '2023-06-07 18:00:14'),
(22771, 8, 31784, 2, '2023-06-07', 7, '2023-06-07 18:00:20'),
(22772, 8, 31785, 2, '2023-06-07', 7, '2023-06-07 18:00:26'),
(22773, 8, 31786, 2, '2023-06-07', 7, '2023-06-07 20:00:02'),
(22774, 8, 31787, 2, '2023-06-07', 7, '2023-06-07 22:00:02'),
(22775, 8, 31788, 2, '2023-06-07', 7, '2023-06-07 22:00:08'),
(22776, 8, 31789, 2, '2023-06-07', 7, '2023-06-07 22:00:14'),
(22777, 8, 31790, 2, '2023-06-07', 7, '2023-06-07 22:00:20'),
(22778, 8, 31791, 2, '2023-06-08', 7, '2023-06-08 00:00:01'),
(22779, 8, 31792, 2, '2023-06-08', 7, '2023-06-08 00:00:06'),
(22780, 8, 31793, 2, '2023-06-08', 7, '2023-06-08 00:00:12'),
(22781, 8, 31794, 2, '2023-06-08', 7, '2023-06-08 10:00:02'),
(22782, 8, 31795, 2, '2023-06-08', 7, '2023-06-08 12:00:02'),
(22783, 8, 31796, 2, '2023-06-08', 7, '2023-06-08 12:00:07'),
(22784, 8, 31797, 2, '2023-06-08', 7, '2023-06-08 12:00:13'),
(22785, 8, 31798, 2, '2023-06-08', 7, '2023-06-08 12:00:19'),
(22786, 8, 31799, 2, '2023-06-08', 7, '2023-06-08 16:00:02'),
(22787, 8, 31800, 2, '2023-06-08', 7, '2023-06-08 16:00:07'),
(22788, 8, 31801, 2, '2023-06-08', 7, '2023-06-08 16:00:13'),
(22789, 8, 31802, 2, '2023-06-08', 7, '2023-06-08 16:00:19'),
(22790, 8, 31803, 2, '2023-06-08', 7, '2023-06-08 16:00:25'),
(22791, 8, 31804, 2, '2023-06-08', 7, '2023-06-08 16:00:31'),
(22792, 8, 31805, 2, '2023-06-08', 7, '2023-06-08 16:00:37'),
(22793, 8, 31806, 2, '2023-06-08', 7, '2023-06-08 16:00:43'),
(22794, 8, 31807, 2, '2023-06-08', 7, '2023-06-08 18:00:02'),
(22795, 8, 31808, 2, '2023-06-08', 7, '2023-06-08 18:00:07'),
(22796, 8, 31809, 2, '2023-06-08', 7, '2023-06-08 18:00:13'),
(22797, 8, 31810, 2, '2023-06-08', 7, '2023-06-08 18:00:19'),
(22798, 8, 31811, 2, '2023-06-08', 7, '2023-06-08 18:00:25'),
(22799, 8, 31812, 2, '2023-06-08', 7, '2023-06-08 20:00:01'),
(22800, 8, 31813, 2, '2023-06-08', 7, '2023-06-08 20:00:07'),
(22801, 8, 31814, 2, '2023-06-08', 7, '2023-06-08 20:00:13'),
(22802, 8, 31815, 2, '2023-06-08', 7, '2023-06-08 22:00:02'),
(22803, 8, 31816, 2, '2023-06-08', 7, '2023-06-08 22:00:08'),
(22804, 8, 31817, 2, '2023-06-08', 7, '2023-06-08 22:00:14'),
(22805, 8, 31818, 2, '2023-06-08', 7, '2023-06-08 22:00:20'),
(22806, 8, 31819, 2, '2023-06-09', 7, '2023-06-09 00:00:01'),
(22807, 8, 31820, 2, '2023-06-09', 7, '2023-06-09 00:00:07'),
(22808, 8, 31821, 2, '2023-06-09', 7, '2023-06-09 00:00:13'),
(22809, 8, 31822, 2, '2023-06-09', 7, '2023-06-09 10:00:02'),
(22810, 8, 31823, 2, '2023-06-09', 7, '2023-06-09 10:00:07'),
(22811, 8, 31824, 2, '2023-06-09', 7, '2023-06-09 12:00:01'),
(22812, 8, 31825, 2, '2023-06-09', 7, '2023-06-09 12:00:07'),
(22813, 8, 31826, 2, '2023-06-09', 7, '2023-06-09 12:00:13'),
(22814, 8, 31827, 2, '2023-06-09', 7, '2023-06-09 12:00:19'),
(22815, 8, 31828, 2, '2023-06-09', 7, '2023-06-09 12:00:25'),
(22816, 8, 31829, 2, '2023-06-09', 7, '2023-06-09 12:00:31'),
(22817, 8, 31830, 2, '2023-06-09', 7, '2023-06-09 14:00:03'),
(22818, 8, 31831, 2, '2023-06-09', 7, '2023-06-09 14:00:08'),
(22819, 8, 31832, 2, '2023-06-09', 7, '2023-06-09 14:00:14'),
(22820, 8, 31833, 2, '2023-06-09', 7, '2023-06-09 14:00:20'),
(22821, 8, 31834, 2, '2023-06-09', 7, '2023-06-09 14:00:26'),
(22822, 8, 31835, 2, '2023-06-09', 7, '2023-06-09 14:00:33'),
(22823, 8, 31836, 2, '2023-06-09', 7, '2023-06-09 16:00:02'),
(22824, 8, 31837, 2, '2023-06-09', 7, '2023-06-09 16:00:07'),
(22825, 8, 31838, 2, '2023-06-09', 7, '2023-06-09 16:00:13'),
(22826, 8, 31839, 2, '2023-06-09', 7, '2023-06-09 16:00:19'),
(22827, 8, 31840, 2, '2023-06-09', 7, '2023-06-09 18:00:02'),
(22828, 8, 31841, 2, '2023-06-09', 7, '2023-06-09 20:00:02'),
(22829, 8, 31842, 2, '2023-06-09', 7, '2023-06-09 22:00:01'),
(22830, 8, 31843, 2, '2023-06-09', 7, '2023-06-09 22:00:07'),
(22831, 8, 31844, 2, '2023-06-10', 7, '2023-06-10 00:00:02'),
(22832, 8, 31845, 2, '2023-06-10', 7, '2023-06-10 00:00:07'),
(22833, 8, 31846, 2, '2023-06-10', 7, '2023-06-10 00:00:13'),
(22834, 8, 31847, 2, '2023-06-10', 7, '2023-06-10 00:00:19'),
(22835, 8, 31848, 2, '2023-06-10', 7, '2023-06-10 00:00:25'),
(22836, 8, 31849, 2, '2023-06-10', 7, '2023-06-10 00:00:31'),
(22837, 8, 31850, 2, '2023-06-10', 7, '2023-06-10 00:00:37'),
(22838, 8, 31851, 2, '2023-06-10', 7, '2023-06-10 10:00:01'),
(22839, 8, 31852, 2, '2023-06-10', 7, '2023-06-10 10:00:07'),
(22840, 8, 31853, 2, '2023-06-10', 7, '2023-06-10 12:00:02'),
(22841, 8, 31854, 2, '2023-06-10', 7, '2023-06-10 12:00:08'),
(22842, 8, 31855, 2, '2023-06-10', 7, '2023-06-10 12:00:14'),
(22843, 8, 31856, 2, '2023-06-10', 7, '2023-06-10 12:00:20'),
(22844, 8, 31857, 2, '2023-06-10', 7, '2023-06-10 14:00:02'),
(22845, 8, 31858, 2, '2023-06-10', 7, '2023-06-10 14:00:16'),
(22846, 8, 31859, 2, '2023-06-10', 7, '2023-06-10 16:00:03'),
(22847, 8, 31860, 2, '2023-06-10', 7, '2023-06-10 16:00:08'),
(22848, 8, 31861, 2, '2023-06-10', 7, '2023-06-10 16:00:14'),
(22849, 8, 31862, 2, '2023-06-10', 7, '2023-06-10 16:00:20'),
(22850, 8, 31863, 2, '2023-06-10', 7, '2023-06-10 16:00:26'),
(22851, 8, 31864, 2, '2023-06-10', 7, '2023-06-10 16:00:32'),
(22852, 8, 31865, 2, '2023-06-10', 7, '2023-06-10 18:00:01'),
(22853, 8, 31866, 2, '2023-06-10', 7, '2023-06-10 18:00:06'),
(22854, 8, 31867, 2, '2023-06-10', 7, '2023-06-10 20:00:02'),
(22855, 8, 31868, 2, '2023-06-10', 7, '2023-06-10 20:00:08'),
(22856, 8, 31869, 2, '2023-06-10', 7, '2023-06-10 20:00:14'),
(22857, 8, 31870, 2, '2023-06-10', 7, '2023-06-10 20:00:20'),
(22858, 8, 31871, 2, '2023-06-10', 7, '2023-06-10 22:00:02'),
(22859, 8, 31872, 2, '2023-06-11', 7, '2023-06-11 00:00:02'),
(22860, 8, 31873, 2, '2023-06-11', 7, '2023-06-11 12:00:02'),
(22861, 8, 31874, 2, '2023-06-11', 7, '2023-06-11 12:00:08'),
(22862, 8, 31875, 2, '2023-06-11', 7, '2023-06-11 14:00:02'),
(22863, 8, 31876, 2, '2023-06-11', 7, '2023-06-11 14:00:07'),
(22864, 8, 31877, 2, '2023-06-11', 7, '2023-06-11 14:00:13'),
(22865, 8, 31878, 2, '2023-06-11', 7, '2023-06-11 16:00:02'),
(22866, 8, 31879, 2, '2023-06-11', 7, '2023-06-11 16:00:08'),
(22867, 8, 31880, 2, '2023-06-11', 7, '2023-06-11 16:00:14'),
(22868, 8, 31881, 2, '2023-06-11', 7, '2023-06-11 18:00:02'),
(22869, 8, 31882, 2, '2023-06-11', 7, '2023-06-11 18:00:07'),
(22870, 8, 31883, 2, '2023-06-12', 7, '2023-06-12 10:00:02'),
(22871, 8, 31884, 2, '2023-06-12', 7, '2023-06-12 10:00:07'),
(22872, 8, 31885, 2, '2023-06-12', 7, '2023-06-12 10:00:13'),
(22873, 8, 31886, 2, '2023-06-12', 7, '2023-06-12 12:00:01'),
(22874, 8, 31887, 2, '2023-06-12', 7, '2023-06-12 12:00:07'),
(22875, 8, 31888, 2, '2023-06-12', 7, '2023-06-12 14:00:02'),
(22876, 8, 31889, 2, '2023-06-12', 7, '2023-06-12 14:00:07'),
(22877, 8, 31890, 2, '2023-06-12', 7, '2023-06-12 16:00:01'),
(22878, 8, 31891, 2, '2023-06-12', 7, '2023-06-12 16:00:07'),
(22879, 8, 31892, 2, '2023-06-12', 7, '2023-06-12 16:00:13'),
(22880, 8, 31893, 2, '2023-06-12', 7, '2023-06-12 18:00:02'),
(22881, 8, 31894, 2, '2023-06-12', 7, '2023-06-12 18:00:07'),
(22882, 8, 31895, 2, '2023-06-12', 7, '2023-06-12 18:00:13'),
(22883, 8, 31896, 2, '2023-06-12', 7, '2023-06-12 18:00:20'),
(22884, 8, 31897, 2, '2023-06-12', 7, '2023-06-12 18:00:26'),
(22885, 8, 31898, 2, '2023-06-12', 7, '2023-06-12 18:00:32'),
(22886, 8, 31899, 2, '2023-06-12', 7, '2023-06-12 18:00:38'),
(22887, 8, 31900, 2, '2023-06-12', 7, '2023-06-12 18:00:44'),
(22888, 8, 31901, 2, '2023-06-12', 7, '2023-06-12 20:00:01'),
(22889, 8, 31902, 2, '2023-06-12', 7, '2023-06-12 20:00:07'),
(22890, 8, 31903, 2, '2023-06-12', 7, '2023-06-12 22:00:02'),
(22891, 8, 31904, 2, '2023-06-12', 7, '2023-06-12 22:00:08'),
(22892, 8, 31905, 2, '2023-06-12', 7, '2023-06-12 22:00:14'),
(22893, 8, 31906, 2, '2023-06-12', 7, '2023-06-12 22:00:20'),
(22894, 8, 31907, 2, '2023-06-12', 7, '2023-06-12 22:00:26'),
(22895, 8, 31908, 2, '2023-06-12', 7, '2023-06-12 22:00:32'),
(22896, 8, 31909, 2, '2023-06-12', 7, '2023-06-12 22:00:38'),
(22897, 8, 31910, 2, '2023-06-12', 7, '2023-06-12 22:00:44'),
(22898, 8, 31911, 2, '2023-06-13', 7, '2023-06-13 00:00:01'),
(22899, 8, 31912, 2, '2023-06-13', 7, '2023-06-13 00:00:07'),
(22900, 8, 31913, 2, '2023-06-13', 7, '2023-06-13 00:00:13'),
(22901, 8, 31914, 2, '2023-06-13', 7, '2023-06-13 10:00:02'),
(22902, 8, 31915, 2, '2023-06-13', 7, '2023-06-13 12:00:03'),
(22903, 8, 31916, 2, '2023-06-13', 7, '2023-06-13 12:00:08'),
(22904, 8, 31917, 2, '2023-06-13', 7, '2023-06-13 12:00:14'),
(22905, 8, 31918, 2, '2023-06-13', 7, '2023-06-13 14:00:02'),
(22906, 8, 31919, 2, '2023-06-13', 7, '2023-06-13 14:00:07'),
(22907, 8, 31920, 2, '2023-06-13', 7, '2023-06-13 14:00:13'),
(22908, 8, 31921, 2, '2023-06-13', 7, '2023-06-13 14:00:20'),
(22909, 8, 31922, 2, '2023-06-13', 7, '2023-06-13 16:00:01'),
(22910, 8, 31923, 2, '2023-06-13', 7, '2023-06-13 16:00:07'),
(22911, 8, 31924, 2, '2023-06-13', 7, '2023-06-13 16:00:13'),
(22912, 8, 31925, 2, '2023-06-13', 7, '2023-06-13 16:00:19'),
(22913, 8, 31926, 2, '2023-06-13', 7, '2023-06-13 16:00:25'),
(22914, 8, 31927, 2, '2023-06-13', 7, '2023-06-13 16:00:31'),
(22915, 8, 31928, 2, '2023-06-13', 7, '2023-06-13 16:00:37'),
(22916, 8, 31929, 2, '2023-06-13', 7, '2023-06-13 16:00:43'),
(22917, 8, 31930, 2, '2023-06-13', 7, '2023-06-13 18:00:01'),
(22918, 8, 31931, 2, '2023-06-13', 7, '2023-06-13 18:00:07'),
(22919, 8, 31932, 2, '2023-06-13', 7, '2023-06-13 18:00:13'),
(22920, 8, 31933, 2, '2023-06-13', 7, '2023-06-13 18:00:19'),
(22921, 8, 31934, 2, '2023-06-13', 7, '2023-06-13 18:00:25'),
(22922, 8, 31935, 2, '2023-06-13', 7, '2023-06-13 18:00:31'),
(22923, 8, 31936, 2, '2023-06-13', 7, '2023-06-13 18:00:37'),
(22924, 8, 31937, 2, '2023-06-13', 7, '2023-06-13 18:00:43'),
(22925, 8, 31938, 2, '2023-06-13', 7, '2023-06-13 18:00:49'),
(22926, 8, 31939, 2, '2023-06-13', 7, '2023-06-13 20:00:01'),
(22927, 8, 31940, 2, '2023-06-13', 7, '2023-06-13 20:00:07'),
(22928, 8, 31941, 2, '2023-06-13', 7, '2023-06-13 20:00:13'),
(22929, 8, 31942, 2, '2023-06-13', 7, '2023-06-13 20:00:19'),
(22930, 8, 31943, 2, '2023-06-13', 7, '2023-06-13 20:00:25'),
(22931, 8, 31944, 2, '2023-06-13', 7, '2023-06-13 20:00:31'),
(22932, 8, 31945, 2, '2023-06-13', 7, '2023-06-13 20:00:37'),
(22933, 8, 31946, 2, '2023-06-13', 7, '2023-06-13 20:00:43'),
(22934, 8, 31947, 2, '2023-06-13', 7, '2023-06-13 22:00:02'),
(22935, 8, 31948, 2, '2023-06-14', 7, '2023-06-14 00:00:01'),
(22936, 8, 31949, 2, '2023-06-14', 7, '2023-06-14 00:00:07'),
(22937, 8, 31950, 2, '2023-06-14', 7, '2023-06-14 00:00:13'),
(22938, 8, 31951, 2, '2023-06-14', 7, '2023-06-14 00:00:19'),
(22939, 8, 31952, 2, '2023-06-14', 7, '2023-06-14 10:00:02'),
(22940, 8, 31953, 2, '2023-06-14', 7, '2023-06-14 10:00:07'),
(22941, 8, 31954, 2, '2023-06-14', 7, '2023-06-14 12:00:02'),
(22942, 8, 31955, 2, '2023-06-14', 7, '2023-06-14 12:00:07'),
(22943, 8, 31956, 2, '2023-06-14', 7, '2023-06-14 12:00:13'),
(22944, 8, 31957, 2, '2023-06-14', 7, '2023-06-14 12:00:19'),
(22945, 8, 31958, 2, '2023-06-14', 7, '2023-06-14 14:00:01'),
(22946, 8, 31959, 2, '2023-06-14', 7, '2023-06-14 14:00:06'),
(22947, 8, 31960, 2, '2023-06-14', 7, '2023-06-14 16:00:02'),
(22948, 8, 31961, 2, '2023-06-14', 7, '2023-06-14 16:00:08'),
(22949, 8, 31962, 2, '2023-06-14', 7, '2023-06-14 16:00:14'),
(22950, 8, 31963, 2, '2023-06-14', 7, '2023-06-14 16:00:20'),
(22951, 8, 31964, 2, '2023-06-14', 7, '2023-06-14 16:00:26'),
(22952, 8, 31965, 2, '2023-06-14', 7, '2023-06-14 16:00:32'),
(22953, 8, 31966, 2, '2023-06-14', 7, '2023-06-14 16:00:38'),
(22954, 8, 31967, 2, '2023-06-14', 7, '2023-06-14 18:00:02'),
(22955, 8, 31968, 2, '2023-06-14', 7, '2023-06-14 18:00:07'),
(22956, 8, 31969, 2, '2023-06-14', 7, '2023-06-14 18:00:19'),
(22957, 8, 31970, 2, '2023-06-14', 7, '2023-06-14 18:00:25'),
(22958, 8, 31971, 2, '2023-06-14', 7, '2023-06-14 18:00:31'),
(22959, 8, 31972, 2, '2023-06-14', 7, '2023-06-14 18:00:37'),
(22960, 8, 31973, 2, '2023-06-14', 7, '2023-06-14 18:00:43'),
(22961, 8, 31974, 2, '2023-06-14', 7, '2023-06-14 20:00:07'),
(22962, 8, 31975, 2, '2023-06-14', 7, '2023-06-14 20:00:13'),
(22963, 8, 31976, 2, '2023-06-14', 7, '2023-06-14 20:00:19'),
(22964, 8, 31977, 2, '2023-06-14', 7, '2023-06-14 20:00:25'),
(22965, 8, 31978, 2, '2023-06-14', 7, '2023-06-14 20:00:31'),
(22966, 8, 31979, 2, '2023-06-14', 7, '2023-06-14 20:00:37'),
(22967, 8, 31980, 2, '2023-06-14', 7, '2023-06-14 22:00:08'),
(22968, 8, 31981, 2, '2023-06-14', 7, '2023-06-14 22:00:14'),
(22969, 8, 31982, 2, '2023-06-14', 7, '2023-06-14 22:00:20'),
(22970, 8, 31983, 2, '2023-06-15', 7, '2023-06-15 00:00:07'),
(22971, 8, 31984, 2, '2023-06-15', 7, '2023-06-15 02:00:02'),
(22972, 8, 31985, 2, '2023-06-15', 7, '2023-06-15 10:00:01'),
(22973, 8, 31986, 2, '2023-06-15', 7, '2023-06-15 10:00:07'),
(22974, 8, 31987, 2, '2023-06-15', 7, '2023-06-15 12:00:02'),
(22975, 8, 31988, 2, '2023-06-15', 7, '2023-06-15 14:00:01'),
(22976, 8, 31989, 2, '2023-06-15', 7, '2023-06-15 16:00:01'),
(22977, 8, 31990, 2, '2023-06-15', 7, '2023-06-15 16:00:06'),
(22978, 8, 31991, 2, '2023-06-15', 7, '2023-06-15 18:00:02'),
(22979, 8, 31992, 2, '2023-06-15', 7, '2023-06-15 18:00:07'),
(22980, 8, 31993, 2, '2023-06-15', 7, '2023-06-15 20:00:01'),
(22981, 8, 31994, 2, '2023-06-15', 7, '2023-06-15 20:00:07'),
(22982, 8, 31995, 2, '2023-06-15', 7, '2023-06-15 20:00:13'),
(22983, 8, 31996, 2, '2023-06-15', 7, '2023-06-15 20:00:19'),
(22984, 8, 31997, 2, '2023-06-15', 7, '2023-06-15 20:00:25'),
(22985, 8, 31998, 2, '2023-06-15', 7, '2023-06-15 20:00:31'),
(22986, 8, 31999, 2, '2023-06-15', 7, '2023-06-15 22:00:02'),
(22987, 8, 32000, 2, '2023-06-15', 7, '2023-06-15 22:00:07'),
(22988, 8, 32001, 2, '2023-06-15', 7, '2023-06-15 22:00:14'),
(22989, 8, 32002, 2, '2023-06-16', 7, '2023-06-16 00:00:02'),
(22990, 8, 32003, 2, '2023-06-16', 7, '2023-06-16 00:00:08'),
(22991, 8, 32004, 2, '2023-06-16', 7, '2023-06-16 12:00:02'),
(22992, 8, 32005, 2, '2023-06-16', 7, '2023-06-16 12:00:08'),
(22993, 8, 32006, 2, '2023-06-16', 7, '2023-06-16 12:00:14'),
(22994, 8, 32007, 2, '2023-06-16', 7, '2023-06-16 14:00:01'),
(22995, 8, 32008, 2, '2023-06-16', 7, '2023-06-16 14:00:07'),
(22996, 8, 32009, 2, '2023-06-16', 7, '2023-06-16 14:00:13'),
(22997, 8, 32010, 2, '2023-06-16', 7, '2023-06-16 18:00:02'),
(22998, 8, 32011, 2, '2023-06-16', 7, '2023-06-16 18:00:07'),
(22999, 8, 32012, 2, '2023-06-16', 7, '2023-06-16 18:00:13'),
(23000, 8, 32013, 2, '2023-06-16', 7, '2023-06-16 22:00:03'),
(23001, 8, 32014, 2, '2023-06-16', 7, '2023-06-16 22:00:08'),
(23002, 8, 32015, 2, '2023-06-16', 7, '2023-06-16 22:00:14'),
(23003, 8, 32016, 2, '2023-06-16', 7, '2023-06-16 22:00:20'),
(23004, 8, 32017, 2, '2023-06-16', 7, '2023-06-16 22:00:26'),
(23005, 8, 32018, 2, '2023-06-17', 7, '2023-06-17 00:00:01'),
(23006, 8, 32019, 2, '2023-06-17', 7, '2023-06-17 12:00:02'),
(23007, 8, 32020, 2, '2023-06-17', 7, '2023-06-17 12:00:07'),
(23008, 8, 32021, 2, '2023-06-17', 7, '2023-06-17 12:00:13'),
(23009, 8, 32022, 2, '2023-06-17', 7, '2023-06-17 12:00:19'),
(23010, 8, 32023, 2, '2023-06-17', 7, '2023-06-17 14:00:02'),
(23011, 8, 32024, 2, '2023-06-17', 7, '2023-06-17 14:00:07'),
(23012, 8, 32025, 2, '2023-06-17', 7, '2023-06-17 16:00:01'),
(23013, 8, 32026, 2, '2023-06-17', 7, '2023-06-17 16:00:07'),
(23014, 8, 32027, 2, '2023-06-17', 7, '2023-06-17 16:00:13'),
(23015, 8, 32028, 2, '2023-06-17', 7, '2023-06-17 16:00:19'),
(23016, 8, 32029, 2, '2023-06-17', 7, '2023-06-17 16:00:25'),
(23017, 8, 32030, 2, '2023-06-17', 7, '2023-06-17 16:00:31'),
(23018, 8, 32031, 2, '2023-06-17', 7, '2023-06-17 18:00:01'),
(23019, 8, 32032, 2, '2023-06-17', 7, '2023-06-17 18:00:07'),
(23020, 8, 32033, 2, '2023-06-17', 7, '2023-06-17 18:00:13'),
(23021, 8, 32034, 2, '2023-06-17', 7, '2023-06-17 18:00:19'),
(23022, 8, 32035, 2, '2023-06-17', 7, '2023-06-17 20:00:07'),
(23023, 8, 32036, 2, '2023-06-17', 7, '2023-06-17 20:00:13'),
(23024, 8, 32037, 2, '2023-06-17', 7, '2023-06-17 20:00:19'),
(23025, 8, 32038, 2, '2023-06-17', 7, '2023-06-17 20:00:25'),
(23026, 8, 32039, 2, '2023-06-17', 7, '2023-06-17 22:00:08'),
(23027, 8, 32040, 2, '2023-06-17', 7, '2023-06-17 22:00:14'),
(23028, 8, 32041, 2, '2023-06-18', 7, '2023-06-18 14:00:07'),
(23029, 8, 32042, 2, '2023-06-18', 7, '2023-06-18 18:00:01'),
(23030, 8, 32043, 2, '2023-06-18', 7, '2023-06-18 18:00:07'),
(23031, 8, 32044, 2, '2023-06-18', 7, '2023-06-18 18:00:13'),
(23032, 8, 32045, 2, '2023-06-18', 7, '2023-06-18 18:00:25'),
(23033, 8, 32046, 2, '2023-06-18', 7, '2023-06-18 18:00:31'),
(23034, 8, 32047, 2, '2023-06-18', 7, '2023-06-18 20:00:07'),
(23035, 8, 32048, 2, '2023-06-18', 7, '2023-06-18 22:34:45'),
(23036, 8, 32049, 2, '2023-06-18', 7, '2023-06-18 22:41:39'),
(23037, 8, 32050, 2, '2023-06-18', 7, '2023-06-18 22:47:00'),
(23038, 8, 32051, 2, '2023-06-19', 7, '2023-06-19 10:00:01'),
(23039, 8, 32052, 2, '2023-06-19', 7, '2023-06-19 10:00:07'),
(23040, 8, 32053, 2, '2023-06-19', 7, '2023-06-19 12:00:02'),
(23041, 8, 32054, 2, '2023-06-19', 7, '2023-06-19 16:00:02'),
(23042, 8, 32055, 2, '2023-06-19', 7, '2023-06-19 18:00:02'),
(23043, 8, 32056, 2, '2023-06-19', 7, '2023-06-19 18:00:07'),
(23044, 8, 32057, 2, '2023-06-19', 7, '2023-06-19 18:00:14'),
(23045, 8, 32058, 2, '2023-06-19', 7, '2023-06-19 18:00:20'),
(23046, 8, 32059, 2, '2023-06-19', 7, '2023-06-19 20:00:01'),
(23047, 8, 32060, 2, '2023-06-19', 7, '2023-06-19 20:00:07'),
(23048, 8, 32061, 2, '2023-06-19', 7, '2023-06-19 20:00:13'),
(23049, 8, 32062, 2, '2023-06-19', 7, '2023-06-19 20:00:19'),
(23050, 8, 32063, 2, '2023-06-19', 7, '2023-06-19 20:00:25'),
(23051, 8, 32064, 2, '2023-06-19', 7, '2023-06-19 20:00:31'),
(23052, 8, 32065, 2, '2023-06-19', 7, '2023-06-19 22:00:02'),
(23053, 8, 32066, 2, '2023-06-19', 7, '2023-06-19 22:00:07'),
(23054, 8, 32067, 2, '2023-06-19', 7, '2023-06-19 22:00:13'),
(23055, 8, 32068, 2, '2023-06-20', 7, '2023-06-20 00:00:01'),
(23056, 8, 32069, 2, '2023-06-20', 7, '2023-06-20 00:00:07'),
(23057, 8, 32070, 2, '2023-06-20', 7, '2023-06-20 00:00:13'),
(23058, 8, 32071, 2, '2023-06-20', 7, '2023-06-20 10:00:01'),
(23059, 8, 32072, 2, '2023-06-20', 7, '2023-06-20 12:00:02'),
(23060, 8, 32073, 2, '2023-06-20', 7, '2023-06-20 12:00:07'),
(23061, 8, 32074, 2, '2023-06-20', 7, '2023-06-20 12:00:13'),
(23062, 8, 32075, 2, '2023-06-20', 7, '2023-06-20 12:00:19'),
(23063, 8, 32076, 2, '2023-06-20', 7, '2023-06-20 12:00:25'),
(23064, 8, 32077, 2, '2023-06-20', 7, '2023-06-20 14:00:01'),
(23065, 8, 32078, 2, '2023-06-20', 7, '2023-06-20 16:00:01'),
(23066, 8, 32079, 2, '2023-06-20', 7, '2023-06-20 16:00:07'),
(23067, 8, 32080, 2, '2023-06-20', 7, '2023-06-20 16:00:13'),
(23068, 8, 32081, 2, '2023-06-20', 7, '2023-06-20 22:00:03'),
(23069, 8, 32082, 2, '2023-06-20', 7, '2023-06-20 22:00:08'),
(23070, 8, 32083, 2, '2023-06-21', 7, '2023-06-21 00:00:01'),
(23071, 8, 32084, 2, '2023-06-21', 7, '2023-06-21 00:00:07'),
(23072, 8, 32085, 2, '2023-06-21', 7, '2023-06-21 00:00:13'),
(23073, 8, 32086, 2, '2023-06-21', 7, '2023-06-21 00:00:19'),
(23074, 8, 32087, 2, '2023-06-21', 7, '2023-06-21 00:00:25'),
(23075, 8, 32088, 2, '2023-06-21', 7, '2023-06-21 02:00:02'),
(23076, 8, 32089, 2, '2023-06-21', 7, '2023-06-21 02:00:07'),
(23077, 8, 32090, 2, '2023-06-21', 7, '2023-06-21 02:00:13'),
(23078, 8, 32091, 2, '2023-06-21', 7, '2023-06-21 02:00:19'),
(23079, 8, 32092, 2, '2023-06-21', 7, '2023-06-21 02:00:25'),
(23080, 8, 32093, 2, '2023-06-21', 7, '2023-06-21 02:00:31'),
(23081, 8, 32094, 2, '2023-06-21', 7, '2023-06-21 10:00:02'),
(23082, 8, 32095, 2, '2023-06-21', 7, '2023-06-21 12:00:02'),
(23083, 8, 32096, 2, '2023-06-21', 7, '2023-06-21 12:00:07'),
(23084, 8, 32097, 2, '2023-06-21', 7, '2023-06-21 12:00:13'),
(23085, 8, 32098, 2, '2023-06-21', 7, '2023-06-21 12:00:19'),
(23086, 8, 32099, 2, '2023-06-21', 7, '2023-06-21 12:00:25'),
(23087, 8, 32100, 2, '2023-06-21', 7, '2023-06-21 14:00:03'),
(23088, 8, 32101, 2, '2023-06-21', 7, '2023-06-21 14:00:09'),
(23089, 8, 32102, 2, '2023-06-21', 7, '2023-06-21 14:00:15'),
(23090, 8, 32103, 2, '2023-06-21', 7, '2023-06-21 14:00:21'),
(23091, 8, 32104, 2, '2023-06-21', 7, '2023-06-21 14:00:27'),
(23092, 8, 32105, 2, '2023-06-21', 7, '2023-06-21 16:00:02'),
(23093, 8, 32106, 2, '2023-06-21', 7, '2023-06-21 16:00:08'),
(23094, 8, 32107, 2, '2023-06-21', 7, '2023-06-21 18:00:01'),
(23095, 8, 32108, 2, '2023-06-21', 7, '2023-06-21 18:00:07'),
(23096, 8, 32109, 2, '2023-06-21', 7, '2023-06-21 18:00:13'),
(23097, 8, 32110, 2, '2023-06-21', 7, '2023-06-21 20:00:02'),
(23098, 8, 32111, 2, '2023-06-21', 7, '2023-06-21 20:00:07'),
(23099, 8, 32112, 2, '2023-06-21', 7, '2023-06-21 20:00:13'),
(23100, 8, 32113, 2, '2023-06-21', 7, '2023-06-21 22:00:01'),
(23101, 8, 32114, 2, '2023-06-21', 7, '2023-06-21 22:00:07'),
(23102, 8, 32115, 2, '2023-06-22', 7, '2023-06-22 00:00:02'),
(23103, 8, 32116, 2, '2023-06-22', 7, '2023-06-22 00:00:07'),
(23104, 8, 32117, 2, '2023-06-22', 7, '2023-06-22 00:00:13'),
(23105, 8, 32118, 2, '2023-06-22', 7, '2023-06-22 00:00:19'),
(23106, 8, 32119, 2, '2023-06-22', 7, '2023-06-22 00:00:25'),
(23107, 8, 32120, 2, '2023-06-22', 7, '2023-06-22 12:00:02'),
(23108, 8, 32121, 2, '2023-06-22', 7, '2023-06-22 12:00:08'),
(23109, 8, 32122, 2, '2023-06-22', 7, '2023-06-22 12:00:14'),
(23110, 8, 32123, 2, '2023-06-22', 7, '2023-06-22 12:00:21'),
(23111, 8, 32124, 2, '2023-06-22', 7, '2023-06-22 12:00:28'),
(23112, 8, 32125, 2, '2023-06-22', 7, '2023-06-22 12:00:34'),
(23113, 8, 32126, 2, '2023-06-22', 7, '2023-06-22 12:00:40'),
(23114, 8, 32127, 2, '2023-06-22', 7, '2023-06-22 12:00:46'),
(23115, 8, 32128, 2, '2023-06-22', 7, '2023-06-22 14:00:02'),
(23116, 8, 32129, 2, '2023-06-22', 7, '2023-06-22 14:00:07'),
(23117, 8, 32130, 2, '2023-06-22', 7, '2023-06-22 14:00:13'),
(23118, 8, 32131, 2, '2023-06-22', 7, '2023-06-22 14:00:19'),
(23119, 8, 32132, 2, '2023-06-22', 7, '2023-06-22 14:00:25'),
(23120, 8, 32133, 2, '2023-06-22', 7, '2023-06-22 14:00:31'),
(23121, 8, 32134, 2, '2023-06-22', 7, '2023-06-22 14:00:37'),
(23122, 8, 32135, 2, '2023-06-22', 7, '2023-06-22 14:00:43'),
(23123, 8, 32136, 2, '2023-06-22', 7, '2023-06-22 16:00:01'),
(23124, 8, 32137, 2, '2023-06-22', 7, '2023-06-22 16:00:07'),
(23125, 8, 32138, 2, '2023-06-22', 7, '2023-06-22 16:00:13'),
(23126, 8, 32139, 2, '2023-06-22', 7, '2023-06-22 16:00:19'),
(23127, 8, 32140, 2, '2023-06-22', 7, '2023-06-22 16:00:25'),
(23128, 8, 32141, 2, '2023-06-22', 7, '2023-06-22 18:00:02'),
(23129, 8, 32142, 2, '2023-06-22', 7, '2023-06-22 18:00:07'),
(23130, 8, 32143, 2, '2023-06-22', 7, '2023-06-22 18:00:13'),
(23131, 8, 32144, 2, '2023-06-22', 7, '2023-06-22 20:00:02'),
(23132, 8, 32145, 2, '2023-06-22', 7, '2023-06-22 22:00:01'),
(23133, 8, 32146, 2, '2023-06-23', 7, '2023-06-23 00:00:01'),
(23134, 8, 32147, 2, '2023-06-23', 7, '2023-06-23 00:00:06'),
(23135, 8, 32148, 2, '2023-06-23', 7, '2023-06-23 00:00:12'),
(23136, 8, 32149, 2, '2023-06-23', 7, '2023-06-23 00:00:19'),
(23137, 8, 32150, 2, '2023-06-23', 7, '2023-06-23 12:00:02'),
(23138, 8, 32151, 2, '2023-06-23', 7, '2023-06-23 12:00:07'),
(23139, 8, 32152, 2, '2023-06-23', 7, '2023-06-23 12:00:14'),
(23140, 8, 32153, 2, '2023-06-23', 7, '2023-06-23 14:00:02'),
(23141, 8, 32154, 2, '2023-06-23', 7, '2023-06-23 14:00:08'),
(23142, 8, 32155, 2, '2023-06-23', 7, '2023-06-23 16:00:01'),
(23143, 8, 32156, 2, '2023-06-23', 7, '2023-06-23 16:00:08'),
(23144, 8, 32157, 2, '2023-06-23', 7, '2023-06-23 16:00:14'),
(23145, 8, 32158, 2, '2023-06-23', 7, '2023-06-23 16:00:20'),
(23146, 8, 32159, 2, '2023-06-23', 7, '2023-06-23 16:00:26'),
(23147, 8, 32160, 2, '2023-06-23', 7, '2023-06-23 16:00:32'),
(23148, 8, 32161, 2, '2023-06-23', 7, '2023-06-23 18:00:01'),
(23149, 8, 32162, 2, '2023-06-23', 7, '2023-06-23 18:00:11'),
(23150, 8, 32163, 2, '2023-06-23', 7, '2023-06-23 18:00:24'),
(23151, 8, 32164, 2, '2023-06-23', 7, '2023-06-23 20:00:01'),
(23152, 8, 32165, 2, '2023-06-23', 7, '2023-06-23 22:00:01'),
(23153, 8, 32166, 2, '2023-06-23', 7, '2023-06-23 22:00:09'),
(23154, 8, 32167, 2, '2023-06-23', 7, '2023-06-23 22:00:16'),
(23155, 8, 32168, 2, '2023-06-23', 7, '2023-06-23 22:00:22'),
(23156, 8, 32169, 2, '2023-06-23', 7, '2023-06-23 22:00:29'),
(23157, 8, 32170, 2, '2023-06-23', 7, '2023-06-23 22:00:35'),
(23158, 8, 32171, 2, '2023-06-23', 7, '2023-06-23 22:00:41'),
(23159, 8, 32172, 2, '2023-06-24', 7, '2023-06-24 00:00:01'),
(23160, 8, 32173, 2, '2023-06-24', 7, '2023-06-24 10:00:01'),
(23161, 8, 32174, 2, '2023-06-24', 7, '2023-06-24 12:00:01'),
(23162, 8, 32175, 2, '2023-06-24', 7, '2023-06-24 14:00:02'),
(23163, 8, 32176, 2, '2023-06-24', 7, '2023-06-24 16:00:02'),
(23164, 8, 32177, 2, '2023-06-24', 7, '2023-06-24 16:00:08'),
(23165, 8, 32178, 2, '2023-06-24', 7, '2023-06-24 16:00:14'),
(23166, 8, 32179, 2, '2023-06-24', 7, '2023-06-24 16:00:20'),
(23167, 8, 32180, 2, '2023-06-24', 7, '2023-06-24 16:00:26'),
(23168, 8, 32181, 2, '2023-06-24', 7, '2023-06-24 16:00:32'),
(23169, 8, 32182, 2, '2023-06-24', 7, '2023-06-24 20:00:01'),
(23170, 8, 32183, 2, '2023-06-24', 7, '2023-06-24 22:00:02'),
(23171, 8, 32184, 2, '2023-06-24', 7, '2023-06-24 22:00:07'),
(23172, 8, 32185, 2, '2023-06-24', 7, '2023-06-24 22:00:13'),
(23173, 8, 32186, 2, '2023-06-24', 7, '2023-06-24 22:00:19'),
(23174, 8, 32187, 2, '2023-06-25', 7, '2023-06-25 00:00:02'),
(23175, 8, 32188, 2, '2023-06-25', 7, '2023-06-25 00:00:07'),
(23176, 8, 32189, 2, '2023-06-25', 7, '2023-06-25 00:00:13'),
(23177, 8, 32190, 2, '2023-06-25', 7, '2023-06-25 00:00:19'),
(23178, 8, 32191, 2, '2023-06-25', 7, '2023-06-25 12:00:01'),
(23179, 8, 32192, 2, '2023-06-25', 7, '2023-06-25 14:00:02'),
(23180, 8, 32193, 2, '2023-06-25', 7, '2023-06-25 14:00:08'),
(23181, 8, 32194, 2, '2023-06-25', 7, '2023-06-25 16:00:02'),
(23182, 8, 32195, 2, '2023-06-25', 7, '2023-06-25 16:00:07'),
(23183, 8, 32196, 2, '2023-06-25', 7, '2023-06-25 20:00:02'),
(23184, 8, 32197, 2, '2023-06-26', 7, '2023-06-26 12:00:02'),
(23185, 8, 32198, 2, '2023-06-26', 7, '2023-06-26 14:00:01'),
(23186, 8, 32199, 2, '2023-06-26', 7, '2023-06-26 16:00:02'),
(23187, 8, 32200, 2, '2023-06-26', 7, '2023-06-26 16:00:08'),
(23188, 8, 32201, 2, '2023-06-26', 7, '2023-06-26 16:00:14'),
(23189, 8, 32202, 2, '2023-06-26', 7, '2023-06-26 16:00:20'),
(23190, 8, 32203, 2, '2023-06-26', 7, '2023-06-26 16:00:26'),
(23191, 8, 32204, 2, '2023-06-26', 7, '2023-06-26 16:00:32'),
(23192, 8, 32205, 2, '2023-06-26', 7, '2023-06-26 18:00:03'),
(23193, 8, 32206, 2, '2023-06-26', 7, '2023-06-26 18:00:08'),
(23194, 8, 32207, 2, '2023-06-26', 7, '2023-06-26 18:00:14'),
(23195, 8, 32208, 2, '2023-06-26', 7, '2023-06-26 18:00:20'),
(23196, 8, 32209, 2, '2023-06-26', 7, '2023-06-26 18:00:26'),
(23197, 8, 32210, 2, '2023-06-26', 7, '2023-06-26 18:00:32'),
(23198, 8, 32211, 2, '2023-06-26', 7, '2023-06-26 18:00:38'),
(23199, 8, 32212, 2, '2023-06-26', 7, '2023-06-26 20:00:01'),
(23200, 8, 32213, 2, '2023-06-26', 7, '2023-06-26 20:00:07'),
(23201, 8, 32214, 2, '2023-06-26', 7, '2023-06-26 20:00:13'),
(23202, 8, 32215, 2, '2023-06-26', 7, '2023-06-26 22:00:03'),
(23203, 8, 32216, 2, '2023-06-27', 7, '2023-06-27 12:00:01'),
(23204, 8, 32217, 2, '2023-06-27', 7, '2023-06-27 14:00:01'),
(23205, 8, 32218, 2, '2023-06-27', 7, '2023-06-27 14:00:07'),
(23206, 8, 32219, 2, '2023-06-27', 7, '2023-06-27 14:00:13'),
(23207, 8, 32220, 2, '2023-06-27', 7, '2023-06-27 16:00:02'),
(23208, 8, 32221, 2, '2023-06-27', 7, '2023-06-27 16:00:08'),
(23209, 8, 32222, 2, '2023-06-27', 7, '2023-06-27 16:00:14'),
(23210, 8, 32223, 2, '2023-06-27', 7, '2023-06-27 16:00:20'),
(23211, 8, 32224, 2, '2023-06-27', 7, '2023-06-27 16:00:26'),
(23212, 8, 32225, 2, '2023-06-27', 7, '2023-06-27 16:00:32'),
(23213, 8, 32226, 2, '2023-06-27', 7, '2023-06-27 16:00:38'),
(23214, 8, 32227, 2, '2023-06-27', 7, '2023-06-27 16:00:44'),
(23215, 8, 32228, 2, '2023-06-27', 7, '2023-06-27 16:00:50'),
(23216, 8, 32229, 2, '2023-06-27', 7, '2023-06-27 18:00:02'),
(23217, 8, 32230, 2, '2023-06-27', 7, '2023-06-27 18:00:07'),
(23218, 8, 32231, 2, '2023-06-27', 7, '2023-06-27 18:00:13'),
(23219, 8, 32232, 2, '2023-06-27', 7, '2023-06-27 18:00:19'),
(23220, 8, 32233, 2, '2023-06-27', 7, '2023-06-27 18:00:25'),
(23221, 8, 32234, 2, '2023-06-27', 7, '2023-06-27 18:00:31'),
(23222, 8, 32235, 2, '2023-06-27', 7, '2023-06-27 18:00:37'),
(23223, 8, 32236, 2, '2023-06-27', 7, '2023-06-27 18:00:43'),
(23224, 8, 32237, 2, '2023-06-27', 7, '2023-06-27 18:00:49'),
(23225, 8, 32238, 2, '2023-06-27', 7, '2023-06-27 18:00:55'),
(23226, 8, 32239, 2, '2023-06-27', 7, '2023-06-27 20:00:02'),
(23227, 8, 32240, 2, '2023-06-27', 7, '2023-06-27 20:00:07'),
(23228, 8, 32241, 2, '2023-06-27', 7, '2023-06-27 20:00:13'),
(23229, 8, 32242, 2, '2023-06-27', 7, '2023-06-27 20:00:19'),
(23230, 8, 32243, 2, '2023-06-27', 7, '2023-06-27 22:00:01'),
(23231, 8, 32244, 2, '2023-06-27', 7, '2023-06-27 22:00:09'),
(23232, 8, 32245, 2, '2023-06-27', 7, '2023-06-27 22:00:15'),
(23233, 8, 32246, 2, '2023-06-27', 7, '2023-06-27 22:00:21'),
(23234, 8, 32247, 2, '2023-06-28', 7, '2023-06-28 00:00:01'),
(23235, 8, 32248, 2, '2023-06-28', 7, '2023-06-28 00:00:09'),
(23236, 8, 32249, 2, '2023-06-28', 7, '2023-06-28 00:00:27'),
(23237, 8, 32250, 2, '2023-06-28', 7, '2023-06-28 00:00:33'),
(23238, 8, 32251, 2, '2023-06-28', 7, '2023-06-28 00:00:39'),
(23239, 8, 32252, 2, '2023-06-28', 7, '2023-06-28 00:00:45'),
(23240, 8, 32253, 2, '2023-06-28', 7, '2023-06-28 00:00:51'),
(23241, 8, 32254, 2, '2023-06-28', 7, '2023-06-28 00:00:57'),
(23242, 8, 32255, 2, '2023-06-28', 7, '2023-06-28 10:00:02'),
(23243, 8, 32256, 2, '2023-06-28', 7, '2023-06-28 10:00:07'),
(23244, 8, 32257, 2, '2023-06-28', 7, '2023-06-28 12:00:03'),
(23245, 8, 32258, 2, '2023-06-28', 7, '2023-06-28 12:00:08'),
(23246, 8, 32259, 2, '2023-06-28', 7, '2023-06-28 16:00:02'),
(23247, 8, 32260, 2, '2023-06-28', 7, '2023-06-28 16:00:07'),
(23248, 8, 32261, 2, '2023-06-28', 7, '2023-06-28 16:00:13'),
(23249, 8, 32262, 2, '2023-06-28', 7, '2023-06-28 16:00:19'),
(23250, 8, 32263, 2, '2023-06-28', 7, '2023-06-28 16:00:25'),
(23251, 8, 32264, 2, '2023-06-28', 7, '2023-06-28 16:00:31'),
(23252, 8, 32265, 2, '2023-06-28', 7, '2023-06-28 18:00:01'),
(23253, 8, 32266, 2, '2023-06-28', 7, '2023-06-28 18:00:07'),
(23254, 8, 32267, 2, '2023-06-28', 7, '2023-06-28 20:00:02'),
(23255, 8, 32268, 2, '2023-06-28', 7, '2023-06-28 20:00:07'),
(23256, 8, 32269, 2, '2023-06-28', 7, '2023-06-28 20:00:13'),
(23257, 8, 32270, 2, '2023-06-28', 7, '2023-06-28 22:00:01'),
(23258, 8, 32271, 2, '2023-06-28', 7, '2023-06-28 22:00:10'),
(23259, 8, 32272, 2, '2023-06-28', 7, '2023-06-28 22:00:16'),
(23260, 8, 32273, 2, '2023-06-28', 7, '2023-06-28 22:00:22'),
(23261, 8, 32274, 2, '2023-06-28', 7, '2023-06-28 22:00:28'),
(23262, 8, 32275, 2, '2023-06-29', 7, '2023-06-29 00:00:02'),
(23263, 8, 32276, 2, '2023-06-29', 7, '2023-06-29 10:00:02'),
(23264, 8, 32277, 2, '2023-06-29', 7, '2023-06-29 14:00:02'),
(23265, 8, 32278, 2, '2023-06-29', 7, '2023-06-29 16:00:01'),
(23266, 8, 32279, 2, '2023-06-29', 7, '2023-06-29 16:00:07'),
(23267, 8, 32280, 2, '2023-06-29', 7, '2023-06-29 16:00:13'),
(23268, 8, 32281, 2, '2023-06-29', 7, '2023-06-29 16:00:19'),
(23269, 8, 32282, 2, '2023-06-29', 7, '2023-06-29 16:00:25'),
(23270, 8, 32283, 2, '2023-06-29', 7, '2023-06-29 18:00:02'),
(23271, 8, 32284, 2, '2023-06-29', 7, '2023-06-29 18:00:07'),
(23272, 8, 32285, 2, '2023-06-29', 7, '2023-06-29 18:00:13'),
(23273, 8, 32286, 2, '2023-06-29', 7, '2023-06-29 18:00:19'),
(23274, 8, 32287, 2, '2023-06-29', 7, '2023-06-29 18:00:25'),
(23275, 8, 32288, 2, '2023-06-29', 7, '2023-06-29 18:00:31'),
(23276, 8, 32289, 2, '2023-06-29', 7, '2023-06-29 18:00:37'),
(23277, 8, 32290, 2, '2023-06-29', 7, '2023-06-29 18:00:43'),
(23278, 8, 32291, 2, '2023-06-29', 7, '2023-06-29 18:00:49'),
(23279, 8, 32292, 2, '2023-06-29', 7, '2023-06-29 20:00:01'),
(23280, 8, 32293, 2, '2023-06-29', 7, '2023-06-29 20:00:07'),
(23281, 8, 32294, 2, '2023-06-29', 7, '2023-06-29 20:00:13'),
(23282, 8, 32295, 2, '2023-06-29', 7, '2023-06-29 20:00:19'),
(23283, 8, 32296, 2, '2023-06-29', 7, '2023-06-29 20:00:25'),
(23284, 8, 32297, 2, '2023-06-29', 7, '2023-06-29 20:00:31'),
(23285, 8, 32298, 2, '2023-06-29', 7, '2023-06-29 20:00:37'),
(23286, 8, 32299, 2, '2023-06-29', 7, '2023-06-29 20:00:43'),
(23287, 8, 32300, 2, '2023-06-29', 7, '2023-06-29 20:00:49'),
(23288, 8, 32301, 2, '2023-06-29', 7, '2023-06-29 20:00:55'),
(23289, 8, 32302, 2, '2023-06-29', 7, '2023-06-29 20:01:01'),
(23290, 8, 32303, 2, '2023-06-29', 7, '2023-06-29 20:01:07'),
(23291, 8, 32304, 2, '2023-06-29', 7, '2023-06-29 22:00:01'),
(23292, 8, 32305, 2, '2023-06-30', 7, '2023-06-30 00:00:02'),
(23293, 8, 32306, 2, '2023-06-30', 7, '2023-06-30 00:00:08'),
(23294, 8, 32307, 2, '2023-06-30', 7, '2023-06-30 00:00:14'),
(23295, 8, 32308, 2, '2023-06-30', 7, '2023-06-30 10:00:02'),
(23296, 8, 32309, 2, '2023-06-30', 7, '2023-06-30 12:00:02'),
(23297, 8, 32310, 2, '2023-06-30', 7, '2023-06-30 12:00:07'),
(23298, 8, 32311, 2, '2023-06-30', 7, '2023-06-30 12:00:13'),
(23299, 8, 32312, 2, '2023-06-30', 7, '2023-06-30 12:00:19'),
(23300, 8, 32313, 2, '2023-06-30', 7, '2023-06-30 14:00:02'),
(23301, 8, 32314, 2, '2023-06-30', 7, '2023-06-30 14:00:07'),
(23302, 8, 32315, 2, '2023-06-30', 7, '2023-06-30 14:00:13'),
(23303, 8, 32316, 2, '2023-06-30', 7, '2023-06-30 16:00:01'),
(23304, 8, 32317, 2, '2023-06-30', 7, '2023-06-30 16:00:07'),
(23305, 8, 32318, 2, '2023-06-30', 7, '2023-06-30 16:00:13'),
(23306, 8, 32319, 2, '2023-06-30', 7, '2023-06-30 18:00:02'),
(23307, 8, 32320, 2, '2023-06-30', 7, '2023-06-30 18:00:08'),
(23308, 8, 32321, 2, '2023-06-30', 7, '2023-06-30 18:00:14'),
(23309, 8, 32322, 2, '2023-06-30', 7, '2023-06-30 18:00:20'),
(23310, 8, 32323, 2, '2023-06-30', 7, '2023-06-30 18:00:26'),
(23311, 8, 32324, 2, '2023-06-30', 7, '2023-06-30 18:00:32'),
(23312, 8, 32325, 2, '2023-06-30', 7, '2023-06-30 18:00:38'),
(23313, 8, 32326, 2, '2023-06-30', 7, '2023-06-30 18:00:44'),
(23314, 8, 32327, 2, '2023-06-30', 7, '2023-06-30 18:00:50'),
(23315, 8, 32328, 2, '2023-06-30', 7, '2023-06-30 20:00:02'),
(23316, 8, 32329, 2, '2023-06-30', 7, '2023-06-30 20:00:07'),
(23317, 8, 32330, 2, '2023-06-30', 7, '2023-06-30 20:00:13'),
(23318, 8, 32331, 2, '2023-06-30', 7, '2023-06-30 20:00:19'),
(23319, 8, 32332, 2, '2023-06-30', 7, '2023-06-30 22:00:02'),
(23320, 8, 32333, 2, '2023-06-30', 7, '2023-06-30 22:00:07'),
(23321, 8, 32334, 2, '2023-06-30', 7, '2023-06-30 22:00:13'),
(23322, 8, 32335, 2, '2023-06-30', 7, '2023-06-30 22:00:19'),
(23323, 8, 32336, 2, '2023-06-30', 7, '2023-06-30 22:00:25'),
(23324, 8, 32337, 2, '2023-07-01', 7, '2023-07-01 00:00:03'),
(23325, 8, 32338, 2, '2023-07-01', 7, '2023-07-01 00:00:13'),
(23326, 8, 32339, 2, '2023-07-01', 7, '2023-07-01 00:00:19'),
(23327, 8, 32340, 2, '2023-07-01', 7, '2023-07-01 14:00:01'),
(23328, 8, 32341, 2, '2023-07-01', 7, '2023-07-01 16:00:01'),
(23329, 8, 32342, 2, '2023-07-01', 7, '2023-07-01 18:00:01'),
(23330, 8, 32343, 2, '2023-07-01', 7, '2023-07-01 18:00:07'),
(23331, 8, 32344, 2, '2023-07-01', 7, '2023-07-01 18:00:13'),
(23332, 8, 32345, 2, '2023-07-01', 7, '2023-07-01 18:00:19'),
(23333, 8, 32346, 2, '2023-07-01', 7, '2023-07-01 20:00:03'),
(23334, 8, 32347, 2, '2023-07-01', 7, '2023-07-01 20:00:08'),
(23335, 8, 32348, 2, '2023-07-01', 7, '2023-07-01 20:00:14'),
(23336, 8, 32349, 2, '2023-07-01', 7, '2023-07-01 20:00:20'),
(23337, 8, 32350, 2, '2023-07-01', 7, '2023-07-01 22:00:02'),
(23338, 8, 32351, 2, '2023-07-01', 7, '2023-07-01 22:00:08'),
(23339, 8, 32352, 2, '2023-07-01', 7, '2023-07-01 22:00:14'),
(23340, 8, 32353, 2, '2023-07-02', 7, '2023-07-02 00:00:01'),
(23341, 8, 32354, 2, '2023-07-02', 7, '2023-07-02 14:00:01'),
(23342, 8, 32355, 2, '2023-07-02', 7, '2023-07-02 14:00:07'),
(23343, 8, 32356, 2, '2023-07-02', 7, '2023-07-02 16:00:02'),
(23344, 8, 32357, 2, '2023-07-02', 7, '2023-07-02 16:00:07'),
(23345, 8, 32358, 2, '2023-07-02', 7, '2023-07-02 16:00:13'),
(23346, 8, 32359, 2, '2023-07-02', 7, '2023-07-02 16:00:19'),
(23347, 8, 32360, 2, '2023-07-02', 7, '2023-07-02 16:00:25'),
(23348, 8, 32361, 2, '2023-07-02', 7, '2023-07-02 16:00:31'),
(23349, 8, 32362, 2, '2023-07-02', 7, '2023-07-02 18:00:02'),
(23350, 8, 32363, 2, '2023-07-03', 7, '2023-07-03 10:00:01'),
(23351, 8, 32364, 2, '2023-07-03', 7, '2023-07-03 10:00:07'),
(23352, 8, 32365, 2, '2023-07-03', 7, '2023-07-03 12:00:01'),
(23353, 8, 32366, 2, '2023-07-03', 7, '2023-07-03 12:00:08'),
(23354, 8, 32367, 2, '2023-07-03', 7, '2023-07-03 12:00:14'),
(23355, 8, 32368, 2, '2023-07-03', 7, '2023-07-03 14:00:01'),
(23356, 8, 32369, 2, '2023-07-03', 7, '2023-07-03 14:00:07'),
(23357, 8, 32370, 2, '2023-07-03', 7, '2023-07-03 16:00:02'),
(23358, 8, 32371, 2, '2023-07-03', 7, '2023-07-03 18:00:02'),
(23359, 8, 32372, 2, '2023-07-03', 7, '2023-07-03 18:00:08'),
(23360, 8, 32373, 2, '2023-07-03', 7, '2023-07-03 18:00:14'),
(23361, 8, 32374, 2, '2023-07-03', 7, '2023-07-03 18:00:20'),
(23362, 8, 32375, 2, '2023-07-03', 7, '2023-07-03 18:00:26'),
(23363, 8, 32376, 2, '2023-07-03', 7, '2023-07-03 22:00:02'),
(23364, 8, 32377, 2, '2023-07-03', 7, '2023-07-03 22:00:08'),
(23365, 8, 32378, 2, '2023-07-03', 7, '2023-07-03 22:00:14'),
(23366, 8, 32379, 2, '2023-07-03', 7, '2023-07-03 22:00:20'),
(23367, 8, 32380, 2, '2023-07-04', 7, '2023-07-04 00:00:02'),
(23368, 8, 32381, 2, '2023-07-04', 7, '2023-07-04 10:00:01'),
(23369, 8, 32382, 2, '2023-07-04', 7, '2023-07-04 10:00:07'),
(23370, 8, 32383, 2, '2023-07-04', 7, '2023-07-04 12:00:02'),
(23371, 8, 32384, 2, '2023-07-04', 7, '2023-07-04 12:00:07'),
(23372, 8, 32385, 2, '2023-07-04', 7, '2023-07-04 14:00:01'),
(23373, 8, 32386, 2, '2023-07-04', 7, '2023-07-04 14:00:06'),
(23374, 8, 32387, 2, '2023-07-04', 7, '2023-07-04 14:00:12'),
(23375, 8, 32388, 2, '2023-07-04', 7, '2023-07-04 14:00:18'),
(23376, 8, 32389, 2, '2023-07-04', 7, '2023-07-04 14:00:24'),
(23377, 8, 32390, 2, '2023-07-04', 7, '2023-07-04 16:00:01'),
(23378, 8, 32391, 2, '2023-07-04', 7, '2023-07-04 16:00:07'),
(23379, 8, 32392, 2, '2023-07-04', 7, '2023-07-04 18:00:03'),
(23380, 8, 32393, 2, '2023-07-04', 7, '2023-07-04 18:00:08'),
(23381, 8, 32394, 2, '2023-07-04', 7, '2023-07-04 18:00:14'),
(23382, 8, 32395, 2, '2023-07-04', 7, '2023-07-04 22:00:02'),
(23383, 8, 32396, 2, '2023-07-04', 7, '2023-07-04 22:00:07'),
(23384, 8, 32397, 2, '2023-07-05', 7, '2023-07-05 00:00:02'),
(23385, 8, 32398, 2, '2023-07-05', 7, '2023-07-05 00:00:10'),
(23386, 8, 32399, 2, '2023-07-05', 7, '2023-07-05 10:00:02'),
(23387, 8, 32400, 2, '2023-07-05', 7, '2023-07-05 10:00:07'),
(23388, 8, 32401, 2, '2023-07-05', 7, '2023-07-05 10:00:13'),
(23389, 8, 32402, 2, '2023-07-05', 7, '2023-07-05 12:00:02'),
(23390, 8, 32403, 2, '2023-07-05', 7, '2023-07-05 12:00:07'),
(23391, 8, 32404, 2, '2023-07-05', 7, '2023-07-05 12:00:13'),
(23392, 8, 32405, 2, '2023-07-05', 7, '2023-07-05 12:00:19'),
(23393, 8, 32406, 2, '2023-07-05', 7, '2023-07-05 12:00:25'),
(23394, 8, 32407, 2, '2023-07-05', 7, '2023-07-05 14:00:01'),
(23395, 8, 32408, 2, '2023-07-05', 7, '2023-07-05 14:00:07'),
(23396, 8, 32409, 2, '2023-07-05', 7, '2023-07-05 14:00:13'),
(23397, 8, 32410, 2, '2023-07-05', 7, '2023-07-05 14:00:19'),
(23398, 8, 32411, 2, '2023-07-05', 7, '2023-07-05 14:00:25'),
(23399, 8, 32412, 2, '2023-07-05', 7, '2023-07-05 16:00:01'),
(23400, 8, 32413, 2, '2023-07-05', 7, '2023-07-05 16:00:07'),
(23401, 8, 32414, 2, '2023-07-05', 7, '2023-07-05 18:00:03'),
(23402, 8, 32415, 2, '2023-07-05', 7, '2023-07-05 18:00:08'),
(23403, 8, 32416, 2, '2023-07-05', 7, '2023-07-05 18:00:14'),
(23404, 8, 32417, 2, '2023-07-05', 7, '2023-07-05 18:00:20'),
(23405, 8, 32418, 2, '2023-07-05', 7, '2023-07-05 18:00:26'),
(23406, 8, 32419, 2, '2023-07-05', 7, '2023-07-05 18:00:32'),
(23407, 8, 32420, 2, '2023-07-05', 7, '2023-07-05 20:00:01'),
(23408, 8, 32421, 2, '2023-07-05', 7, '2023-07-05 20:00:07'),
(23409, 8, 32422, 2, '2023-07-05', 7, '2023-07-05 20:00:13'),
(23410, 8, 32423, 2, '2023-07-05', 7, '2023-07-05 22:00:01'),
(23411, 8, 32424, 2, '2023-07-06', 7, '2023-07-06 00:00:02'),
(23412, 8, 32425, 2, '2023-07-06', 7, '2023-07-06 00:00:08'),
(23413, 8, 32426, 2, '2023-07-06', 7, '2023-07-06 00:00:14'),
(23414, 8, 32427, 2, '2023-07-06', 7, '2023-07-06 00:00:20'),
(23415, 8, 32428, 2, '2023-07-06', 7, '2023-07-06 00:00:26'),
(23416, 8, 32429, 2, '2023-07-06', 7, '2023-07-06 00:00:32'),
(23417, 8, 32430, 2, '2023-07-06', 7, '2023-07-06 00:00:38'),
(23418, 8, 32431, 2, '2023-07-06', 7, '2023-07-06 02:00:03'),
(23419, 8, 32432, 2, '2023-07-06', 7, '2023-07-06 10:00:01'),
(23420, 8, 32433, 2, '2023-07-06', 7, '2023-07-06 10:00:07'),
(23421, 8, 32434, 2, '2023-07-06', 7, '2023-07-06 12:00:02'),
(23422, 8, 32435, 2, '2023-07-06', 7, '2023-07-06 12:00:07'),
(23423, 8, 32436, 2, '2023-07-06', 7, '2023-07-06 12:00:13'),
(23424, 8, 32437, 2, '2023-07-06', 7, '2023-07-06 12:00:19'),
(23425, 8, 32438, 2, '2023-07-06', 7, '2023-07-06 14:00:01'),
(23426, 8, 32439, 2, '2023-07-06', 7, '2023-07-06 14:00:07'),
(23427, 8, 32440, 2, '2023-07-06', 7, '2023-07-06 14:00:13'),
(23428, 8, 32441, 2, '2023-07-06', 7, '2023-07-06 14:00:19'),
(23429, 8, 32442, 2, '2023-07-06', 7, '2023-07-06 14:00:25');
INSERT INTO `campaigns_push_send` (`id_push_send`, `id_detail`, `id_subscriber`, `id_list`, `date_send`, `id_user`, `create_date`) VALUES
(23430, 8, 32443, 2, '2023-07-06', 7, '2023-07-06 14:00:31'),
(23431, 8, 32444, 2, '2023-07-06', 7, '2023-07-06 14:00:37'),
(23432, 8, 32445, 2, '2023-07-06', 7, '2023-07-06 20:00:03'),
(23433, 8, 32446, 2, '2023-07-06', 7, '2023-07-06 20:00:08'),
(23434, 8, 32447, 2, '2023-07-06', 7, '2023-07-06 20:00:14'),
(23435, 8, 32448, 2, '2023-07-06', 7, '2023-07-06 20:00:20'),
(23436, 8, 32449, 2, '2023-07-06', 7, '2023-07-06 20:00:26'),
(23437, 8, 32450, 2, '2023-07-06', 7, '2023-07-06 20:00:32'),
(23438, 8, 32451, 2, '2023-07-06', 7, '2023-07-06 20:00:38'),
(23439, 8, 32452, 2, '2023-07-06', 7, '2023-07-06 20:00:44'),
(23440, 8, 32453, 2, '2023-07-06', 7, '2023-07-06 20:00:50'),
(23441, 8, 32454, 2, '2023-07-06', 7, '2023-07-06 22:00:01'),
(23442, 8, 32455, 2, '2023-07-06', 7, '2023-07-06 22:00:06'),
(23443, 8, 32456, 2, '2023-07-06', 7, '2023-07-06 22:00:12'),
(23444, 8, 32457, 2, '2023-07-07', 7, '2023-07-07 00:00:02'),
(23445, 8, 32458, 2, '2023-07-07', 7, '2023-07-07 00:00:08'),
(23446, 8, 32459, 2, '2023-07-07', 7, '2023-07-07 00:00:14'),
(23447, 8, 32460, 2, '2023-07-07', 7, '2023-07-07 10:00:02'),
(23448, 8, 32461, 2, '2023-07-07', 7, '2023-07-07 12:00:02'),
(23449, 8, 32462, 2, '2023-07-07', 7, '2023-07-07 12:00:07'),
(23450, 8, 32463, 2, '2023-07-07', 7, '2023-07-07 14:00:02'),
(23451, 8, 32464, 2, '2023-07-07', 7, '2023-07-07 14:00:07'),
(23452, 8, 32465, 2, '2023-07-07', 7, '2023-07-07 16:00:01'),
(23453, 8, 32466, 2, '2023-07-07', 7, '2023-07-07 16:00:08'),
(23454, 8, 32467, 2, '2023-07-07', 7, '2023-07-07 16:00:15'),
(23455, 8, 32468, 2, '2023-07-07', 7, '2023-07-07 16:00:21'),
(23456, 8, 32469, 2, '2023-07-07', 7, '2023-07-07 18:00:02'),
(23457, 8, 32470, 2, '2023-07-07', 7, '2023-07-07 18:00:09'),
(23458, 8, 32471, 2, '2023-07-07', 7, '2023-07-07 18:00:15'),
(23459, 8, 32472, 2, '2023-07-07', 7, '2023-07-07 18:00:21'),
(23460, 8, 32473, 2, '2023-07-07', 7, '2023-07-07 20:00:02'),
(23461, 8, 32474, 2, '2023-07-07', 7, '2023-07-07 20:00:08'),
(23462, 8, 32475, 2, '2023-07-07', 7, '2023-07-07 20:00:14'),
(23463, 8, 32476, 2, '2023-07-07', 7, '2023-07-07 22:00:01'),
(23464, 8, 32477, 2, '2023-07-07', 7, '2023-07-07 22:00:07'),
(23465, 8, 32478, 2, '2023-07-07', 7, '2023-07-07 22:00:13'),
(23466, 8, 32479, 2, '2023-07-07', 7, '2023-07-07 22:00:19'),
(23467, 8, 32480, 2, '2023-07-07', 7, '2023-07-07 22:00:25'),
(23468, 8, 32481, 2, '2023-07-08', 7, '2023-07-08 10:00:02'),
(23469, 8, 32482, 2, '2023-07-08', 7, '2023-07-08 12:00:02'),
(23470, 8, 32483, 2, '2023-07-08', 7, '2023-07-08 14:00:07'),
(23471, 8, 32484, 2, '2023-07-08', 7, '2023-07-08 14:00:13'),
(23472, 8, 32485, 2, '2023-07-08', 7, '2023-07-08 14:00:19'),
(23473, 8, 32486, 2, '2023-07-08', 7, '2023-07-08 16:00:07'),
(23474, 8, 32487, 2, '2023-07-08', 7, '2023-07-08 16:00:13'),
(23475, 8, 32488, 2, '2023-07-08', 7, '2023-07-08 16:00:19'),
(23476, 8, 32489, 2, '2023-07-08', 7, '2023-07-08 16:00:25'),
(23477, 8, 32490, 2, '2023-07-08', 7, '2023-07-08 18:00:07'),
(23478, 8, 32491, 2, '2023-07-08', 7, '2023-07-08 18:00:13'),
(23479, 8, 32492, 2, '2023-07-08', 7, '2023-07-08 18:00:19'),
(23480, 8, 32493, 2, '2023-07-08', 7, '2023-07-08 20:00:07'),
(23481, 8, 32494, 2, '2023-07-08', 7, '2023-07-08 20:00:13'),
(23482, 8, 32495, 2, '2023-07-08', 7, '2023-07-08 20:00:20'),
(23483, 8, 32496, 2, '2023-07-08', 7, '2023-07-08 20:00:26'),
(23484, 8, 32497, 2, '2023-07-08', 7, '2023-07-08 22:00:07'),
(23485, 8, 32498, 2, '2023-07-08', 7, '2023-07-08 22:00:13'),
(23486, 8, 32499, 2, '2023-07-08', 7, '2023-07-08 22:00:19'),
(23487, 8, 32500, 2, '2023-07-09', 7, '2023-07-09 00:00:12'),
(23488, 8, 32501, 2, '2023-07-09', 7, '2023-07-09 12:00:08'),
(23489, 8, 32502, 2, '2023-07-09', 7, '2023-07-09 16:00:07'),
(23490, 8, 32503, 2, '2023-07-09', 7, '2023-07-09 18:00:08'),
(23491, 8, 32504, 2, '2023-07-09', 7, '2023-07-09 20:00:07'),
(23492, 8, 32505, 2, '2023-07-09', 7, '2023-07-09 20:00:13'),
(23493, 8, 32506, 2, '2023-07-09', 7, '2023-07-09 20:00:19'),
(23494, 8, 32507, 2, '2023-07-09', 7, '2023-07-09 20:00:25'),
(23495, 8, 32508, 2, '2023-07-10', 7, '2023-07-10 00:00:02'),
(23496, 8, 32509, 2, '2023-07-10', 7, '2023-07-10 10:00:02'),
(23497, 8, 32510, 2, '2023-07-10', 7, '2023-07-10 12:00:02'),
(23498, 8, 32511, 2, '2023-07-10', 7, '2023-07-10 12:00:35'),
(23499, 8, 32512, 2, '2023-07-10', 7, '2023-07-10 12:01:07'),
(23500, 8, 32513, 2, '2023-07-10', 7, '2023-07-10 12:01:39'),
(23501, 8, 32514, 2, '2023-07-10', 7, '2023-07-10 12:02:12'),
(23502, 8, 32515, 2, '2023-07-10', 7, '2023-07-10 14:00:02'),
(23503, 8, 32516, 2, '2023-07-10', 7, '2023-07-10 14:00:09'),
(23504, 8, 32517, 2, '2023-07-10', 7, '2023-07-10 18:00:02'),
(23505, 8, 32518, 2, '2023-07-10', 7, '2023-07-10 18:00:08'),
(23506, 8, 32519, 2, '2023-07-10', 7, '2023-07-10 20:00:01'),
(23507, 8, 32520, 2, '2023-07-10', 7, '2023-07-10 20:00:07'),
(23508, 8, 32521, 2, '2023-07-10', 7, '2023-07-10 20:00:13'),
(23509, 8, 32522, 2, '2023-07-10', 7, '2023-07-10 20:00:19'),
(23510, 8, 32523, 2, '2023-07-10', 7, '2023-07-10 20:00:25'),
(23511, 8, 32524, 2, '2023-07-10', 7, '2023-07-10 22:00:02'),
(23512, 8, 32525, 2, '2023-07-10', 7, '2023-07-10 22:00:07'),
(23513, 8, 32526, 2, '2023-07-10', 7, '2023-07-10 22:00:13'),
(23514, 8, 32527, 2, '2023-07-10', 7, '2023-07-10 22:00:19'),
(23515, 8, 32528, 2, '2023-07-10', 7, '2023-07-10 22:00:26'),
(23516, 8, 32529, 2, '2023-07-10', 7, '2023-07-10 22:00:32'),
(23517, 8, 32530, 2, '2023-07-10', 7, '2023-07-10 22:00:38'),
(23518, 8, 32531, 2, '2023-07-10', 7, '2023-07-10 22:00:44'),
(23519, 8, 32532, 2, '2023-07-10', 7, '2023-07-10 22:00:50'),
(23520, 8, 32533, 2, '2023-07-11', 7, '2023-07-11 10:00:01'),
(23521, 8, 32534, 2, '2023-07-11', 7, '2023-07-11 12:00:02'),
(23522, 8, 32535, 2, '2023-07-11', 7, '2023-07-11 12:00:08'),
(23523, 8, 32536, 2, '2023-07-11', 7, '2023-07-11 12:00:14'),
(23524, 8, 32537, 2, '2023-07-11', 7, '2023-07-11 12:00:20'),
(23525, 8, 32538, 2, '2023-07-11', 7, '2023-07-11 12:00:26'),
(23526, 8, 32539, 2, '2023-07-11', 7, '2023-07-11 14:00:02'),
(23527, 8, 32540, 2, '2023-07-11', 7, '2023-07-11 14:00:08'),
(23528, 8, 32541, 2, '2023-07-11', 7, '2023-07-11 16:00:02'),
(23529, 8, 32542, 2, '2023-07-11', 7, '2023-07-11 16:00:07'),
(23530, 8, 32543, 2, '2023-07-11', 7, '2023-07-11 18:00:01'),
(23531, 8, 32544, 2, '2023-07-11', 7, '2023-07-11 18:00:07'),
(23532, 8, 32545, 2, '2023-07-11', 7, '2023-07-11 18:00:13'),
(23533, 8, 32546, 2, '2023-07-11', 7, '2023-07-11 18:00:19'),
(23534, 8, 32547, 2, '2023-07-11', 7, '2023-07-11 18:00:25'),
(23535, 8, 32548, 2, '2023-07-11', 7, '2023-07-11 20:00:01'),
(23536, 8, 32549, 2, '2023-07-11', 7, '2023-07-11 20:00:07'),
(23537, 8, 32550, 2, '2023-07-11', 7, '2023-07-11 20:00:13'),
(23538, 8, 32551, 2, '2023-07-11', 7, '2023-07-11 20:00:19'),
(23539, 8, 32552, 2, '2023-07-11', 7, '2023-07-11 20:00:25'),
(23540, 8, 32553, 2, '2023-07-11', 7, '2023-07-11 20:00:31'),
(23541, 8, 32554, 2, '2023-07-11', 7, '2023-07-11 20:00:37'),
(23542, 8, 32555, 2, '2023-07-11', 7, '2023-07-11 20:00:43'),
(23543, 8, 32556, 2, '2023-07-11', 7, '2023-07-11 20:00:49'),
(23544, 8, 32557, 2, '2023-07-11', 7, '2023-07-11 22:00:02'),
(23545, 8, 32558, 2, '2023-07-12', 7, '2023-07-12 00:00:02'),
(23546, 8, 32559, 2, '2023-07-12', 7, '2023-07-12 00:00:08'),
(23547, 8, 32560, 2, '2023-07-12', 7, '2023-07-12 00:00:14'),
(23548, 8, 32561, 2, '2023-07-12', 7, '2023-07-12 00:00:20'),
(23549, 8, 32562, 2, '2023-07-12', 7, '2023-07-12 00:00:26'),
(23550, 8, 32563, 2, '2023-07-12', 7, '2023-07-12 00:00:32'),
(23551, 8, 32564, 2, '2023-07-12', 7, '2023-07-12 00:00:38'),
(23552, 8, 32565, 2, '2023-07-12', 7, '2023-07-12 00:00:44'),
(23553, 8, 32566, 2, '2023-07-12', 7, '2023-07-12 00:00:50'),
(23554, 8, 32567, 2, '2023-07-12', 7, '2023-07-12 00:00:56'),
(23555, 8, 32568, 2, '2023-07-12', 7, '2023-07-12 12:00:02'),
(23556, 8, 32569, 2, '2023-07-12', 7, '2023-07-12 12:00:07'),
(23557, 8, 32570, 2, '2023-07-12', 7, '2023-07-12 12:00:13'),
(23558, 8, 32571, 2, '2023-07-12', 7, '2023-07-12 14:00:01'),
(23559, 8, 32572, 2, '2023-07-12', 7, '2023-07-12 14:00:07'),
(23560, 8, 32573, 2, '2023-07-12', 7, '2023-07-12 14:00:13'),
(23561, 8, 32574, 2, '2023-07-12', 7, '2023-07-12 14:00:19'),
(23562, 8, 32575, 2, '2023-07-12', 7, '2023-07-12 16:00:03'),
(23563, 8, 32576, 2, '2023-07-12', 7, '2023-07-12 16:00:08'),
(23564, 8, 32577, 2, '2023-07-12', 7, '2023-07-12 16:00:14'),
(23565, 8, 32578, 2, '2023-07-12', 7, '2023-07-12 16:00:20'),
(23566, 8, 32579, 2, '2023-07-12', 7, '2023-07-12 18:00:01'),
(23567, 8, 32580, 2, '2023-07-12', 7, '2023-07-12 18:00:07'),
(23568, 8, 32581, 2, '2023-07-12', 7, '2023-07-12 18:00:13'),
(23569, 8, 32582, 2, '2023-07-12', 7, '2023-07-12 18:00:19'),
(23570, 8, 32583, 2, '2023-07-12', 7, '2023-07-12 18:00:25'),
(23571, 8, 32584, 2, '2023-07-12', 7, '2023-07-12 18:00:31'),
(23572, 8, 32585, 2, '2023-07-12', 7, '2023-07-12 20:00:01'),
(23573, 8, 32586, 2, '2023-07-12', 7, '2023-07-12 20:00:11'),
(23574, 8, 32587, 2, '2023-07-12', 7, '2023-07-12 20:00:17'),
(23575, 8, 32588, 2, '2023-07-12', 7, '2023-07-12 20:00:23'),
(23576, 8, 32589, 2, '2023-07-12', 7, '2023-07-12 22:00:01'),
(23577, 8, 32590, 2, '2023-07-12', 7, '2023-07-12 22:00:08'),
(23578, 8, 32591, 2, '2023-07-12', 7, '2023-07-12 22:00:15'),
(23579, 8, 32592, 2, '2023-07-12', 7, '2023-07-12 22:00:21'),
(23580, 8, 32593, 2, '2023-07-12', 7, '2023-07-12 22:00:27'),
(23581, 8, 32594, 2, '2023-07-12', 7, '2023-07-12 22:00:33'),
(23582, 8, 32595, 2, '2023-07-12', 7, '2023-07-12 22:00:39'),
(23583, 8, 32596, 2, '2023-07-13', 7, '2023-07-13 00:00:02'),
(23584, 8, 32597, 2, '2023-07-13', 7, '2023-07-13 00:00:11'),
(23585, 8, 32598, 2, '2023-07-13', 7, '2023-07-13 00:00:17'),
(23586, 8, 32599, 2, '2023-07-13', 7, '2023-07-13 00:00:24'),
(23587, 8, 32600, 2, '2023-07-13', 7, '2023-07-13 00:00:30'),
(23588, 8, 32601, 2, '2023-07-13', 7, '2023-07-13 00:00:36'),
(23589, 8, 32602, 2, '2023-07-13', 7, '2023-07-13 10:00:02'),
(23590, 8, 32603, 2, '2023-07-13', 7, '2023-07-13 10:00:08'),
(23591, 8, 32604, 2, '2023-07-13', 7, '2023-07-13 12:00:01'),
(23592, 8, 32605, 2, '2023-07-13', 7, '2023-07-13 12:00:07'),
(23593, 8, 32606, 2, '2023-07-13', 7, '2023-07-13 12:00:13'),
(23594, 8, 32607, 2, '2023-07-13', 7, '2023-07-13 14:00:01'),
(23595, 8, 32608, 2, '2023-07-13', 7, '2023-07-13 16:00:02'),
(23596, 8, 32609, 2, '2023-07-13', 7, '2023-07-13 16:00:08'),
(23597, 8, 32610, 2, '2023-07-13', 7, '2023-07-13 18:00:01'),
(23598, 8, 32611, 2, '2023-07-13', 7, '2023-07-13 18:00:07'),
(23599, 8, 32612, 2, '2023-07-13', 7, '2023-07-13 18:00:13'),
(23600, 8, 32613, 2, '2023-07-13', 7, '2023-07-13 18:00:19'),
(23601, 8, 32614, 2, '2023-07-13', 7, '2023-07-13 18:00:25'),
(23602, 8, 32615, 2, '2023-07-13', 7, '2023-07-13 18:00:31'),
(23603, 8, 32616, 2, '2023-07-13', 7, '2023-07-13 18:00:37'),
(23604, 8, 32617, 2, '2023-07-13', 7, '2023-07-13 18:00:43'),
(23605, 8, 32618, 2, '2023-07-13', 7, '2023-07-13 18:00:49'),
(23606, 8, 32619, 2, '2023-07-13', 7, '2023-07-13 20:00:01'),
(23607, 8, 32620, 2, '2023-07-13', 7, '2023-07-13 20:00:07'),
(23608, 8, 32621, 2, '2023-07-13', 7, '2023-07-13 20:00:13'),
(23609, 8, 32622, 2, '2023-07-13', 7, '2023-07-13 20:00:19'),
(23610, 8, 32623, 2, '2023-07-13', 7, '2023-07-13 22:00:01'),
(23611, 8, 32624, 2, '2023-07-13', 7, '2023-07-13 22:00:07'),
(23612, 8, 32625, 2, '2023-07-13', 7, '2023-07-13 22:00:13'),
(23613, 8, 32626, 2, '2023-07-13', 7, '2023-07-13 22:00:19'),
(23614, 8, 32627, 2, '2023-07-13', 7, '2023-07-13 22:00:25'),
(23615, 8, 32628, 2, '2023-07-14', 7, '2023-07-14 00:00:03'),
(23616, 8, 32629, 2, '2023-07-14', 7, '2023-07-14 00:00:13'),
(23617, 8, 32630, 2, '2023-07-14', 7, '2023-07-14 00:00:19'),
(23618, 8, 32631, 2, '2023-07-14', 7, '2023-07-14 00:00:25'),
(23619, 8, 32632, 2, '2023-07-14', 7, '2023-07-14 00:00:31'),
(23620, 8, 32633, 2, '2023-07-14', 7, '2023-07-14 00:00:37'),
(23621, 8, 32634, 2, '2023-07-14', 7, '2023-07-14 00:00:43'),
(23622, 8, 32635, 2, '2023-07-14', 7, '2023-07-14 10:00:03'),
(23623, 8, 32636, 2, '2023-07-14', 7, '2023-07-14 10:00:08'),
(23624, 8, 32637, 2, '2023-07-14', 7, '2023-07-14 12:00:02'),
(23625, 8, 32638, 2, '2023-07-14', 7, '2023-07-14 14:00:02'),
(23626, 8, 32639, 2, '2023-07-14', 7, '2023-07-14 14:00:07'),
(23627, 8, 32640, 2, '2023-07-14', 7, '2023-07-14 14:00:13'),
(23628, 8, 32641, 2, '2023-07-14', 7, '2023-07-14 14:00:19'),
(23629, 8, 32642, 2, '2023-07-14', 7, '2023-07-14 14:00:25'),
(23630, 8, 32643, 2, '2023-07-14', 7, '2023-07-14 16:00:01'),
(23631, 8, 32644, 2, '2023-07-14', 7, '2023-07-14 16:00:07'),
(23632, 8, 32645, 2, '2023-07-14', 7, '2023-07-14 18:00:01'),
(23633, 8, 32646, 2, '2023-07-14', 7, '2023-07-14 18:00:07'),
(23634, 8, 32647, 2, '2023-07-14', 7, '2023-07-14 18:00:13'),
(23635, 8, 32648, 2, '2023-07-14', 7, '2023-07-14 20:00:02'),
(23636, 8, 32649, 2, '2023-07-14', 7, '2023-07-14 20:00:07'),
(23637, 8, 32650, 2, '2023-07-14', 7, '2023-07-14 20:00:13'),
(23638, 8, 32651, 2, '2023-07-14', 7, '2023-07-14 20:00:19'),
(23639, 8, 32652, 2, '2023-07-14', 7, '2023-07-14 20:00:25'),
(23640, 8, 32653, 2, '2023-07-14', 7, '2023-07-14 22:00:01'),
(23641, 8, 32654, 2, '2023-07-14', 7, '2023-07-14 22:00:07'),
(23642, 8, 32655, 2, '2023-07-14', 7, '2023-07-14 22:00:13'),
(23643, 8, 32656, 2, '2023-07-14', 7, '2023-07-14 22:00:19'),
(23644, 8, 32657, 2, '2023-07-15', 7, '2023-07-15 00:00:02'),
(23645, 8, 32658, 2, '2023-07-15', 7, '2023-07-15 00:00:10'),
(23646, 8, 32659, 2, '2023-07-15', 7, '2023-07-15 10:00:02'),
(23647, 8, 32660, 2, '2023-07-15', 7, '2023-07-15 10:00:08'),
(23648, 8, 32661, 2, '2023-07-15', 7, '2023-07-15 10:00:14'),
(23649, 8, 32662, 2, '2023-07-15', 7, '2023-07-15 12:00:02'),
(23650, 8, 32663, 2, '2023-07-15', 7, '2023-07-15 14:00:02'),
(23651, 8, 32664, 2, '2023-07-15', 7, '2023-07-15 14:00:07'),
(23652, 8, 32665, 2, '2023-07-15', 7, '2023-07-15 14:00:13'),
(23653, 8, 32666, 2, '2023-07-15', 7, '2023-07-15 14:00:19'),
(23654, 8, 32667, 2, '2023-07-15', 7, '2023-07-15 16:00:02'),
(23655, 8, 32668, 2, '2023-07-15', 7, '2023-07-15 16:00:08'),
(23656, 8, 32669, 2, '2023-07-15', 7, '2023-07-15 16:00:14'),
(23657, 8, 32670, 2, '2023-07-15', 7, '2023-07-15 18:00:02'),
(23658, 8, 32671, 2, '2023-07-15', 7, '2023-07-15 18:00:07'),
(23659, 8, 32672, 2, '2023-07-15', 7, '2023-07-15 18:00:13'),
(23660, 8, 32673, 2, '2023-07-15', 7, '2023-07-15 18:00:19'),
(23661, 8, 32674, 2, '2023-07-15', 7, '2023-07-15 18:00:25'),
(23662, 8, 32675, 2, '2023-07-15', 7, '2023-07-15 20:00:02'),
(23663, 8, 32676, 2, '2023-07-15', 7, '2023-07-15 20:00:07'),
(23664, 8, 32677, 2, '2023-07-15', 7, '2023-07-15 20:00:13'),
(23665, 8, 32678, 2, '2023-07-15', 7, '2023-07-15 22:00:02'),
(23666, 8, 32679, 2, '2023-07-15', 7, '2023-07-15 22:00:13'),
(23667, 8, 32680, 2, '2023-07-16', 7, '2023-07-16 00:00:07'),
(23668, 8, 32681, 2, '2023-07-16', 7, '2023-07-16 00:00:22'),
(23669, 8, 32682, 2, '2023-07-16', 7, '2023-07-16 00:00:28'),
(23670, 8, 32683, 2, '2023-07-16', 7, '2023-07-16 12:00:01'),
(23671, 8, 32684, 2, '2023-07-16', 7, '2023-07-16 12:00:13'),
(23672, 8, 32685, 2, '2023-07-16', 7, '2023-07-16 16:00:07'),
(23673, 8, 32686, 2, '2023-07-16', 7, '2023-07-16 16:00:13'),
(23674, 8, 32687, 2, '2023-07-16', 7, '2023-07-16 16:00:19'),
(23675, 8, 32688, 2, '2023-07-16', 7, '2023-07-16 16:00:25'),
(23676, 8, 32689, 2, '2023-07-16', 7, '2023-07-16 16:00:31'),
(23677, 8, 32690, 2, '2023-07-16', 7, '2023-07-16 18:00:02'),
(23678, 8, 32691, 2, '2023-07-16', 7, '2023-07-16 18:00:13'),
(23679, 8, 32692, 2, '2023-07-16', 7, '2023-07-16 20:00:02'),
(23680, 8, 32693, 2, '2023-07-17', 7, '2023-07-17 10:00:07'),
(23681, 8, 32694, 2, '2023-07-17', 7, '2023-07-17 10:00:13'),
(23682, 8, 32695, 2, '2023-07-17', 7, '2023-07-17 10:00:19'),
(23683, 8, 32696, 2, '2023-07-17', 7, '2023-07-17 10:00:25'),
(23684, 8, 32697, 2, '2023-07-17', 7, '2023-07-17 14:00:07'),
(23685, 8, 32698, 2, '2023-07-17', 7, '2023-07-17 14:00:13'),
(23686, 8, 32699, 2, '2023-07-17', 7, '2023-07-17 14:00:19'),
(23687, 8, 32700, 2, '2023-07-17', 7, '2023-07-17 14:00:25'),
(23688, 8, 32701, 2, '2023-07-17', 7, '2023-07-17 14:00:31'),
(23689, 8, 32702, 2, '2023-07-17', 7, '2023-07-17 16:00:07'),
(23690, 8, 32703, 2, '2023-07-17', 7, '2023-07-17 16:00:13'),
(23691, 8, 32704, 2, '2023-07-17', 7, '2023-07-17 16:00:19'),
(23692, 8, 32705, 2, '2023-07-17', 7, '2023-07-17 16:00:25'),
(23693, 8, 32706, 2, '2023-07-17', 7, '2023-07-17 16:00:31'),
(23694, 8, 32707, 2, '2023-07-17', 7, '2023-07-17 18:00:08'),
(23695, 8, 32708, 2, '2023-07-17', 7, '2023-07-17 18:00:14'),
(23696, 8, 32709, 2, '2023-07-17', 7, '2023-07-17 18:00:20'),
(23697, 8, 32710, 2, '2023-07-17', 7, '2023-07-17 18:00:26'),
(23698, 8, 32711, 2, '2023-07-17', 7, '2023-07-17 18:00:32'),
(23699, 8, 32712, 2, '2023-07-17', 7, '2023-07-17 18:00:38'),
(23700, 8, 32713, 2, '2023-07-17', 7, '2023-07-17 18:00:44'),
(23701, 8, 32714, 2, '2023-07-17', 7, '2023-07-17 20:00:02'),
(23702, 8, 32715, 2, '2023-07-17', 7, '2023-07-17 20:00:07'),
(23703, 8, 32716, 2, '2023-07-17', 7, '2023-07-17 22:00:02'),
(23704, 8, 32717, 2, '2023-07-17', 7, '2023-07-17 22:00:07'),
(23705, 8, 32718, 2, '2023-07-17', 7, '2023-07-17 22:00:13'),
(23706, 8, 32719, 2, '2023-07-18', 7, '2023-07-18 00:00:01'),
(23707, 8, 32720, 2, '2023-07-18', 7, '2023-07-18 00:00:07'),
(23708, 8, 32721, 2, '2023-07-18', 7, '2023-07-18 00:00:13'),
(23709, 8, 32722, 2, '2023-07-18', 7, '2023-07-18 10:00:01'),
(23710, 8, 32723, 2, '2023-07-18', 7, '2023-07-18 12:00:02'),
(23711, 8, 32724, 2, '2023-07-18', 7, '2023-07-18 12:00:07'),
(23712, 8, 32725, 2, '2023-07-18', 7, '2023-07-18 12:00:13'),
(23713, 8, 32726, 2, '2023-07-18', 7, '2023-07-18 12:00:19'),
(23714, 8, 32727, 2, '2023-07-18', 7, '2023-07-18 12:00:25'),
(23715, 8, 32728, 2, '2023-07-18', 7, '2023-07-18 12:00:31'),
(23716, 8, 32729, 2, '2023-07-18', 7, '2023-07-18 16:00:01'),
(23717, 8, 32730, 2, '2023-07-18', 7, '2023-07-18 18:00:02'),
(23718, 8, 32731, 2, '2023-07-18', 7, '2023-07-18 18:00:08'),
(23719, 8, 32732, 2, '2023-07-18', 7, '2023-07-18 18:00:14'),
(23720, 8, 32733, 2, '2023-07-18', 7, '2023-07-18 18:00:20'),
(23721, 8, 32734, 2, '2023-07-18', 7, '2023-07-18 18:00:26'),
(23722, 8, 32735, 2, '2023-07-18', 7, '2023-07-18 18:00:32'),
(23723, 8, 32736, 2, '2023-07-18', 7, '2023-07-18 18:00:38'),
(23724, 8, 32737, 2, '2023-07-18', 7, '2023-07-18 20:00:02'),
(23725, 8, 32738, 2, '2023-07-18', 7, '2023-07-18 20:00:07'),
(23726, 8, 32739, 2, '2023-07-18', 7, '2023-07-18 20:00:13'),
(23727, 8, 32740, 2, '2023-07-18', 7, '2023-07-18 20:00:19'),
(23728, 8, 32741, 2, '2023-07-18', 7, '2023-07-18 20:00:25'),
(23729, 8, 32742, 2, '2023-07-18', 7, '2023-07-18 20:00:31'),
(23730, 8, 32743, 2, '2023-07-18', 7, '2023-07-18 20:00:37'),
(23731, 8, 32744, 2, '2023-07-18', 7, '2023-07-18 20:00:43'),
(23732, 8, 32745, 2, '2023-07-18', 7, '2023-07-18 20:00:49'),
(23733, 8, 32746, 2, '2023-07-18', 7, '2023-07-18 20:00:55'),
(23734, 8, 32747, 2, '2023-07-18', 7, '2023-07-18 20:01:01'),
(23735, 8, 32748, 2, '2023-07-18', 7, '2023-07-18 20:01:08'),
(23736, 8, 32749, 2, '2023-07-18', 7, '2023-07-18 20:01:14'),
(23737, 8, 32750, 2, '2023-07-18', 7, '2023-07-18 20:01:20'),
(23738, 8, 32751, 2, '2023-07-18', 7, '2023-07-18 22:00:01'),
(23739, 8, 32752, 2, '2023-07-18', 7, '2023-07-18 22:00:07'),
(23740, 8, 32753, 2, '2023-07-18', 7, '2023-07-18 22:00:13'),
(23741, 8, 32754, 2, '2023-07-18', 7, '2023-07-18 22:00:19'),
(23742, 8, 32755, 2, '2023-07-18', 7, '2023-07-18 22:00:25'),
(23743, 8, 32756, 2, '2023-07-18', 7, '2023-07-18 22:00:31'),
(23744, 8, 32757, 2, '2023-07-18', 7, '2023-07-18 22:00:37'),
(23745, 8, 32758, 2, '2023-07-18', 7, '2023-07-18 22:00:43'),
(23746, 8, 32759, 2, '2023-07-18', 7, '2023-07-18 22:00:49'),
(23747, 8, 32760, 2, '2023-07-18', 7, '2023-07-18 22:00:55'),
(23748, 8, 32761, 2, '2023-07-18', 7, '2023-07-18 22:01:01'),
(23749, 8, 32762, 2, '2023-07-18', 7, '2023-07-18 22:01:07'),
(23750, 8, 32763, 2, '2023-07-18', 7, '2023-07-18 22:01:13'),
(23751, 8, 32764, 2, '2023-07-18', 7, '2023-07-18 22:01:19'),
(23752, 8, 32765, 2, '2023-07-18', 7, '2023-07-18 22:01:25'),
(23753, 8, 32766, 2, '2023-07-18', 7, '2023-07-18 22:01:31'),
(23754, 8, 32767, 2, '2023-07-19', 7, '2023-07-19 00:00:02'),
(23755, 8, 32768, 2, '2023-07-19', 7, '2023-07-19 00:00:09'),
(23756, 8, 32769, 2, '2023-07-19', 7, '2023-07-19 00:00:15'),
(23757, 8, 32770, 2, '2023-07-19', 7, '2023-07-19 00:00:21'),
(23758, 8, 32771, 2, '2023-07-19', 7, '2023-07-19 00:00:27'),
(23759, 8, 32772, 2, '2023-07-19', 7, '2023-07-19 10:00:03'),
(23760, 8, 32773, 2, '2023-07-19', 7, '2023-07-19 12:00:02'),
(23761, 8, 32774, 2, '2023-07-19', 7, '2023-07-19 12:00:07'),
(23762, 8, 32775, 2, '2023-07-19', 7, '2023-07-19 14:00:02'),
(23763, 8, 32776, 2, '2023-07-19', 7, '2023-07-19 14:00:07'),
(23764, 8, 32777, 2, '2023-07-19', 7, '2023-07-19 14:00:13'),
(23765, 8, 32778, 2, '2023-07-19', 7, '2023-07-19 16:00:02'),
(23766, 8, 32779, 2, '2023-07-19', 7, '2023-07-19 16:00:08'),
(23767, 8, 32780, 2, '2023-07-19', 7, '2023-07-19 16:00:14'),
(23768, 8, 32781, 2, '2023-07-19', 7, '2023-07-19 18:00:02'),
(23769, 8, 32782, 2, '2023-07-19', 7, '2023-07-19 18:00:08'),
(23770, 8, 32783, 2, '2023-07-19', 7, '2023-07-19 18:00:14'),
(23771, 8, 32784, 2, '2023-07-19', 7, '2023-07-19 18:00:20'),
(23772, 8, 32785, 2, '2023-07-19', 7, '2023-07-19 18:00:26'),
(23773, 8, 32786, 2, '2023-07-19', 7, '2023-07-19 18:00:32'),
(23774, 8, 32787, 2, '2023-07-19', 7, '2023-07-19 18:00:38'),
(23775, 8, 32788, 2, '2023-07-19', 7, '2023-07-19 20:00:01'),
(23776, 8, 32789, 2, '2023-07-19', 7, '2023-07-19 22:00:02'),
(23777, 8, 32790, 2, '2023-07-19', 7, '2023-07-19 22:00:18'),
(23778, 8, 32791, 2, '2023-07-19', 7, '2023-07-19 22:00:24'),
(23779, 8, 32792, 2, '2023-07-19', 7, '2023-07-19 22:00:30'),
(23780, 8, 32793, 2, '2023-07-19', 7, '2023-07-19 22:00:42'),
(23781, 8, 32794, 2, '2023-07-19', 7, '2023-07-19 22:00:49'),
(23782, 8, 32795, 2, '2023-07-20', 7, '2023-07-20 00:00:01'),
(23783, 8, 32796, 2, '2023-07-20', 7, '2023-07-20 00:00:10'),
(23784, 8, 32797, 2, '2023-07-20', 7, '2023-07-20 00:00:16'),
(23785, 8, 32798, 2, '2023-07-20', 7, '2023-07-20 10:00:01'),
(23786, 8, 32799, 2, '2023-07-20', 7, '2023-07-20 12:00:01'),
(23787, 8, 32800, 2, '2023-07-20', 7, '2023-07-20 12:00:07'),
(23788, 8, 32801, 2, '2023-07-20', 7, '2023-07-20 12:00:17'),
(23789, 8, 32802, 2, '2023-07-20', 7, '2023-07-20 12:00:23'),
(23790, 8, 32803, 2, '2023-07-20', 7, '2023-07-20 14:00:02'),
(23791, 8, 32804, 2, '2023-07-20', 7, '2023-07-20 14:00:08'),
(23792, 8, 32805, 2, '2023-07-20', 7, '2023-07-20 14:00:14'),
(23793, 8, 32806, 2, '2023-07-20', 7, '2023-07-20 16:00:01'),
(23794, 8, 32807, 2, '2023-07-20', 7, '2023-07-20 16:00:07'),
(23795, 8, 32808, 2, '2023-07-20', 7, '2023-07-20 16:00:13'),
(23796, 8, 32809, 2, '2023-07-20', 7, '2023-07-20 16:00:19'),
(23797, 8, 32810, 2, '2023-07-20', 7, '2023-07-20 16:00:25'),
(23798, 8, 32811, 2, '2023-07-20', 7, '2023-07-20 16:00:31'),
(23799, 8, 32812, 2, '2023-07-20', 7, '2023-07-20 16:00:37'),
(23800, 8, 32813, 2, '2023-07-20', 7, '2023-07-20 16:00:43'),
(23801, 8, 32814, 2, '2023-07-20', 7, '2023-07-20 16:00:49'),
(23802, 8, 32815, 2, '2023-07-20', 7, '2023-07-20 18:00:01'),
(23803, 8, 32816, 2, '2023-07-20', 7, '2023-07-20 18:00:07'),
(23804, 8, 32817, 2, '2023-07-20', 7, '2023-07-20 18:00:13'),
(23805, 8, 32818, 2, '2023-07-20', 7, '2023-07-20 18:00:19'),
(23806, 8, 32819, 2, '2023-07-20', 7, '2023-07-20 18:00:25'),
(23807, 8, 32820, 2, '2023-07-20', 7, '2023-07-20 20:00:02'),
(23808, 8, 32821, 2, '2023-07-20', 7, '2023-07-20 20:00:08'),
(23809, 8, 32822, 2, '2023-07-20', 7, '2023-07-20 20:00:14'),
(23810, 8, 32823, 2, '2023-07-20', 7, '2023-07-20 20:00:20'),
(23811, 8, 32824, 2, '2023-07-20', 7, '2023-07-20 22:00:01'),
(23812, 8, 32825, 2, '2023-07-20', 7, '2023-07-20 22:00:07'),
(23813, 8, 32826, 2, '2023-07-20', 7, '2023-07-20 22:00:13'),
(23814, 8, 32827, 2, '2023-07-20', 7, '2023-07-20 22:00:19'),
(23815, 8, 32828, 2, '2023-07-20', 7, '2023-07-20 22:00:25'),
(23816, 8, 32829, 2, '2023-07-21', 7, '2023-07-21 00:00:01'),
(23817, 8, 32830, 2, '2023-07-21', 7, '2023-07-21 00:00:07'),
(23818, 8, 32831, 2, '2023-07-21', 7, '2023-07-21 12:00:01'),
(23819, 8, 32832, 2, '2023-07-21', 7, '2023-07-21 12:00:07'),
(23820, 8, 32833, 2, '2023-07-21', 7, '2023-07-21 14:00:02'),
(23821, 8, 32834, 2, '2023-07-21', 7, '2023-07-21 14:00:07'),
(23822, 8, 32835, 2, '2023-07-21', 7, '2023-07-21 14:00:13'),
(23823, 8, 32836, 2, '2023-07-21', 7, '2023-07-21 14:00:19'),
(23824, 8, 32837, 2, '2023-07-21', 7, '2023-07-21 16:00:02'),
(23825, 8, 32838, 2, '2023-07-21', 7, '2023-07-21 16:00:07'),
(23826, 8, 32839, 2, '2023-07-21', 7, '2023-07-21 16:00:13'),
(23827, 8, 32840, 2, '2023-07-21', 7, '2023-07-21 18:00:01'),
(23828, 8, 32841, 2, '2023-07-21', 7, '2023-07-21 18:00:07'),
(23829, 8, 32842, 2, '2023-07-21', 7, '2023-07-21 18:00:13'),
(23830, 8, 32843, 2, '2023-07-21', 7, '2023-07-21 18:00:19'),
(23831, 8, 32844, 2, '2023-07-21', 7, '2023-07-21 20:00:02'),
(23832, 8, 32845, 2, '2023-07-21', 7, '2023-07-21 20:00:08'),
(23833, 8, 32846, 2, '2023-07-21', 7, '2023-07-21 20:00:14'),
(23834, 8, 32847, 2, '2023-07-21', 7, '2023-07-21 22:00:01'),
(23835, 8, 32848, 2, '2023-07-21', 7, '2023-07-21 22:00:07'),
(23836, 8, 32849, 2, '2023-07-22', 7, '2023-07-22 00:00:01'),
(23837, 8, 32850, 2, '2023-07-22', 7, '2023-07-22 00:00:09'),
(23838, 8, 32851, 2, '2023-07-22', 7, '2023-07-22 10:00:02'),
(23839, 8, 32852, 2, '2023-07-22', 7, '2023-07-22 10:00:07'),
(23840, 8, 32853, 2, '2023-07-22', 7, '2023-07-22 12:00:02'),
(23841, 8, 32854, 2, '2023-07-22', 7, '2023-07-22 12:00:08'),
(23842, 8, 32855, 2, '2023-07-22', 7, '2023-07-22 16:00:01'),
(23843, 8, 32856, 2, '2023-07-22', 7, '2023-07-22 16:00:07'),
(23844, 8, 32857, 2, '2023-07-22', 7, '2023-07-22 16:00:13'),
(23845, 8, 32858, 2, '2023-07-22', 7, '2023-07-22 18:00:02'),
(23846, 8, 32859, 2, '2023-07-22', 7, '2023-07-22 18:00:08'),
(23847, 8, 32860, 2, '2023-07-22', 7, '2023-07-22 18:00:14'),
(23848, 8, 32861, 2, '2023-07-22', 7, '2023-07-22 22:00:01'),
(23849, 8, 32862, 2, '2023-07-23', 7, '2023-07-23 12:00:02'),
(23850, 8, 32863, 2, '2023-07-23', 7, '2023-07-23 12:00:08'),
(23851, 8, 32864, 2, '2023-07-23', 7, '2023-07-23 12:00:14'),
(23852, 8, 32865, 2, '2023-07-23', 7, '2023-07-23 12:00:20'),
(23853, 8, 32866, 2, '2023-07-23', 7, '2023-07-23 14:00:01'),
(23854, 8, 32867, 2, '2023-07-23', 7, '2023-07-23 14:00:06'),
(23855, 8, 32868, 2, '2023-07-23', 7, '2023-07-23 18:00:09'),
(23856, 8, 32869, 2, '2023-07-23', 7, '2023-07-23 20:00:01'),
(23857, 8, 32870, 2, '2023-07-24', 7, '2023-07-24 12:00:02'),
(23858, 8, 32871, 2, '2023-07-24', 7, '2023-07-24 12:00:07'),
(23859, 8, 32872, 2, '2023-07-24', 7, '2023-07-24 12:00:13'),
(23860, 8, 32873, 2, '2023-07-24', 7, '2023-07-24 14:00:03'),
(23861, 8, 32874, 2, '2023-07-24', 7, '2023-07-24 14:00:08'),
(23862, 8, 32875, 2, '2023-07-24', 7, '2023-07-24 14:00:14'),
(23863, 8, 32876, 2, '2023-07-24', 7, '2023-07-24 14:00:20'),
(23864, 8, 32877, 2, '2023-07-24', 7, '2023-07-24 16:00:02'),
(23865, 8, 32878, 2, '2023-07-24', 7, '2023-07-24 16:00:08'),
(23866, 8, 32879, 2, '2023-07-24', 7, '2023-07-24 16:00:14'),
(23867, 8, 32880, 2, '2023-07-24', 7, '2023-07-24 16:00:20'),
(23868, 8, 32881, 2, '2023-07-24', 7, '2023-07-24 16:00:26'),
(23869, 8, 32882, 2, '2023-07-24', 7, '2023-07-24 18:00:02'),
(23870, 8, 32883, 2, '2023-07-24', 7, '2023-07-24 18:00:07'),
(23871, 8, 32884, 2, '2023-07-24', 7, '2023-07-24 18:00:13'),
(23872, 8, 32885, 2, '2023-07-24', 7, '2023-07-24 18:00:19'),
(23873, 8, 32886, 2, '2023-07-24', 7, '2023-07-24 18:00:25'),
(23874, 8, 32887, 2, '2023-07-24', 7, '2023-07-24 20:00:01'),
(23875, 8, 32888, 2, '2023-07-24', 7, '2023-07-24 20:00:07'),
(23876, 8, 32889, 2, '2023-07-24', 7, '2023-07-24 20:00:13'),
(23877, 8, 32890, 2, '2023-07-24', 7, '2023-07-24 20:00:19'),
(23878, 8, 32891, 2, '2023-07-24', 7, '2023-07-24 22:00:02'),
(23879, 8, 32892, 2, '2023-07-25', 7, '2023-07-25 00:00:01'),
(23880, 8, 32893, 2, '2023-07-25', 7, '2023-07-25 00:00:09'),
(23881, 8, 32894, 2, '2023-07-25', 7, '2023-07-25 10:00:02'),
(23882, 8, 32895, 2, '2023-07-25', 7, '2023-07-25 10:00:08'),
(23883, 8, 32896, 2, '2023-07-25', 7, '2023-07-25 10:00:14'),
(23884, 8, 32897, 2, '2023-07-25', 7, '2023-07-25 10:00:20'),
(23885, 8, 32898, 2, '2023-07-25', 7, '2023-07-25 10:00:26'),
(23886, 8, 32899, 2, '2023-07-25', 7, '2023-07-25 10:00:32'),
(23887, 8, 32900, 2, '2023-07-25', 7, '2023-07-25 10:00:38'),
(23888, 8, 32901, 2, '2023-07-25', 7, '2023-07-25 12:00:02'),
(23889, 8, 32902, 2, '2023-07-25', 7, '2023-07-25 14:00:02'),
(23890, 8, 32903, 2, '2023-07-25', 7, '2023-07-25 14:00:07'),
(23891, 8, 32904, 2, '2023-07-25', 7, '2023-07-25 16:00:02'),
(23892, 8, 32905, 2, '2023-07-25', 7, '2023-07-25 18:00:01'),
(23893, 8, 32906, 2, '2023-07-25', 7, '2023-07-25 18:00:07'),
(23894, 8, 32907, 2, '2023-07-25', 7, '2023-07-25 18:00:13'),
(23895, 8, 32908, 2, '2023-07-25', 7, '2023-07-25 18:00:19'),
(23896, 8, 32909, 2, '2023-07-25', 7, '2023-07-25 18:00:25'),
(23897, 8, 32910, 2, '2023-07-25', 7, '2023-07-25 18:00:31'),
(23898, 8, 32911, 2, '2023-07-25', 7, '2023-07-25 20:00:02'),
(23899, 8, 32912, 2, '2023-07-25', 7, '2023-07-25 20:00:07'),
(23900, 8, 32913, 2, '2023-07-25', 7, '2023-07-25 20:00:13'),
(23901, 8, 32914, 2, '2023-07-25', 7, '2023-07-25 20:00:19'),
(23902, 8, 32915, 2, '2023-07-25', 7, '2023-07-25 22:00:02'),
(23903, 8, 32916, 2, '2023-07-26', 7, '2023-07-26 00:00:02'),
(23904, 8, 32917, 2, '2023-07-26', 7, '2023-07-26 00:00:08'),
(23905, 8, 32918, 2, '2023-07-26', 7, '2023-07-26 00:00:14'),
(23906, 8, 32919, 2, '2023-07-26', 7, '2023-07-26 00:00:20'),
(23907, 8, 32920, 2, '2023-07-26', 7, '2023-07-26 00:00:26'),
(23908, 8, 32921, 2, '2023-07-26', 7, '2023-07-26 10:00:03'),
(23909, 8, 32922, 2, '2023-07-26', 7, '2023-07-26 10:00:09'),
(23910, 8, 32923, 2, '2023-07-26', 7, '2023-07-26 10:00:15'),
(23911, 8, 32924, 2, '2023-07-26', 7, '2023-07-26 14:00:02'),
(23912, 8, 32925, 2, '2023-07-26', 7, '2023-07-26 14:00:08'),
(23913, 8, 32926, 2, '2023-07-26', 7, '2023-07-26 14:00:14'),
(23914, 8, 32927, 2, '2023-07-26', 7, '2023-07-26 14:00:20'),
(23915, 8, 32928, 2, '2023-07-26', 7, '2023-07-26 14:00:26'),
(23916, 8, 32929, 2, '2023-07-26', 7, '2023-07-26 14:00:32'),
(23917, 8, 32930, 2, '2023-07-26', 7, '2023-07-26 16:00:02'),
(23918, 8, 32931, 2, '2023-07-26', 7, '2023-07-26 16:00:07'),
(23919, 8, 32932, 2, '2023-07-26', 7, '2023-07-26 18:00:01'),
(23920, 8, 32933, 2, '2023-07-26', 7, '2023-07-26 18:00:07'),
(23921, 8, 32934, 2, '2023-07-26', 7, '2023-07-26 18:00:13'),
(23922, 8, 32935, 2, '2023-07-26', 7, '2023-07-26 18:00:19'),
(23923, 8, 32936, 2, '2023-07-26', 7, '2023-07-26 18:00:25'),
(23924, 8, 32937, 2, '2023-07-26', 7, '2023-07-26 18:00:31'),
(23925, 8, 32938, 2, '2023-07-26', 7, '2023-07-26 18:00:37'),
(23926, 8, 32939, 2, '2023-07-26', 7, '2023-07-26 20:00:01'),
(23927, 8, 32940, 2, '2023-07-26', 7, '2023-07-26 20:00:07'),
(23928, 8, 32941, 2, '2023-07-26', 7, '2023-07-26 20:00:13'),
(23929, 8, 32942, 2, '2023-07-26', 7, '2023-07-26 20:00:19'),
(23930, 8, 32943, 2, '2023-07-26', 7, '2023-07-26 20:00:25'),
(23931, 8, 32944, 2, '2023-07-26', 7, '2023-07-26 20:00:31'),
(23932, 8, 32945, 2, '2023-07-26', 7, '2023-07-26 20:00:37'),
(23933, 8, 32946, 2, '2023-07-26', 7, '2023-07-26 20:00:43'),
(23934, 8, 32947, 2, '2023-07-26', 7, '2023-07-26 22:00:02'),
(23935, 8, 32948, 2, '2023-07-26', 7, '2023-07-26 22:00:07'),
(23936, 8, 32949, 2, '2023-07-26', 7, '2023-07-26 22:00:13'),
(23937, 8, 32950, 2, '2023-07-26', 7, '2023-07-26 22:00:19'),
(23938, 8, 32951, 2, '2023-07-26', 7, '2023-07-26 22:00:25'),
(23939, 8, 32952, 2, '2023-07-26', 7, '2023-07-26 22:00:31'),
(23940, 8, 32953, 2, '2023-07-27', 7, '2023-07-27 00:00:01'),
(23941, 8, 32954, 2, '2023-07-27', 7, '2023-07-27 00:00:07'),
(23942, 8, 32955, 2, '2023-07-27', 7, '2023-07-27 00:00:13'),
(23943, 8, 32956, 2, '2023-07-27', 7, '2023-07-27 00:00:19'),
(23944, 8, 32957, 2, '2023-07-27', 7, '2023-07-27 00:00:25'),
(23945, 8, 32958, 2, '2023-07-27', 7, '2023-07-27 10:00:02'),
(23946, 8, 32959, 2, '2023-07-27', 7, '2023-07-27 10:00:07'),
(23947, 8, 32960, 2, '2023-07-27', 7, '2023-07-27 10:00:13'),
(23948, 8, 32961, 2, '2023-07-27', 7, '2023-07-27 10:00:19'),
(23949, 8, 32962, 2, '2023-07-27', 7, '2023-07-27 10:00:25'),
(23950, 8, 32963, 2, '2023-07-27', 7, '2023-07-27 10:00:31'),
(23951, 8, 32964, 2, '2023-07-27', 7, '2023-07-27 12:00:02'),
(23952, 8, 32965, 2, '2023-07-27', 7, '2023-07-27 12:00:09'),
(23953, 8, 32966, 2, '2023-07-27', 7, '2023-07-27 12:00:15'),
(23954, 8, 32967, 2, '2023-07-27', 7, '2023-07-27 14:00:02'),
(23955, 8, 32968, 2, '2023-07-27', 7, '2023-07-27 14:00:08'),
(23956, 8, 32969, 2, '2023-07-27', 7, '2023-07-27 14:00:14'),
(23957, 8, 32970, 2, '2023-07-27', 7, '2023-07-27 14:00:20'),
(23958, 8, 32971, 2, '2023-07-27', 7, '2023-07-27 18:00:02'),
(23959, 8, 32972, 2, '2023-07-27', 7, '2023-07-27 18:00:07'),
(23960, 8, 32973, 2, '2023-07-27', 7, '2023-07-27 18:00:13'),
(23961, 8, 32974, 2, '2023-07-27', 7, '2023-07-27 18:00:19'),
(23962, 8, 32975, 2, '2023-07-27', 7, '2023-07-27 18:00:25'),
(23963, 8, 32976, 2, '2023-07-27', 7, '2023-07-27 18:00:31'),
(23964, 8, 32977, 2, '2023-07-27', 7, '2023-07-27 18:00:37'),
(23965, 8, 32978, 2, '2023-07-27', 7, '2023-07-27 18:00:43'),
(23966, 8, 32979, 2, '2023-07-27', 7, '2023-07-27 18:00:49'),
(23967, 8, 32980, 2, '2023-07-27', 7, '2023-07-27 18:00:55'),
(23968, 8, 32981, 2, '2023-07-27', 7, '2023-07-27 18:01:01'),
(23969, 8, 32982, 2, '2023-07-27', 7, '2023-07-27 18:01:07'),
(23970, 8, 32983, 2, '2023-07-27', 7, '2023-07-27 18:01:13'),
(23971, 8, 32984, 2, '2023-07-27', 7, '2023-07-27 18:01:19'),
(23972, 8, 32985, 2, '2023-07-27', 7, '2023-07-27 18:01:25'),
(23973, 8, 32986, 2, '2023-07-27', 7, '2023-07-27 20:00:01'),
(23974, 8, 32987, 2, '2023-07-27', 7, '2023-07-27 20:00:07'),
(23975, 8, 32988, 2, '2023-07-27', 7, '2023-07-27 20:00:13'),
(23976, 8, 32989, 2, '2023-07-27', 7, '2023-07-27 20:00:19'),
(23977, 8, 32990, 2, '2023-07-27', 7, '2023-07-27 20:00:25'),
(23978, 8, 32991, 2, '2023-07-27', 7, '2023-07-27 22:00:02'),
(23979, 8, 32992, 2, '2023-07-27', 7, '2023-07-27 22:00:08'),
(23980, 8, 32993, 2, '2023-07-27', 7, '2023-07-27 22:00:14'),
(23981, 8, 32994, 2, '2023-07-27', 7, '2023-07-27 22:00:20'),
(23982, 8, 32995, 2, '2023-07-27', 7, '2023-07-27 22:00:26'),
(23983, 8, 32996, 2, '2023-07-27', 7, '2023-07-27 22:00:32'),
(23984, 8, 32997, 2, '2023-07-28', 7, '2023-07-28 00:00:02'),
(23985, 8, 32998, 2, '2023-07-28', 7, '2023-07-28 00:00:07'),
(23986, 8, 32999, 2, '2023-07-28', 7, '2023-07-28 00:00:13'),
(23987, 8, 33000, 2, '2023-07-28', 7, '2023-07-28 10:00:02'),
(23988, 8, 33001, 2, '2023-07-28', 7, '2023-07-28 10:00:07'),
(23989, 8, 33002, 2, '2023-07-28', 7, '2023-07-28 10:00:13'),
(23990, 8, 33003, 2, '2023-07-28', 7, '2023-07-28 10:00:19'),
(23991, 8, 33004, 2, '2023-07-28', 7, '2023-07-28 10:00:25'),
(23992, 8, 33005, 2, '2023-07-28', 7, '2023-07-28 12:00:02'),
(23993, 8, 33006, 2, '2023-07-28', 7, '2023-07-28 14:00:01'),
(23994, 8, 33007, 2, '2023-07-28', 7, '2023-07-28 14:00:07'),
(23995, 8, 33008, 2, '2023-07-28', 7, '2023-07-28 14:00:13'),
(23996, 8, 33009, 2, '2023-07-28', 7, '2023-07-28 16:00:02'),
(23997, 8, 33010, 2, '2023-07-28', 7, '2023-07-28 18:00:02'),
(23998, 8, 33011, 2, '2023-07-28', 7, '2023-07-28 18:00:07'),
(23999, 8, 33012, 2, '2023-07-28', 7, '2023-07-28 18:00:13'),
(24000, 8, 33013, 2, '2023-07-28', 7, '2023-07-28 18:00:20'),
(24001, 8, 33014, 2, '2023-07-28', 7, '2023-07-28 18:00:25'),
(24002, 8, 33015, 2, '2023-07-28', 7, '2023-07-28 20:00:02'),
(24003, 8, 33016, 2, '2023-07-28', 7, '2023-07-28 20:00:07'),
(24004, 8, 33017, 2, '2023-07-28', 7, '2023-07-28 20:00:13'),
(24005, 8, 33018, 2, '2023-07-28', 7, '2023-07-28 22:00:01'),
(24006, 8, 33019, 2, '2023-07-28', 7, '2023-07-28 22:00:07'),
(24007, 8, 33020, 2, '2023-07-28', 7, '2023-07-28 22:00:14'),
(24008, 8, 33021, 2, '2023-07-29', 7, '2023-07-29 00:00:02'),
(24009, 8, 33022, 2, '2023-07-29', 7, '2023-07-29 00:00:07'),
(24010, 8, 33023, 2, '2023-07-29', 7, '2023-07-29 00:00:13'),
(24011, 8, 33024, 2, '2023-07-29', 7, '2023-07-29 00:00:19'),
(24012, 8, 33025, 2, '2023-07-29', 7, '2023-07-29 00:00:25'),
(24013, 8, 33026, 2, '2023-07-29', 7, '2023-07-29 10:00:02'),
(24014, 8, 33027, 2, '2023-07-29', 7, '2023-07-29 12:00:01'),
(24015, 8, 33028, 2, '2023-07-29', 7, '2023-07-29 12:00:07'),
(24016, 8, 33029, 2, '2023-07-29', 7, '2023-07-29 16:00:02'),
(24017, 8, 33030, 2, '2023-07-29', 7, '2023-07-29 16:00:07'),
(24018, 8, 33031, 2, '2023-07-29', 7, '2023-07-29 16:00:13'),
(24019, 8, 33032, 2, '2023-07-29', 7, '2023-07-29 16:00:19'),
(24020, 8, 33033, 2, '2023-07-29', 7, '2023-07-29 18:00:02'),
(24021, 8, 33034, 2, '2023-07-29', 7, '2023-07-29 18:00:07'),
(24022, 8, 33035, 2, '2023-07-29', 7, '2023-07-29 18:00:13'),
(24023, 8, 33036, 2, '2023-07-29', 7, '2023-07-29 20:00:02'),
(24024, 8, 33037, 2, '2023-07-29', 7, '2023-07-29 20:00:08'),
(24025, 8, 33038, 2, '2023-07-29', 7, '2023-07-29 20:00:14'),
(24026, 8, 33039, 2, '2023-07-29', 7, '2023-07-29 20:00:20'),
(24027, 8, 33040, 2, '2023-07-29', 7, '2023-07-29 20:00:26'),
(24028, 8, 33041, 2, '2023-07-29', 7, '2023-07-29 20:00:32'),
(24029, 8, 33042, 2, '2023-07-29', 7, '2023-07-29 20:00:38'),
(24030, 8, 33043, 2, '2023-07-29', 7, '2023-07-29 22:00:02'),
(24031, 8, 33044, 2, '2023-07-30', 7, '2023-07-30 00:00:02'),
(24032, 8, 33045, 2, '2023-07-30', 7, '2023-07-30 00:00:07'),
(24033, 8, 33046, 2, '2023-07-30', 7, '2023-07-30 14:00:01'),
(24034, 8, 33047, 2, '2023-07-30', 7, '2023-07-30 16:00:02'),
(24035, 8, 33048, 2, '2023-07-30', 7, '2023-07-30 16:00:07'),
(24036, 8, 33049, 2, '2023-07-30', 7, '2023-07-30 16:00:13'),
(24037, 8, 33050, 2, '2023-07-30', 7, '2023-07-30 18:00:01'),
(24038, 8, 33051, 2, '2023-07-30', 7, '2023-07-30 18:00:08'),
(24039, 8, 33052, 2, '2023-07-30', 7, '2023-07-30 18:00:14'),
(24040, 8, 33053, 2, '2023-07-31', 7, '2023-07-31 14:00:02'),
(24041, 8, 33054, 2, '2023-07-31', 7, '2023-07-31 14:00:08'),
(24042, 8, 33055, 2, '2023-07-31', 7, '2023-07-31 16:00:01'),
(24043, 8, 33056, 2, '2023-07-31', 7, '2023-07-31 16:00:07'),
(24044, 8, 33057, 2, '2023-07-31', 7, '2023-07-31 16:00:13'),
(24045, 8, 33058, 2, '2023-07-31', 7, '2023-07-31 16:00:19'),
(24046, 8, 33059, 2, '2023-07-31', 7, '2023-07-31 16:00:25'),
(24047, 8, 33060, 2, '2023-07-31', 7, '2023-07-31 18:00:02'),
(24048, 8, 33061, 2, '2023-07-31', 7, '2023-07-31 18:00:08'),
(24049, 8, 33062, 2, '2023-07-31', 7, '2023-07-31 18:00:14'),
(24050, 8, 33063, 2, '2023-07-31', 7, '2023-07-31 18:00:20'),
(24051, 8, 33064, 2, '2023-07-31', 7, '2023-07-31 18:00:26'),
(24052, 8, 33065, 2, '2023-07-31', 7, '2023-07-31 20:00:01'),
(24053, 8, 33066, 2, '2023-07-31', 7, '2023-07-31 20:00:07'),
(24054, 8, 33067, 2, '2023-07-31', 7, '2023-07-31 22:00:02'),
(24055, 8, 33068, 2, '2023-07-31', 7, '2023-07-31 22:00:08'),
(24056, 8, 33069, 2, '2023-07-31', 7, '2023-07-31 22:00:14'),
(24057, 8, 33070, 2, '2023-07-31', 7, '2023-07-31 22:00:20'),
(24058, 8, 33071, 2, '2023-07-31', 7, '2023-07-31 22:00:26'),
(24059, 8, 33072, 2, '2023-08-01', 7, '2023-08-01 00:00:01'),
(24060, 8, 33073, 2, '2023-08-01', 7, '2023-08-01 00:00:08'),
(24061, 8, 33074, 2, '2023-08-01', 7, '2023-08-01 00:00:14'),
(24062, 8, 33075, 2, '2023-08-01', 7, '2023-08-01 00:00:20'),
(24063, 8, 33076, 2, '2023-08-01', 7, '2023-08-01 00:00:26'),
(24064, 8, 33077, 2, '2023-08-01', 7, '2023-08-01 00:00:32'),
(24065, 8, 33078, 2, '2023-08-01', 7, '2023-08-01 00:00:38'),
(24066, 8, 33079, 2, '2023-08-01', 7, '2023-08-01 00:00:44'),
(24067, 8, 33080, 2, '2023-08-01', 7, '2023-08-01 00:00:50'),
(24068, 8, 33081, 2, '2023-08-01', 7, '2023-08-01 00:00:56'),
(24069, 8, 33082, 2, '2023-08-01', 7, '2023-08-01 02:00:02'),
(24070, 8, 33083, 2, '2023-08-01', 7, '2023-08-01 10:00:01'),
(24071, 8, 33084, 2, '2023-08-01', 7, '2023-08-01 10:00:07'),
(24072, 8, 33085, 2, '2023-08-01', 7, '2023-08-01 10:00:13'),
(24073, 8, 33086, 2, '2023-08-01', 7, '2023-08-01 10:00:19'),
(24074, 8, 33087, 2, '2023-08-01', 7, '2023-08-01 12:00:02'),
(24075, 8, 33088, 2, '2023-08-01', 7, '2023-08-01 12:00:07'),
(24076, 8, 33089, 2, '2023-08-01', 7, '2023-08-01 12:00:13'),
(24077, 8, 33090, 2, '2023-08-01', 7, '2023-08-01 12:00:19'),
(24078, 8, 33091, 2, '2023-08-01', 7, '2023-08-01 14:00:02'),
(24079, 8, 33092, 2, '2023-08-01', 7, '2023-08-01 14:00:07'),
(24080, 8, 33093, 2, '2023-08-01', 7, '2023-08-01 14:00:13'),
(24081, 8, 33094, 2, '2023-08-01', 7, '2023-08-01 14:00:19'),
(24082, 8, 33095, 2, '2023-08-01', 7, '2023-08-01 16:00:02'),
(24083, 8, 33096, 2, '2023-08-01', 7, '2023-08-01 16:00:08'),
(24084, 8, 33097, 2, '2023-08-01', 7, '2023-08-01 16:00:14'),
(24085, 8, 33098, 2, '2023-08-01', 7, '2023-08-01 18:00:02'),
(24086, 8, 33099, 2, '2023-08-01', 7, '2023-08-01 18:00:08'),
(24087, 8, 33100, 2, '2023-08-01', 7, '2023-08-01 18:00:14'),
(24088, 8, 33101, 2, '2023-08-01', 7, '2023-08-01 18:00:20'),
(24089, 8, 33102, 2, '2023-08-01', 7, '2023-08-01 18:00:26'),
(24090, 8, 33103, 2, '2023-08-01', 7, '2023-08-01 18:00:32'),
(24091, 8, 33104, 2, '2023-08-01', 7, '2023-08-01 20:00:02'),
(24092, 8, 33105, 2, '2023-08-01', 7, '2023-08-01 20:00:07'),
(24093, 8, 33106, 2, '2023-08-01', 7, '2023-08-01 20:00:13'),
(24094, 8, 33107, 2, '2023-08-01', 7, '2023-08-01 20:00:19'),
(24095, 8, 33108, 2, '2023-08-01', 7, '2023-08-01 22:00:01'),
(24096, 8, 33109, 2, '2023-08-01', 7, '2023-08-01 22:00:07'),
(24097, 8, 33110, 2, '2023-08-02', 7, '2023-08-02 00:00:02'),
(24098, 8, 33111, 2, '2023-08-02', 7, '2023-08-02 00:00:08'),
(24099, 8, 33112, 2, '2023-08-02', 7, '2023-08-02 00:00:14'),
(24100, 8, 33113, 2, '2023-08-02', 7, '2023-08-02 00:00:20'),
(24101, 8, 33114, 2, '2023-08-02', 7, '2023-08-02 00:00:26'),
(24102, 8, 33115, 2, '2023-08-02', 7, '2023-08-02 00:00:32'),
(24103, 8, 33116, 2, '2023-08-02', 7, '2023-08-02 10:00:03'),
(24104, 8, 33117, 2, '2023-08-02', 7, '2023-08-02 10:00:08'),
(24105, 8, 33118, 2, '2023-08-02', 7, '2023-08-02 10:00:14'),
(24106, 8, 33119, 2, '2023-08-02', 7, '2023-08-02 10:00:20'),
(24107, 8, 33120, 2, '2023-08-02', 7, '2023-08-02 10:00:26'),
(24108, 8, 33121, 2, '2023-08-02', 7, '2023-08-02 10:00:32'),
(24109, 8, 33122, 2, '2023-08-02', 7, '2023-08-02 10:00:38'),
(24110, 8, 33123, 2, '2023-08-02', 7, '2023-08-02 12:00:01'),
(24111, 8, 33124, 2, '2023-08-02', 7, '2023-08-02 12:00:07'),
(24112, 8, 33125, 2, '2023-08-02', 7, '2023-08-02 12:00:13'),
(24113, 8, 33126, 2, '2023-08-02', 7, '2023-08-02 14:00:03'),
(24114, 8, 33127, 2, '2023-08-02', 7, '2023-08-02 14:00:08'),
(24115, 8, 33128, 2, '2023-08-02', 7, '2023-08-02 14:00:14'),
(24116, 8, 33129, 2, '2023-08-02', 7, '2023-08-02 16:00:02'),
(24117, 8, 33130, 2, '2023-08-02', 7, '2023-08-02 16:00:07'),
(24118, 8, 33131, 2, '2023-08-02', 7, '2023-08-02 16:00:14'),
(24119, 8, 33132, 2, '2023-08-02', 7, '2023-08-02 16:00:20'),
(24120, 8, 33133, 2, '2023-08-02', 7, '2023-08-02 16:00:26'),
(24121, 8, 33134, 2, '2023-08-02', 7, '2023-08-02 16:00:32'),
(24122, 8, 33135, 2, '2023-08-02', 7, '2023-08-02 16:00:38'),
(24123, 8, 33136, 2, '2023-08-02', 7, '2023-08-02 16:00:44'),
(24124, 8, 33137, 2, '2023-08-02', 7, '2023-08-02 16:00:50'),
(24125, 8, 33138, 2, '2023-08-02', 7, '2023-08-02 18:00:01'),
(24126, 8, 33139, 2, '2023-08-02', 7, '2023-08-02 18:00:07'),
(24127, 8, 33140, 2, '2023-08-02', 7, '2023-08-02 18:00:13'),
(24128, 8, 33141, 2, '2023-08-02', 7, '2023-08-02 18:00:19'),
(24129, 8, 33142, 2, '2023-08-02', 7, '2023-08-02 18:00:25'),
(24130, 8, 33143, 2, '2023-08-02', 7, '2023-08-02 18:00:31'),
(24131, 8, 33144, 2, '2023-08-02', 7, '2023-08-02 18:00:37'),
(24132, 8, 33145, 2, '2023-08-02', 7, '2023-08-02 18:00:43'),
(24133, 8, 33146, 2, '2023-08-02', 7, '2023-08-02 20:00:02'),
(24134, 8, 33147, 2, '2023-08-02', 7, '2023-08-02 20:00:08'),
(24135, 8, 33148, 2, '2023-08-02', 7, '2023-08-02 22:00:02'),
(24136, 8, 33149, 2, '2023-08-02', 7, '2023-08-02 22:00:08'),
(24137, 8, 33150, 2, '2023-08-02', 7, '2023-08-02 22:00:14'),
(24138, 8, 33151, 2, '2023-08-02', 7, '2023-08-02 22:00:20'),
(24139, 8, 33152, 2, '2023-08-02', 7, '2023-08-02 22:00:26'),
(24140, 8, 33153, 2, '2023-08-02', 7, '2023-08-02 22:00:32'),
(24141, 8, 33154, 2, '2023-08-02', 7, '2023-08-02 22:00:38'),
(24142, 8, 33155, 2, '2023-08-02', 7, '2023-08-02 22:00:44'),
(24143, 8, 33156, 2, '2023-08-02', 7, '2023-08-02 22:00:50'),
(24144, 8, 33157, 2, '2023-08-02', 7, '2023-08-02 22:00:56'),
(24145, 8, 33158, 2, '2023-08-03', 7, '2023-08-03 00:00:07'),
(24146, 8, 33159, 2, '2023-08-03', 7, '2023-08-03 00:00:13'),
(24147, 8, 33160, 2, '2023-08-03', 7, '2023-08-03 06:00:02'),
(24148, 8, 33161, 2, '2023-08-03', 7, '2023-08-03 10:00:02'),
(24149, 8, 33162, 2, '2023-08-03', 7, '2023-08-03 10:00:07'),
(24150, 8, 33163, 2, '2023-08-03', 7, '2023-08-03 10:00:13'),
(24151, 8, 33164, 2, '2023-08-03', 7, '2023-08-03 12:00:02'),
(24152, 8, 33165, 2, '2023-08-03', 7, '2023-08-03 12:00:09'),
(24153, 8, 33166, 2, '2023-08-03', 7, '2023-08-03 14:00:01'),
(24154, 8, 33167, 2, '2023-08-03', 7, '2023-08-03 14:00:07'),
(24155, 8, 33168, 2, '2023-08-03', 7, '2023-08-03 14:00:13'),
(24156, 8, 33169, 2, '2023-08-03', 7, '2023-08-03 14:00:19'),
(24157, 8, 33170, 2, '2023-08-03', 7, '2023-08-03 14:00:25'),
(24158, 8, 33171, 2, '2023-08-03', 7, '2023-08-03 14:00:31'),
(24159, 8, 33172, 2, '2023-08-03', 7, '2023-08-03 14:00:37'),
(24160, 8, 33173, 2, '2023-08-03', 7, '2023-08-03 14:00:43'),
(24161, 8, 33174, 2, '2023-08-03', 7, '2023-08-03 14:00:49'),
(24162, 8, 33175, 2, '2023-08-03', 7, '2023-08-03 16:00:02'),
(24163, 8, 33176, 2, '2023-08-03', 7, '2023-08-03 16:00:08'),
(24164, 8, 33177, 2, '2023-08-03', 7, '2023-08-03 18:00:01'),
(24165, 8, 33178, 2, '2023-08-03', 7, '2023-08-03 18:00:07'),
(24166, 8, 33179, 2, '2023-08-03', 7, '2023-08-03 20:00:02'),
(24167, 8, 33180, 2, '2023-08-03', 7, '2023-08-03 20:00:07'),
(24168, 8, 33181, 2, '2023-08-03', 7, '2023-08-03 20:00:13'),
(24169, 8, 33182, 2, '2023-08-03', 7, '2023-08-03 20:00:19'),
(24170, 8, 33183, 2, '2023-08-03', 7, '2023-08-03 22:00:02'),
(24171, 8, 33184, 2, '2023-08-03', 7, '2023-08-03 22:00:07'),
(24172, 8, 33185, 2, '2023-08-03', 7, '2023-08-03 22:00:13'),
(24173, 8, 33186, 2, '2023-08-03', 7, '2023-08-03 22:00:19'),
(24174, 8, 33187, 2, '2023-08-04', 7, '2023-08-04 00:00:03'),
(24175, 8, 33188, 2, '2023-08-04', 7, '2023-08-04 00:00:09'),
(24176, 8, 33189, 2, '2023-08-04', 7, '2023-08-04 12:00:02'),
(24177, 8, 33190, 2, '2023-08-04', 7, '2023-08-04 12:00:08'),
(24178, 8, 33191, 2, '2023-08-04', 7, '2023-08-04 12:00:14'),
(24179, 8, 33192, 2, '2023-08-04', 7, '2023-08-04 14:00:02'),
(24180, 8, 33193, 2, '2023-08-04', 7, '2023-08-04 14:00:07'),
(24181, 8, 33194, 2, '2023-08-04', 7, '2023-08-04 16:00:02'),
(24182, 8, 33195, 2, '2023-08-04', 7, '2023-08-04 16:00:08'),
(24183, 8, 33196, 2, '2023-08-04', 7, '2023-08-04 16:00:14'),
(24184, 8, 33197, 2, '2023-08-04', 7, '2023-08-04 18:00:01'),
(24185, 8, 33198, 2, '2023-08-04', 7, '2023-08-04 18:00:07'),
(24186, 8, 33199, 2, '2023-08-04', 7, '2023-08-04 18:00:13'),
(24187, 8, 33200, 2, '2023-08-04', 7, '2023-08-04 18:00:19'),
(24188, 8, 33201, 2, '2023-08-04', 7, '2023-08-04 18:00:25'),
(24189, 8, 33202, 2, '2023-08-04', 7, '2023-08-04 20:00:02'),
(24190, 8, 33203, 2, '2023-08-04', 7, '2023-08-04 20:00:07'),
(24191, 8, 33204, 2, '2023-08-04', 7, '2023-08-04 22:00:02'),
(24192, 8, 33205, 2, '2023-08-04', 7, '2023-08-04 22:00:07'),
(24193, 8, 33206, 2, '2023-08-04', 7, '2023-08-04 22:00:13'),
(24194, 8, 33207, 2, '2023-08-04', 7, '2023-08-04 22:00:19'),
(24195, 8, 33208, 2, '2023-08-04', 7, '2023-08-04 22:00:25'),
(24196, 8, 33209, 2, '2023-08-04', 7, '2023-08-04 22:00:31'),
(24197, 8, 33210, 2, '2023-08-04', 7, '2023-08-04 22:00:37'),
(24198, 8, 33211, 2, '2023-08-05', 7, '2023-08-05 00:00:01'),
(24199, 8, 33212, 2, '2023-08-05', 7, '2023-08-05 00:00:07'),
(24200, 8, 33213, 2, '2023-08-05', 7, '2023-08-05 00:00:13'),
(24201, 8, 33214, 2, '2023-08-05', 7, '2023-08-05 00:00:19'),
(24202, 8, 33215, 2, '2023-08-05', 7, '2023-08-05 00:00:25'),
(24203, 8, 33216, 2, '2023-08-05', 7, '2023-08-05 00:00:31'),
(24204, 8, 33217, 2, '2023-08-05', 7, '2023-08-05 00:00:37'),
(24205, 8, 33218, 2, '2023-08-05', 7, '2023-08-05 14:00:02'),
(24206, 8, 33219, 2, '2023-08-05', 7, '2023-08-05 14:00:08'),
(24207, 8, 33220, 2, '2023-08-05', 7, '2023-08-05 16:00:02'),
(24208, 8, 33221, 2, '2023-08-05', 7, '2023-08-05 18:00:03'),
(24209, 8, 33222, 2, '2023-08-05', 7, '2023-08-05 20:00:01'),
(24210, 8, 33223, 2, '2023-08-05', 7, '2023-08-05 20:00:06'),
(24211, 8, 33224, 2, '2023-08-05', 7, '2023-08-05 20:00:13'),
(24212, 8, 33225, 2, '2023-08-05', 7, '2023-08-05 22:00:01'),
(24213, 8, 33226, 2, '2023-08-06', 7, '2023-08-06 00:00:01'),
(24214, 8, 33227, 2, '2023-08-06', 7, '2023-08-06 00:00:07'),
(24215, 8, 33228, 2, '2023-08-06', 7, '2023-08-06 12:00:02'),
(24216, 8, 33229, 2, '2023-08-06', 7, '2023-08-06 12:00:07'),
(24217, 8, 33230, 2, '2023-08-06', 7, '2023-08-06 16:00:01'),
(24218, 8, 33231, 2, '2023-08-06', 7, '2023-08-06 16:00:07'),
(24219, 8, 33232, 2, '2023-08-06', 7, '2023-08-06 18:00:02'),
(24220, 8, 33233, 2, '2023-08-06', 7, '2023-08-06 20:00:02'),
(24221, 8, 33234, 2, '2023-08-06', 7, '2023-08-06 20:00:07'),
(24222, 8, 33235, 2, '2023-08-06', 7, '2023-08-06 20:00:13'),
(24223, 8, 33236, 2, '2023-08-06', 7, '2023-08-06 20:00:19'),
(24224, 8, 33237, 2, '2023-08-06', 7, '2023-08-06 20:00:25'),
(24225, 8, 33238, 2, '2023-08-06', 7, '2023-08-06 20:00:31'),
(24226, 8, 33239, 2, '2023-08-07', 7, '2023-08-07 14:00:02'),
(24227, 8, 33240, 2, '2023-08-07', 7, '2023-08-07 14:00:07'),
(24228, 8, 33241, 2, '2023-08-07', 7, '2023-08-07 14:00:13'),
(24229, 8, 33242, 2, '2023-08-07', 7, '2023-08-07 14:00:19'),
(24230, 8, 33243, 2, '2023-08-07', 7, '2023-08-07 16:00:02'),
(24231, 8, 33244, 2, '2023-08-07', 7, '2023-08-07 16:00:07'),
(24232, 8, 33245, 2, '2023-08-07', 7, '2023-08-07 16:00:13'),
(24233, 8, 33246, 2, '2023-08-07', 7, '2023-08-07 16:00:19'),
(24234, 8, 33247, 2, '2023-08-07', 7, '2023-08-07 16:00:25'),
(24235, 8, 33248, 2, '2023-08-07', 7, '2023-08-07 16:00:31'),
(24236, 8, 33249, 2, '2023-08-07', 7, '2023-08-07 18:00:03'),
(24237, 8, 33250, 2, '2023-08-07', 7, '2023-08-07 18:00:08'),
(24238, 8, 33251, 2, '2023-08-07', 7, '2023-08-07 18:00:14'),
(24239, 8, 33252, 2, '2023-08-07', 7, '2023-08-07 20:00:01'),
(24240, 8, 33253, 2, '2023-08-07', 7, '2023-08-07 20:00:07'),
(24241, 8, 33254, 2, '2023-08-07', 7, '2023-08-07 20:00:13'),
(24242, 8, 33255, 2, '2023-08-07', 7, '2023-08-07 20:00:19'),
(24243, 8, 33256, 2, '2023-08-07', 7, '2023-08-07 20:00:25'),
(24244, 8, 33257, 2, '2023-08-07', 7, '2023-08-07 20:00:31'),
(24245, 8, 33258, 2, '2023-08-07', 7, '2023-08-07 20:00:37'),
(24246, 8, 33259, 2, '2023-08-07', 7, '2023-08-07 20:00:43'),
(24247, 8, 33260, 2, '2023-08-07', 7, '2023-08-07 20:00:49'),
(24248, 8, 33261, 2, '2023-08-07', 7, '2023-08-07 22:00:02'),
(24249, 8, 33262, 2, '2023-08-07', 7, '2023-08-07 22:00:08'),
(24250, 8, 33263, 2, '2023-08-07', 7, '2023-08-07 22:00:14'),
(24251, 8, 33264, 2, '2023-08-07', 7, '2023-08-07 22:00:20'),
(24252, 8, 33265, 2, '2023-08-08', 7, '2023-08-08 00:00:02'),
(24253, 8, 33266, 2, '2023-08-08', 7, '2023-08-08 00:00:09'),
(24254, 8, 33267, 2, '2023-08-08', 7, '2023-08-08 00:00:15'),
(24255, 8, 33268, 2, '2023-08-08', 7, '2023-08-08 00:00:21'),
(24256, 8, 33269, 2, '2023-08-08', 7, '2023-08-08 10:00:02'),
(24257, 8, 33270, 2, '2023-08-08', 7, '2023-08-08 12:00:01'),
(24258, 8, 33271, 2, '2023-08-08', 7, '2023-08-08 14:00:02'),
(24259, 8, 33272, 2, '2023-08-08', 7, '2023-08-08 14:00:08'),
(24260, 8, 33273, 2, '2023-08-08', 7, '2023-08-08 14:00:14');
INSERT INTO `campaigns_push_send` (`id_push_send`, `id_detail`, `id_subscriber`, `id_list`, `date_send`, `id_user`, `create_date`) VALUES
(24261, 8, 33274, 2, '2023-08-08', 7, '2023-08-08 16:00:01'),
(24262, 8, 33275, 2, '2023-08-08', 7, '2023-08-08 16:00:07'),
(24263, 8, 33276, 2, '2023-08-08', 7, '2023-08-08 16:00:13'),
(24264, 8, 33277, 2, '2023-08-08', 7, '2023-08-08 16:00:19'),
(24265, 8, 33278, 2, '2023-08-08', 7, '2023-08-08 16:00:25'),
(24266, 8, 33279, 2, '2023-08-08', 7, '2023-08-08 18:00:02'),
(24267, 8, 33280, 2, '2023-08-08', 7, '2023-08-08 18:00:08'),
(24268, 8, 33281, 2, '2023-08-08', 7, '2023-08-08 18:00:14'),
(24269, 8, 33282, 2, '2023-08-08', 7, '2023-08-08 20:00:02'),
(24270, 8, 33283, 2, '2023-08-08', 7, '2023-08-08 22:00:04'),
(24271, 8, 33284, 2, '2023-08-08', 7, '2023-08-08 22:00:10'),
(24272, 8, 33285, 2, '2023-08-08', 7, '2023-08-08 22:00:16'),
(24273, 8, 33286, 2, '2023-08-08', 7, '2023-08-08 22:00:22'),
(24274, 8, 33287, 2, '2023-08-08', 7, '2023-08-08 22:00:28'),
(24275, 8, 33288, 2, '2023-08-08', 7, '2023-08-08 22:00:34'),
(24276, 8, 33289, 2, '2023-08-09', 7, '2023-08-09 00:00:02'),
(24277, 8, 33290, 2, '2023-08-09', 7, '2023-08-09 00:00:07'),
(24278, 8, 33291, 2, '2023-08-09', 7, '2023-08-09 00:00:13'),
(24279, 8, 33292, 2, '2023-08-09', 7, '2023-08-09 00:00:19'),
(24280, 8, 33293, 2, '2023-08-09', 7, '2023-08-09 00:00:25'),
(24281, 8, 33294, 2, '2023-08-09', 7, '2023-08-09 00:00:31'),
(24282, 8, 33295, 2, '2023-08-09', 7, '2023-08-09 00:00:37'),
(24283, 8, 33296, 2, '2023-08-09', 7, '2023-08-09 12:00:02'),
(24284, 8, 33297, 2, '2023-08-09', 7, '2023-08-09 14:00:01'),
(24285, 8, 33298, 2, '2023-08-09', 7, '2023-08-09 14:00:07'),
(24286, 8, 33299, 2, '2023-08-09', 7, '2023-08-09 14:00:13'),
(24287, 8, 33300, 2, '2023-08-09', 7, '2023-08-09 14:00:19'),
(24288, 8, 33301, 2, '2023-08-09', 7, '2023-08-09 14:00:25'),
(24289, 8, 33302, 2, '2023-08-09', 7, '2023-08-09 14:00:31'),
(24290, 8, 33303, 2, '2023-08-09', 7, '2023-08-09 16:00:01'),
(24291, 8, 33304, 2, '2023-08-09', 7, '2023-08-09 16:00:07'),
(24292, 8, 33305, 2, '2023-08-09', 7, '2023-08-09 16:00:13'),
(24293, 8, 33306, 2, '2023-08-09', 7, '2023-08-09 18:00:02'),
(24294, 8, 33307, 2, '2023-08-09', 7, '2023-08-09 20:00:02'),
(24295, 8, 33308, 2, '2023-08-09', 7, '2023-08-09 20:00:08'),
(24296, 8, 33309, 2, '2023-08-09', 7, '2023-08-09 20:00:14'),
(24297, 8, 33310, 2, '2023-08-09', 7, '2023-08-09 20:00:20'),
(24298, 8, 33311, 2, '2023-08-09', 7, '2023-08-09 20:00:26'),
(24299, 8, 33312, 2, '2023-08-09', 7, '2023-08-09 22:00:02'),
(24300, 8, 33313, 2, '2023-08-09', 7, '2023-08-09 22:00:07'),
(24301, 8, 33314, 2, '2023-08-10', 7, '2023-08-10 00:00:02'),
(24302, 8, 33315, 2, '2023-08-10', 7, '2023-08-10 00:00:08'),
(24303, 8, 33316, 2, '2023-08-10', 7, '2023-08-10 00:00:21'),
(24304, 8, 33317, 2, '2023-08-10', 7, '2023-08-10 10:00:02'),
(24305, 8, 33318, 2, '2023-08-10', 7, '2023-08-10 10:00:08'),
(24306, 8, 33319, 2, '2023-08-10', 7, '2023-08-10 12:00:02'),
(24307, 8, 33320, 2, '2023-08-10', 7, '2023-08-10 12:00:07'),
(24308, 8, 33321, 2, '2023-08-10', 7, '2023-08-10 12:00:13'),
(24309, 8, 33322, 2, '2023-08-10', 7, '2023-08-10 12:00:19'),
(24310, 8, 33323, 2, '2023-08-10', 7, '2023-08-10 14:00:02'),
(24311, 8, 33324, 2, '2023-08-10', 7, '2023-08-10 14:00:08'),
(24312, 8, 33325, 2, '2023-08-10', 7, '2023-08-10 14:00:14'),
(24313, 8, 33326, 2, '2023-08-10', 7, '2023-08-10 14:00:19'),
(24314, 8, 33327, 2, '2023-08-10', 7, '2023-08-10 14:00:26'),
(24315, 8, 33328, 2, '2023-08-10', 7, '2023-08-10 14:00:32'),
(24316, 8, 33329, 2, '2023-08-10', 7, '2023-08-10 16:00:02'),
(24317, 8, 33330, 2, '2023-08-10', 7, '2023-08-10 16:00:07'),
(24318, 8, 33331, 2, '2023-08-10', 7, '2023-08-10 16:00:13'),
(24319, 8, 33332, 2, '2023-08-10', 7, '2023-08-10 16:00:19'),
(24320, 8, 33333, 2, '2023-08-10', 7, '2023-08-10 18:00:03'),
(24321, 8, 33334, 2, '2023-08-10', 7, '2023-08-10 18:00:09'),
(24322, 8, 33335, 2, '2023-08-10', 7, '2023-08-10 18:00:15'),
(24323, 8, 33336, 2, '2023-08-10', 7, '2023-08-10 20:00:02'),
(24324, 8, 33337, 2, '2023-08-10', 7, '2023-08-10 20:00:08'),
(24325, 8, 33338, 2, '2023-08-10', 7, '2023-08-10 20:00:14'),
(24326, 8, 33339, 2, '2023-08-10', 7, '2023-08-10 20:00:20'),
(24327, 8, 33340, 2, '2023-08-10', 7, '2023-08-10 22:00:02'),
(24328, 8, 33341, 2, '2023-08-10', 7, '2023-08-10 22:00:08'),
(24329, 8, 33342, 2, '2023-08-10', 7, '2023-08-10 22:00:14'),
(24330, 8, 33343, 2, '2023-08-10', 7, '2023-08-10 22:00:20'),
(24331, 8, 33344, 2, '2023-08-10', 7, '2023-08-10 22:00:26'),
(24332, 8, 33345, 2, '2023-08-10', 7, '2023-08-10 22:00:32'),
(24333, 8, 33346, 2, '2023-08-10', 7, '2023-08-10 22:00:38'),
(24334, 8, 33347, 2, '2023-08-10', 7, '2023-08-10 22:00:44'),
(24335, 8, 33348, 2, '2023-08-10', 7, '2023-08-10 22:00:50'),
(24336, 8, 33349, 2, '2023-08-10', 7, '2023-08-10 22:00:56'),
(24337, 8, 33350, 2, '2023-08-11', 7, '2023-08-11 00:00:01'),
(24338, 8, 33351, 2, '2023-08-11', 7, '2023-08-11 10:00:02'),
(24339, 8, 33352, 2, '2023-08-11', 7, '2023-08-11 12:00:01'),
(24340, 8, 33353, 2, '2023-08-11', 7, '2023-08-11 12:00:07'),
(24341, 8, 33354, 2, '2023-08-11', 7, '2023-08-11 12:00:13'),
(24342, 8, 33355, 2, '2023-08-11', 7, '2023-08-11 12:00:19'),
(24343, 8, 33356, 2, '2023-08-11', 7, '2023-08-11 12:00:25'),
(24344, 8, 33357, 2, '2023-08-11', 7, '2023-08-11 12:00:31'),
(24345, 8, 33358, 2, '2023-08-11', 7, '2023-08-11 14:00:10'),
(24346, 8, 33359, 2, '2023-08-11', 7, '2023-08-11 14:00:16'),
(24347, 8, 33360, 2, '2023-08-11', 7, '2023-08-11 14:00:22'),
(24348, 8, 33361, 2, '2023-08-11', 7, '2023-08-11 14:00:28'),
(24349, 8, 33362, 2, '2023-08-11', 7, '2023-08-11 16:00:02'),
(24350, 8, 33363, 2, '2023-08-11', 7, '2023-08-11 16:00:07'),
(24351, 8, 33364, 2, '2023-08-11', 7, '2023-08-11 16:00:13'),
(24352, 8, 33365, 2, '2023-08-11', 7, '2023-08-11 16:00:19'),
(24353, 8, 33366, 2, '2023-08-11', 7, '2023-08-11 16:00:25'),
(24354, 8, 33367, 2, '2023-08-11', 7, '2023-08-11 16:00:31'),
(24355, 8, 33368, 2, '2023-08-11', 7, '2023-08-11 16:00:38'),
(24356, 8, 33369, 2, '2023-08-11', 7, '2023-08-11 18:00:02'),
(24357, 8, 33370, 2, '2023-08-11', 7, '2023-08-11 18:00:10'),
(24358, 8, 33371, 2, '2023-08-11', 7, '2023-08-11 18:00:16'),
(24359, 8, 33372, 2, '2023-08-11', 7, '2023-08-11 18:00:22'),
(24360, 8, 33373, 2, '2023-08-11', 7, '2023-08-11 18:00:28'),
(24361, 8, 33374, 2, '2023-08-11', 7, '2023-08-11 20:00:02'),
(24362, 8, 33375, 2, '2023-08-11', 7, '2023-08-11 20:00:07'),
(24363, 8, 33376, 2, '2023-08-11', 7, '2023-08-11 20:00:13'),
(24364, 8, 33377, 2, '2023-08-11', 7, '2023-08-11 20:00:19'),
(24365, 8, 33378, 2, '2023-08-11', 7, '2023-08-11 20:00:25'),
(24366, 8, 33379, 2, '2023-08-11', 7, '2023-08-11 20:00:31'),
(24367, 8, 33380, 2, '2023-08-11', 7, '2023-08-11 20:00:37'),
(24368, 8, 33381, 2, '2023-08-11', 7, '2023-08-11 20:00:43'),
(24369, 8, 33382, 2, '2023-08-11', 7, '2023-08-11 20:00:49'),
(24370, 8, 33383, 2, '2023-08-11', 7, '2023-08-11 20:00:55'),
(24371, 8, 33384, 2, '2023-08-11', 7, '2023-08-11 20:01:01'),
(24372, 8, 33385, 2, '2023-08-11', 7, '2023-08-11 20:01:07'),
(24373, 8, 33386, 2, '2023-08-11', 7, '2023-08-11 20:01:13'),
(24374, 8, 33387, 2, '2023-08-11', 7, '2023-08-11 22:00:02'),
(24375, 8, 33388, 2, '2023-08-11', 7, '2023-08-11 22:00:07'),
(24376, 8, 33389, 2, '2023-08-11', 7, '2023-08-11 22:00:13'),
(24377, 8, 33390, 2, '2023-08-11', 7, '2023-08-11 22:00:20'),
(24378, 8, 33391, 2, '2023-08-11', 7, '2023-08-11 22:00:26'),
(24379, 8, 33392, 2, '2023-08-11', 7, '2023-08-11 22:00:32'),
(24380, 8, 33393, 2, '2023-08-11', 7, '2023-08-11 22:00:38'),
(24381, 8, 33394, 2, '2023-08-11', 7, '2023-08-11 22:00:44'),
(24382, 8, 33395, 2, '2023-08-11', 7, '2023-08-11 22:00:50'),
(24383, 8, 33396, 2, '2023-08-12', 7, '2023-08-12 12:00:02'),
(24384, 8, 33397, 2, '2023-08-12', 7, '2023-08-12 12:00:08'),
(24385, 8, 33398, 2, '2023-08-12', 7, '2023-08-12 14:00:02'),
(24386, 8, 33399, 2, '2023-08-12', 7, '2023-08-12 16:00:01'),
(24387, 8, 33400, 2, '2023-08-12', 7, '2023-08-12 16:00:07'),
(24388, 8, 33401, 2, '2023-08-12', 7, '2023-08-12 16:00:13'),
(24389, 8, 33402, 2, '2023-08-12', 7, '2023-08-12 16:00:19'),
(24390, 8, 33403, 2, '2023-08-12', 7, '2023-08-12 16:00:25'),
(24391, 8, 33404, 2, '2023-08-12', 7, '2023-08-12 16:00:31'),
(24392, 8, 33405, 2, '2023-08-12', 7, '2023-08-12 16:00:37'),
(24393, 8, 33406, 2, '2023-08-12', 7, '2023-08-12 16:00:43'),
(24394, 8, 33407, 2, '2023-08-12', 7, '2023-08-12 18:00:03'),
(24395, 8, 33408, 2, '2023-08-12', 7, '2023-08-12 18:00:09'),
(24396, 8, 33409, 2, '2023-08-12', 7, '2023-08-12 18:00:15'),
(24397, 8, 33410, 2, '2023-08-12', 7, '2023-08-12 18:00:21'),
(24398, 8, 33411, 2, '2023-08-12', 7, '2023-08-12 18:00:27'),
(24399, 8, 33412, 2, '2023-08-12', 7, '2023-08-12 18:00:33'),
(24400, 8, 33413, 2, '2023-08-12', 7, '2023-08-12 18:00:39'),
(24401, 8, 33414, 2, '2023-08-12', 7, '2023-08-12 18:00:45'),
(24402, 8, 33415, 2, '2023-08-12', 7, '2023-08-12 18:00:51'),
(24403, 8, 33416, 2, '2023-08-12', 7, '2023-08-12 20:00:01'),
(24404, 8, 33417, 2, '2023-08-12', 7, '2023-08-12 20:00:07'),
(24405, 8, 33418, 2, '2023-08-12', 7, '2023-08-12 20:00:13'),
(24406, 8, 33419, 2, '2023-08-12', 7, '2023-08-12 20:00:19'),
(24407, 8, 33420, 2, '2023-08-13', 7, '2023-08-13 00:00:02'),
(24408, 8, 33421, 2, '2023-08-13', 7, '2023-08-13 00:00:13'),
(24409, 8, 33422, 2, '2023-08-13', 7, '2023-08-13 12:00:03'),
(24410, 8, 33423, 2, '2023-08-13', 7, '2023-08-13 12:00:08'),
(24411, 8, 33424, 2, '2023-08-13', 7, '2023-08-13 12:00:14'),
(24412, 8, 33425, 2, '2023-08-13', 7, '2023-08-13 14:00:01'),
(24413, 8, 33426, 2, '2023-08-13', 7, '2023-08-13 14:00:06'),
(24414, 8, 33427, 2, '2023-08-13', 7, '2023-08-13 16:00:01'),
(24415, 8, 33428, 2, '2023-08-13', 7, '2023-08-13 16:00:07'),
(24416, 8, 33429, 2, '2023-08-13', 7, '2023-08-13 20:00:02'),
(24417, 8, 33430, 2, '2023-08-13', 7, '2023-08-13 20:00:08'),
(24418, 8, 33431, 2, '2023-08-14', 7, '2023-08-14 10:00:02'),
(24419, 8, 33432, 2, '2023-08-14', 7, '2023-08-14 12:00:02'),
(24420, 8, 33433, 2, '2023-08-14', 7, '2023-08-14 12:00:08'),
(24421, 8, 33434, 2, '2023-08-14', 7, '2023-08-14 12:00:14'),
(24422, 8, 33435, 2, '2023-08-14', 7, '2023-08-14 14:00:02'),
(24423, 8, 33436, 2, '2023-08-14', 7, '2023-08-14 14:00:08'),
(24424, 8, 33437, 2, '2023-08-14', 7, '2023-08-14 14:00:14'),
(24425, 8, 33438, 2, '2023-08-14', 7, '2023-08-14 14:00:20'),
(24426, 8, 33439, 2, '2023-08-14', 7, '2023-08-14 16:00:03'),
(24427, 8, 33440, 2, '2023-08-14', 7, '2023-08-14 16:00:08'),
(24428, 8, 33441, 2, '2023-08-14', 7, '2023-08-14 16:00:14'),
(24429, 8, 33442, 2, '2023-08-14', 7, '2023-08-14 18:00:01'),
(24430, 8, 33443, 2, '2023-08-14', 7, '2023-08-14 18:00:07'),
(24431, 8, 33444, 2, '2023-08-14', 7, '2023-08-14 18:00:13'),
(24432, 8, 33445, 2, '2023-08-14', 7, '2023-08-14 18:00:19'),
(24433, 8, 33446, 2, '2023-08-14', 7, '2023-08-14 18:00:25'),
(24434, 8, 33447, 2, '2023-08-14', 7, '2023-08-14 20:00:02'),
(24435, 8, 33448, 2, '2023-08-14', 7, '2023-08-14 20:00:07'),
(24436, 8, 33449, 2, '2023-08-14', 7, '2023-08-14 22:00:01'),
(24437, 8, 33450, 2, '2023-08-14', 7, '2023-08-14 22:00:07'),
(24438, 8, 33451, 2, '2023-08-14', 7, '2023-08-14 22:00:13'),
(24439, 8, 33452, 2, '2023-08-15', 7, '2023-08-15 00:00:01'),
(24440, 8, 33453, 2, '2023-08-15', 7, '2023-08-15 00:00:07'),
(24441, 8, 33454, 2, '2023-08-15', 7, '2023-08-15 00:00:13'),
(24442, 8, 33455, 2, '2023-08-15', 7, '2023-08-15 00:00:19'),
(24443, 8, 33456, 2, '2023-08-15', 7, '2023-08-15 10:00:02'),
(24444, 8, 33457, 2, '2023-08-15', 7, '2023-08-15 10:00:07'),
(24445, 8, 33458, 2, '2023-08-15', 7, '2023-08-15 12:00:01'),
(24446, 8, 33459, 2, '2023-08-15', 7, '2023-08-15 12:00:07'),
(24447, 8, 33460, 2, '2023-08-15', 7, '2023-08-15 14:00:07'),
(24448, 8, 33461, 2, '2023-08-15', 7, '2023-08-15 14:00:13'),
(24449, 8, 33462, 2, '2023-08-15', 7, '2023-08-15 14:00:19'),
(24450, 8, 33463, 2, '2023-08-15', 7, '2023-08-15 14:00:25'),
(24451, 8, 33464, 2, '2023-08-15', 7, '2023-08-15 16:00:02'),
(24452, 8, 33465, 2, '2023-08-15', 7, '2023-08-15 16:00:13'),
(24453, 8, 33466, 2, '2023-08-15', 7, '2023-08-15 16:00:19'),
(24454, 8, 33467, 2, '2023-08-15', 7, '2023-08-15 16:00:25'),
(24455, 8, 33468, 2, '2023-08-15', 7, '2023-08-15 16:00:31'),
(24456, 8, 33469, 2, '2023-08-15', 7, '2023-08-15 16:00:37'),
(24457, 8, 33470, 2, '2023-08-15', 7, '2023-08-15 16:00:43'),
(24458, 8, 33471, 2, '2023-08-15', 7, '2023-08-15 16:00:49'),
(24459, 8, 33472, 2, '2023-08-15', 7, '2023-08-15 16:00:55'),
(24460, 8, 33473, 2, '2023-08-15', 7, '2023-08-15 18:00:08'),
(24461, 8, 33474, 2, '2023-08-15', 7, '2023-08-15 18:00:14'),
(24462, 8, 33475, 2, '2023-08-15', 7, '2023-08-15 18:00:20'),
(24463, 8, 33476, 2, '2023-08-15', 7, '2023-08-15 18:00:26'),
(24464, 8, 33477, 2, '2023-08-15', 7, '2023-08-15 18:00:32'),
(24465, 8, 33478, 2, '2023-08-15', 7, '2023-08-15 20:00:07'),
(24466, 8, 33479, 2, '2023-08-15', 7, '2023-08-15 20:00:13'),
(24467, 8, 33480, 2, '2023-08-15', 7, '2023-08-15 20:00:19'),
(24468, 8, 33481, 2, '2023-08-15', 7, '2023-08-15 20:00:25'),
(24469, 8, 33482, 2, '2023-08-15', 7, '2023-08-15 22:00:07'),
(24470, 8, 33483, 2, '2023-08-15', 7, '2023-08-15 22:00:13'),
(24471, 8, 33484, 2, '2023-08-15', 7, '2023-08-15 22:00:19'),
(24472, 8, 33485, 2, '2023-08-16', 7, '2023-08-16 00:00:07'),
(24473, 8, 33486, 2, '2023-08-16', 7, '2023-08-16 00:00:22'),
(24474, 8, 33487, 2, '2023-08-16', 7, '2023-08-16 00:00:28'),
(24475, 8, 33488, 2, '2023-08-16', 7, '2023-08-16 00:00:34'),
(24476, 8, 33489, 2, '2023-08-16', 7, '2023-08-16 00:00:40'),
(24477, 8, 33490, 2, '2023-08-16', 7, '2023-08-16 12:00:08'),
(24478, 8, 33491, 2, '2023-08-16', 7, '2023-08-16 12:00:14'),
(24479, 8, 33492, 2, '2023-08-16', 7, '2023-08-16 14:00:01'),
(24480, 8, 33493, 2, '2023-08-16', 7, '2023-08-16 14:00:12'),
(24481, 8, 33494, 2, '2023-08-16', 7, '2023-08-16 14:00:18'),
(24482, 8, 33495, 2, '2023-08-16', 7, '2023-08-16 14:00:25'),
(24483, 8, 33496, 2, '2023-08-16', 7, '2023-08-16 14:00:31'),
(24484, 8, 33497, 2, '2023-08-16', 7, '2023-08-16 14:00:37'),
(24485, 8, 33498, 2, '2023-08-16', 7, '2023-08-16 14:00:43'),
(24486, 8, 33499, 2, '2023-08-16', 7, '2023-08-16 14:00:49'),
(24487, 8, 33500, 2, '2023-08-16', 7, '2023-08-16 16:00:07'),
(24488, 8, 33501, 2, '2023-08-16', 7, '2023-08-16 16:00:13'),
(24489, 8, 33502, 2, '2023-08-16', 7, '2023-08-16 16:00:19'),
(24490, 8, 33503, 2, '2023-08-16', 7, '2023-08-16 18:00:07'),
(24491, 8, 33504, 2, '2023-08-16', 7, '2023-08-16 18:00:13'),
(24492, 8, 33505, 2, '2023-08-16', 7, '2023-08-16 18:00:19'),
(24493, 8, 33506, 2, '2023-08-16', 7, '2023-08-16 18:00:25'),
(24494, 8, 33507, 2, '2023-08-16', 7, '2023-08-16 20:00:08'),
(24495, 8, 33508, 2, '2023-08-16', 7, '2023-08-16 20:00:14'),
(24496, 8, 33509, 2, '2023-08-16', 7, '2023-08-16 20:00:20'),
(24497, 8, 33510, 2, '2023-08-16', 7, '2023-08-16 20:00:26'),
(24498, 8, 33511, 2, '2023-08-16', 7, '2023-08-16 20:00:32'),
(24499, 8, 33512, 2, '2023-08-16', 7, '2023-08-16 20:00:38'),
(24500, 8, 33513, 2, '2023-08-16', 7, '2023-08-16 20:00:44'),
(24501, 8, 33514, 2, '2023-08-16', 7, '2023-08-16 20:00:50'),
(24502, 8, 33515, 2, '2023-08-16', 7, '2023-08-16 20:00:56'),
(24503, 8, 33516, 2, '2023-08-16', 7, '2023-08-16 22:00:06'),
(24504, 8, 33517, 2, '2023-08-16', 7, '2023-08-16 22:00:12'),
(24505, 8, 33518, 2, '2023-08-16', 7, '2023-08-16 22:00:18'),
(24506, 8, 33519, 2, '2023-08-17', 7, '2023-08-17 00:00:07'),
(24507, 8, 33520, 2, '2023-08-17', 7, '2023-08-17 00:00:13'),
(24508, 8, 33521, 2, '2023-08-17', 7, '2023-08-17 00:00:19'),
(24509, 8, 33522, 2, '2023-08-17', 7, '2023-08-17 00:00:25'),
(24510, 8, 33523, 2, '2023-08-17', 7, '2023-08-17 00:00:31'),
(24511, 8, 33524, 2, '2023-08-17', 7, '2023-08-17 10:00:07'),
(24512, 8, 33525, 2, '2023-08-17', 7, '2023-08-17 10:00:13');

-- --------------------------------------------------------

--
-- Estructura de tabla para la tabla `campaign_fails`
--

CREATE TABLE `campaign_fails` (
  `id_campaign` int(11) NOT NULL,
  `id_subscriber` int(11) NOT NULL,
  `id_list` int(11) NOT NULL,
  `create_date` datetime NOT NULL
) ENGINE=InnoDB DEFAULT CHARSET=utf8 COLLATE=utf8_unicode_ci;

-- --------------------------------------------------------

--
-- Estructura de tabla para la tabla `campaign_lists`
--

CREATE TABLE `campaign_lists` (
  `id_campaign` int(11) NOT NULL,
  `id_list` int(11) NOT NULL,
  `id_user` int(11) NOT NULL,
  `create_date` datetime NOT NULL
) ENGINE=InnoDB DEFAULT CHARSET=utf8 COLLATE=utf8_unicode_ci;

--
-- Volcado de datos para la tabla `campaign_lists`
--

INSERT INTO `campaign_lists` (`id_campaign`, `id_list`, `id_user`, `create_date`) VALUES
(1, 6, 5, '2022-04-11 14:19:32'),
(2, 1, 5, '2022-04-11 14:27:23'),
(3, 7, 5, '2022-07-11 10:59:47'),
(4, 7, 5, '2022-07-12 14:45:46'),
(5, 1, 5, '2022-08-02 09:52:25'),
(6, 1, 5, '2022-08-02 13:47:42'),
(7, 1, 5, '2022-08-02 15:15:21'),
(8, 8, 9, '2022-08-08 15:09:59'),
(9, 8, 9, '2022-08-08 15:16:48'),
(10, 8, 5, '2022-08-08 16:26:02');

-- --------------------------------------------------------

--
-- Estructura de tabla para la tabla `campaign_send`
--

CREATE TABLE `campaign_send` (
  `id_campaign` int(11) NOT NULL,
  `id_subscriber` int(11) NOT NULL,
  `id_list` int(11) NOT NULL,
  `create_date` datetime NOT NULL
) ENGINE=InnoDB DEFAULT CHARSET=utf8 COLLATE=utf8_unicode_ci;

--
-- Volcado de datos para la tabla `campaign_send`
--

INSERT INTO `campaign_send` (`id_campaign`, `id_subscriber`, `id_list`, `create_date`) VALUES
(1, 1956, 6, '2022-04-11 14:20:36'),
(1, 6, 6, '2022-04-11 14:20:36'),
(2, 1, 1, '2022-04-11 14:27:25'),
(2, 2, 1, '2022-04-11 14:27:25'),
(2, 3, 1, '2022-04-11 14:27:25'),
(2, 4, 1, '2022-04-11 14:27:25'),
(2, 5, 1, '2022-04-11 14:27:25'),
(3, 6, 7, '2022-07-11 10:59:51'),
(3, 5782, 7, '2022-07-11 10:59:51'),
(3, 4, 7, '2022-07-11 10:59:51'),
(3, 5783, 7, '2022-07-11 10:59:51'),
(3, 5, 7, '2022-07-11 10:59:51'),
(3, 5784, 7, '2022-07-11 10:59:51'),
(3, 5785, 7, '2022-07-11 10:59:51'),
(3, 5786, 7, '2022-07-11 10:59:51'),
(3, 5787, 7, '2022-07-11 10:59:51'),
(4, 6, 7, '2022-07-12 14:48:31'),
(4, 5782, 7, '2022-07-12 14:48:31'),
(4, 4, 7, '2022-07-12 14:48:31'),
(4, 5783, 7, '2022-07-12 14:48:31'),
(4, 5, 7, '2022-07-12 14:48:31'),
(4, 5784, 7, '2022-07-12 14:48:31'),
(4, 5785, 7, '2022-07-12 14:48:31'),
(4, 5786, 7, '2022-07-12 14:48:31'),
(4, 5787, 7, '2022-07-12 14:48:31'),
(5, 1, 1, '2022-08-02 11:31:59'),
(5, 2, 1, '2022-08-02 11:31:59'),
(5, 3, 1, '2022-08-02 11:31:59'),
(5, 4, 1, '2022-08-02 11:31:59'),
(5, 5, 1, '2022-08-02 11:31:59'),
(5, 5783, 1, '2022-08-02 11:31:59'),
(5, 5784, 1, '2022-08-02 11:31:59'),
(5, 6, 1, '2022-08-02 11:31:59'),
(6, 1, 1, '2022-08-02 13:48:00'),
(6, 2, 1, '2022-08-02 13:48:00'),
(6, 3, 1, '2022-08-02 13:48:00'),
(6, 4, 1, '2022-08-02 13:48:00'),
(6, 5, 1, '2022-08-02 13:48:00'),
(6, 5783, 1, '2022-08-02 13:48:00'),
(6, 5784, 1, '2022-08-02 13:48:00'),
(6, 6, 1, '2022-08-02 13:48:00'),
(7, 1, 1, '2022-08-02 15:16:43'),
(7, 2, 1, '2022-08-02 15:16:43'),
(7, 3, 1, '2022-08-02 15:16:43'),
(7, 4, 1, '2022-08-02 15:16:43'),
(7, 5, 1, '2022-08-02 15:16:43'),
(7, 5783, 1, '2022-08-02 15:16:43'),
(7, 5784, 1, '2022-08-02 15:16:43'),
(7, 6, 1, '2022-08-02 15:16:43'),
(7, 6523, 1, '2022-08-02 15:16:43'),
(8, 6568, 8, '2022-08-08 15:10:02'),
(8, 6523, 8, '2022-08-08 15:10:02'),
(8, 5783, 8, '2022-08-08 15:10:02'),
(8, 5784, 8, '2022-08-08 15:10:02'),
(8, 6, 8, '2022-08-08 15:10:02'),
(8, 5787, 8, '2022-08-08 15:10:02'),
(9, 6568, 8, '2022-08-08 15:16:51'),
(9, 6523, 8, '2022-08-08 15:16:51'),
(9, 5783, 8, '2022-08-08 15:16:51'),
(9, 5784, 8, '2022-08-08 15:16:51'),
(9, 6, 8, '2022-08-08 15:16:51'),
(9, 5787, 8, '2022-08-08 15:16:51'),
(10, 6568, 8, '2022-08-08 16:29:16'),
(10, 6523, 8, '2022-08-08 16:29:16'),
(10, 5783, 8, '2022-08-08 16:29:16'),
(10, 5784, 8, '2022-08-08 16:29:16'),
(10, 6, 8, '2022-08-08 16:29:16'),
(10, 5787, 8, '2022-08-08 16:29:16'),
(10, 5, 8, '2022-08-08 16:29:16');

-- --------------------------------------------------------

--
-- Estructura de tabla para la tabla `categories`
--

CREATE TABLE `categories` (
  `id_category` int(11) NOT NULL,
  `name_category` varchar(100) NOT NULL,
  `id_status` int(11) NOT NULL,
  `id_user` int(11) NOT NULL,
  `create_date` datetime NOT NULL
) ENGINE=InnoDB DEFAULT CHARSET=utf8 COLLATE=utf8_unicode_ci;

--
-- Volcado de datos para la tabla `categories`
--

INSERT INTO `categories` (`id_category`, `name_category`, `id_status`, `id_user`, `create_date`) VALUES
(1, 'Salud', 1, 3, '2022-01-31 10:25:58'),
(2, 'Bee life', 1, 5, '2022-02-09 11:08:31'),
(3, 'Lanzamiento', 1, 4, '2022-03-02 14:19:17'),
(4, 'Entrevistas', 1, 6, '2022-07-01 23:03:40'),
(5, 'promociones', 1, 5, '2022-08-17 14:55:40'),
(6, 'Launch', 1, 6, '2023-04-11 12:15:07'),
(7, 'Interviews', 1, 6, '2023-04-11 12:15:28');

-- --------------------------------------------------------

--
-- Estructura de tabla para la tabla `contacts`
--

CREATE TABLE `contacts` (
  `phone_contact` varchar(100) NOT NULL,
  `email_contact` varchar(200) NOT NULL,
  `address_contact` varchar(200) NOT NULL,
  `map_contact` varchar(200) NOT NULL,
  `facebook_contact` varchar(200) NOT NULL,
  `instagram_contact` varchar(200) NOT NULL,
  `twitter_contact` varchar(200) NOT NULL,
  `whatsapp_contact` varchar(200) NOT NULL,
  `id_status` int(11) NOT NULL DEFAULT 1,
  `id_user` int(11) NOT NULL,
  `create_date` datetime NOT NULL
) ENGINE=InnoDB DEFAULT CHARSET=utf8 COLLATE=utf8_unicode_ci;

--
-- Volcado de datos para la tabla `contacts`
--

INSERT INTO `contacts` (`phone_contact`, `email_contact`, `address_contact`, `map_contact`, `facebook_contact`, `instagram_contact`, `twitter_contact`, `whatsapp_contact`, `id_status`, `id_user`, `create_date`) VALUES
('+17867825313', 'info@bee-insurance.com', '1110 Brickell Avenue, suite 406, Miami, FL, 33131', 'https://goo.gl/maps/hckAxhiCeFgPsXQu6', 'https://www.facebook.com/Bee-Insurance-111517984802136', 'https://instagram.com/beeinsurance_?utm_medium=copy_link', 'https://twitter.com/beeinsurance_', 'https://api.whatsapp.com/send/?phone=%2B17867825313&text&app_absent=0', 1, 5, '2022-03-09 09:52:08');

-- --------------------------------------------------------

--
-- Estructura de tabla para la tabla `contracts`
--

CREATE TABLE `contracts` (
  `id_contract` int(11) NOT NULL,
  `name_contract` varchar(100) NOT NULL,
  `description_contract` longtext NOT NULL,
  `id_status` int(11) NOT NULL,
  `id_user` int(11) NOT NULL,
  `create_date` datetime NOT NULL
) ENGINE=InnoDB DEFAULT CHARSET=utf8 COLLATE=utf8_unicode_ci;

--
-- Volcado de datos para la tabla `contracts`
--

INSERT INTO `contracts` (`id_contract`, `name_contract`, `description_contract`, `id_status`, `id_user`, `create_date`) VALUES
(2, 'Nuevo', '<p>Entre BEE INSURANCE CORP, que en lo sucesivo y los fines del presente contrato se denominará \"LA COMPAÑÍA\" y {{Nombres}} , que en lo sucesivo y a los fines del presente contrato se denominará \"EL AGENTE\", se ha convenido en celebrar el presente contrato de Alianza Comercial en base a las cláusulas y condiciones que seguidamente se detallan:</p><p>I. Identificación de las partes: BEE INSURANCE COMPANY es una<br>compañía que se dedica a la comercialización de productos de asistencia en<br>viajes.<br>EL AGENTE es un representante independiente y no afiliado que puede<br>comercializar, adquirir y presentar solicitudes para ciertos planes de<br>asistencia, en nombre como apoderado para su cliente, según lo autorizado<br>por este acuerdo.<br></p><br><p>{{Firma_digital}}</p>', 1, 1, '2022-05-28 19:34:43');

-- --------------------------------------------------------

--
-- Estructura de tabla para la tabla `countries`
--

CREATE TABLE `countries` (
  `id_country` int(11) NOT NULL,
  `iso` varchar(2) CHARACTER SET utf8 COLLATE utf8_unicode_ci DEFAULT NULL,
  `name_country` varchar(80) CHARACTER SET utf8 COLLATE utf8_unicode_ci DEFAULT NULL,
  `name_country2` varchar(50) CHARACTER SET utf8 COLLATE utf8_unicode_ci NOT NULL,
  `phone_code` varchar(6) CHARACTER SET utf8 COLLATE utf8_unicode_ci NOT NULL,
  `id_status` int(11) NOT NULL DEFAULT 1,
  `id_user` int(11) NOT NULL DEFAULT 1,
  `create_date` int(11) DEFAULT NULL
) ENGINE=MyISAM DEFAULT CHARSET=utf8 COLLATE=utf8_general_ci;

--
-- Volcado de datos para la tabla `countries`
--

INSERT INTO `countries` (`id_country`, `iso`, `name_country`, `name_country2`, `phone_code`, `id_status`, `id_user`, `create_date`) VALUES
(1, 'AF', 'Afganistán', 'Afghanistan', '93', 2, 5, 2022),
(2, 'AX', 'Islas Gland', 'Åland Islands', '358', 1, 1, NULL),
(3, 'AL', 'Albania', 'Albania', '355', 2, 5, 2022),
(4, 'DE', 'Alemania', 'Germany', '49', 1, 1, NULL),
(5, 'AD', 'Andorra', 'Andorra', '376', 1, 1, NULL),
(6, 'AO', 'Angola', 'Angola', '244', 1, 1, NULL),
(7, 'AI', 'Anguilla', 'Anguilla', '1 264', 1, 1, NULL),
(8, 'AQ', 'Antártida', 'Antarctica', '672', 1, 1, NULL),
(9, 'AG', 'Antigua y Barbuda', 'Antigua and Barbuda', '1 268', 1, 1, NULL),
(10, 'AN', 'Antillas Holandesas', '', '', 1, 1, NULL),
(11, 'SA', 'Arabia Saudí', 'Saudi Arabia', '966', 1, 1, NULL),
(12, 'DZ', 'Argelia', 'Algeria', '213', 1, 1, NULL),
(13, 'AR', 'Argentina', 'Argentina', '54', 1, 1, NULL),
(14, 'AM', 'Armenia', 'Armenia', '374', 1, 1, NULL),
(15, 'AW', 'Aruba', 'Aruba', '297', 1, 1, NULL),
(16, 'AU', 'Australia', 'Australia', '61', 1, 1, NULL),
(17, 'AT', 'Austria', 'Austria', '43', 1, 1, NULL),
(18, 'AZ', 'Azerbaiyán', 'Azerbaijan', '994', 1, 1, NULL),
(19, 'BS', 'Bahamas', 'Bahamas', '1 242', 1, 1, NULL),
(20, 'BH', 'Bahréin', 'Bahrain', '973', 1, 1, NULL),
(21, 'BD', 'Bangladesh', 'Bangladesh', '880', 1, 1, NULL),
(22, 'BB', 'Barbados', 'Barbados', '1 246', 1, 1, NULL),
(23, 'BY', 'Bielorrusia', 'Belarus', '375', 2, 5, 2022),
(24, 'BE', 'Bélgica', 'Belgium', '32', 1, 1, NULL),
(25, 'BZ', 'Belice', 'Belize', '501', 1, 1, NULL),
(26, 'BJ', 'Benin', 'Benin', '229', 1, 1, NULL),
(27, 'BM', 'Bermudas', 'Bermuda Islands', '1 441', 1, 1, NULL),
(28, 'BT', 'Bhután', 'Bhutan', '975', 1, 1, NULL),
(29, 'BO', 'Bolivia', 'Bolivia', '591', 1, 1, NULL),
(30, 'BA', 'Bosnia y Herzegovina', 'Bosnia and Herzegovina', '387', 2, 5, 2022),
(31, 'BW', 'Botsuana', 'Botswana', '267', 1, 1, NULL),
(32, 'BV', 'Isla Bouvet', 'Bouvet Island', '', 1, 1, NULL),
(33, 'BR', 'Brasil', 'Brazil', '55', 1, 1, NULL),
(34, 'BN', 'Brunéi', 'Brunei', '673', 1, 1, NULL),
(35, 'BG', 'Bulgaria', 'Bulgaria', '359', 2, 5, 2022),
(36, 'BF', 'Burkina Faso', 'Burkina Faso', '226', 1, 1, NULL),
(37, 'BI', 'Burundi', 'Burundi', '257', 1, 1, NULL),
(38, 'CV', 'Cabo Verde', 'Cape Verde', '238', 1, 1, NULL),
(39, 'KY', 'Islas Caimán', 'Cayman Islands', '1 345', 1, 1, NULL),
(40, 'KH', 'Camboya', 'Cambodia', '855', 1, 1, NULL),
(41, 'CM', 'Camerún', 'Cameroon', '237', 1, 1, NULL),
(42, 'CA', 'Canadá', 'Canada', '1', 1, 1, NULL),
(43, 'CF', 'República Centroafricana', 'Central African Republic', '236', 1, 1, NULL),
(44, 'TD', 'Chad', 'Chad', '235', 1, 1, NULL),
(45, 'CZ', 'República Checa', 'Czech Republic', '420', 1, 1, NULL),
(46, 'CL', 'Chile', 'Chile', '56', 1, 1, NULL),
(47, 'CN', 'China', 'China', '86', 1, 1, NULL),
(48, 'CY', 'Chipre', 'Cyprus', '357', 1, 1, NULL),
(49, 'CX', 'Isla de Navidad', 'Christmas Island', '61', 1, 1, NULL),
(50, 'VA', 'Ciudad del Vaticano', 'Vatican City State', '39', 1, 1, NULL),
(51, 'CC', 'Islas Cocos', 'Cocos (Keeling) Islands', '61', 1, 1, NULL),
(52, 'CO', 'Colombia', 'Colombia', '57', 1, 1, NULL),
(53, 'KM', 'Comoras', 'Comoros', '269', 1, 1, NULL),
(54, 'CD', 'República Democrática del Congo', 'Democratic Republic of the Congo', '243', 2, 5, 2022),
(55, 'CG', 'Congo', 'Republic of the Congo', '242', 2, 5, 2022),
(56, 'CK', 'Islas Cook', 'Cook Islands', '682', 1, 1, NULL),
(57, 'KP', 'Corea del Norte', 'North Korea', '850', 2, 5, 2022),
(58, 'KR', 'Corea del Sur', 'South Korea', '82', 1, 1, NULL),
(59, 'CI', 'Costa de Marfil', 'Ivory Coast', '225', 1, 1, NULL),
(60, 'CR', 'Costa Rica', 'Costa Rica', '506', 1, 1, NULL),
(61, 'HR', 'Croacia', 'Croatia', '385', 2, 5, 2022),
(62, 'CU', 'Cuba', 'Cuba', '53', 2, 5, 2022),
(63, 'DK', 'Dinamarca', 'Denmark', '45', 1, 1, NULL),
(64, 'DM', 'Dominica', 'Dominica', '1 767', 1, 1, NULL),
(65, 'DO', 'República Dominicana', 'Dominican Republic', '1 809', 1, 1, NULL),
(66, 'EC', 'Ecuador', 'Ecuador', '593', 1, 1, NULL),
(67, 'EG', 'Egipto', 'Egypt', '20', 1, 1, NULL),
(68, 'SV', 'El Salvador', 'El Salvador', '503', 1, 1, NULL),
(69, 'AE', 'Emiratos Árabes Unidos', 'United Arab Emirates', '971', 1, 1, NULL),
(70, 'ER', 'Eritrea', 'Eritrea', '291', 1, 1, NULL),
(71, 'SK', 'Eslovaquia', 'Slovakia', '421', 1, 1, NULL),
(72, 'SI', 'Eslovenia', 'Slovenia', '386', 2, 5, 2022),
(73, 'ES', 'España', 'Spain', '34', 1, 1, NULL),
(74, 'UM', 'Islas ultramarinas de Estados Unidos', 'United States Minor Outlying Islands', '246', 2, 5, 2022),
(75, 'US', 'Estados Unidos', 'United States of America', '1', 2, 5, 2022),
(76, 'EE', 'Estonia', 'Estonia', '372', 1, 1, NULL),
(77, 'ET', 'Etiopía', 'Ethiopia', '251', 1, 1, NULL),
(78, 'FO', 'Islas Feroe', 'Faroe Islands', '298', 1, 1, NULL),
(79, 'PH', 'Filipinas', 'Philippines', '63', 1, 1, NULL),
(80, 'FI', 'Finlandia', 'Finland', '358', 1, 1, NULL),
(81, 'FJ', 'Fiyi', 'Fiji', '679', 1, 1, NULL),
(82, 'FR', 'Francia', 'France', '33', 1, 1, NULL),
(83, 'GA', 'Gabón', 'Gabon', '241', 1, 1, NULL),
(84, 'GM', 'Gambia', 'Gambia', '220', 1, 1, NULL),
(85, 'GE', 'Georgia', 'Georgia', '995', 1, 1, NULL),
(86, 'GS', 'Islas Georgias del Sur y Sandwich del Sur', 'South Georgia and the South Sandwich Islands', '500', 1, 1, NULL),
(87, 'GH', 'Ghana', 'Ghana', '233', 1, 1, NULL),
(88, 'GI', 'Gibraltar', 'Gibraltar', '350', 1, 1, NULL),
(89, 'GD', 'Granada', 'Grenada', '1 473', 1, 1, NULL),
(90, 'GR', 'Grecia', 'Greece', '30', 1, 1, NULL),
(91, 'GL', 'Groenlandia', 'Greenland', '299', 1, 1, NULL),
(92, 'GP', 'Guadalupe', 'Guadeloupe', '590', 1, 1, NULL),
(93, 'GU', 'Guam', 'Guam', '1 671', 1, 1, NULL),
(94, 'GT', 'Guatemala', 'Guatemala', '502', 1, 1, NULL),
(95, 'GF', 'Guayana Francesa', 'French Guiana', '594', 1, 1, NULL),
(96, 'GN', 'Guinea', 'Guinea', '224', 1, 1, NULL),
(97, 'GQ', 'Guinea Ecuatorial', 'Equatorial Guinea', '240', 1, 1, NULL),
(98, 'GW', 'Guinea-Bissau', 'Guinea-Bissau', '245', 1, 1, NULL),
(99, 'GY', 'Guyana', 'Guyana', '592', 1, 1, NULL),
(100, 'HT', 'Haití', 'Haiti', '509', 1, 1, NULL),
(101, 'HM', 'Islas Heard y McDonald', 'Heard Island and McDonald Islands', '', 1, 1, NULL),
(102, 'HN', 'Honduras', 'Honduras', '504', 1, 1, NULL),
(103, 'HK', 'Hong Kong', 'Hong Kong', '852', 1, 1, NULL),
(104, 'HU', 'Hungría', 'Hungary', '36', 1, 1, NULL),
(105, 'IN', 'India', 'India', '91', 1, 1, NULL),
(106, 'ID', 'Indonesia', 'Indonesia', '62', 1, 1, NULL),
(107, 'IR', 'Irán', 'Iran', '98', 2, 5, 2022),
(108, 'IQ', 'Iraq', 'Iraq', '964', 1, 1, NULL),
(109, 'IE', 'Irlanda', 'Ireland', '353', 1, 1, NULL),
(110, 'IS', 'Islandia', 'Iceland', '354', 1, 1, NULL),
(111, 'IL', 'Israel', 'Israel', '972', 1, 1, NULL),
(112, 'IT', 'Italia', 'Italy', '39', 1, 1, NULL),
(113, 'JM', 'Jamaica', 'Jamaica', '1 876', 1, 1, NULL),
(114, 'JP', 'Japón', 'Japan', '81', 1, 1, NULL),
(115, 'JO', 'Jordania', 'Jordan', '962', 1, 1, NULL),
(116, 'KZ', 'Kazajstán', 'Kazakhstan', '7', 1, 1, NULL),
(117, 'KE', 'Kenia', 'Kenya', '254', 1, 1, NULL),
(118, 'KG', 'Kirguistán', 'Kyrgyzstan', '996', 1, 1, NULL),
(119, 'KI', 'Kiribati', 'Kiribati', '686', 1, 1, NULL),
(120, 'KW', 'Kuwait', 'Kuwait', '965', 1, 1, NULL),
(121, 'LA', 'Laos', 'Laos', '856', 1, 1, NULL),
(122, 'LS', 'Lesotho', 'Lesotho', '266', 1, 1, NULL),
(123, 'LV', 'Letonia', 'Latvia', '371', 1, 1, NULL),
(124, 'LB', 'Líbano', 'Lebanon', '961', 1, 1, NULL),
(125, 'LR', 'Liberia', 'Liberia', '231', 1, 1, NULL),
(126, 'LY', 'Libia', 'Libya', '218', 2, 5, 2022),
(127, 'LI', 'Liechtenstein', 'Liechtenstein', '423', 1, 1, NULL),
(128, 'LT', 'Lituania', 'Lithuania', '370', 1, 1, NULL),
(129, 'LU', 'Luxemburgo', 'Luxembourg', '352', 1, 1, NULL),
(130, 'MO', 'Macao', 'Macao', '853', 1, 1, NULL),
(131, 'MK', 'ARY Macedonia', 'Macedonia', '389', 2, 5, 2022),
(132, 'MG', 'Madagascar', 'Madagascar', '261', 1, 1, NULL),
(133, 'MY', 'Malasia', 'Malaysia', '60', 1, 1, NULL),
(134, 'MW', 'Malawi', 'Malawi', '265', 1, 1, NULL),
(135, 'MV', 'Maldivas', 'Maldives', '960', 1, 1, NULL),
(136, 'ML', 'Malí', 'Mali', '223', 1, 1, NULL),
(137, 'MT', 'Malta', 'Malta', '356', 1, 1, NULL),
(138, 'FK', 'Islas Malvinas', 'Falkland Islands (Malvinas)', '500', 1, 1, NULL),
(139, 'MP', 'Islas Marianas del Norte', 'Northern Mariana Islands', '1 670', 1, 1, NULL),
(140, 'MA', 'Marruecos', 'Morocco', '212', 1, 1, NULL),
(141, 'MH', 'Islas Marshall', 'Marshall Islands', '692', 1, 1, NULL),
(142, 'MQ', 'Martinica', 'Martinique', '596', 1, 1, NULL),
(143, 'MU', 'Mauricio', 'Mauritius', '230', 1, 1, NULL),
(144, 'MR', 'Mauritania', 'Mauritania', '222', 1, 1, NULL),
(145, 'YT', 'Mayotte', 'Mayotte', '262', 1, 1, NULL),
(146, 'MX', 'México', 'Mexico', '52', 1, 1, NULL),
(147, 'FM', 'Micronesia', 'Estados Federados de', '691', 1, 1, NULL),
(148, 'MD', 'Moldavia', 'Moldova', '373', 1, 1, NULL),
(149, 'MC', 'Mónaco', 'Monaco', '377', 1, 1, NULL),
(150, 'MN', 'Mongolia', 'Mongolia', '976', 1, 1, NULL),
(151, 'MS', 'Montserrat', 'Montserrat', '1 664', 1, 1, NULL),
(152, 'MZ', 'Mozambique', 'Mozambique', '258', 1, 1, NULL),
(153, 'MM', 'Myanmar', 'Myanmar', '95', 1, 1, NULL),
(154, 'NA', 'Namibia', 'Namibia', '264', 1, 1, NULL),
(155, 'NR', 'Nauru', 'Nauru', '674', 1, 1, NULL),
(156, 'NP', 'Nepal', 'Nepal', '977', 1, 1, NULL),
(157, 'NI', 'Nicaragua', 'Nicaragua', '505', 1, 1, NULL),
(158, 'NE', 'Níger', 'Niger', '227', 1, 1, NULL),
(159, 'NG', 'Nigeria', 'Nigeria', '234', 1, 1, NULL),
(160, 'NU', 'Niue', 'Niue', '683', 1, 1, NULL),
(161, 'NF', 'Isla Norfolk', 'Norfolk Island', '672', 1, 1, NULL),
(162, 'NO', 'Noruega', 'Norway', '47', 1, 1, NULL),
(163, 'NC', 'Nueva Caledonia', 'New Caledonia', '687', 1, 1, NULL),
(164, 'NZ', 'Nueva Zelanda', 'New Zealand', '64', 1, 1, NULL),
(165, 'OM', 'Omán', 'Oman', '968', 1, 1, NULL),
(166, 'NL', 'Países Bajos', 'Netherlands', '31', 1, 1, NULL),
(167, 'PK', 'Pakistán', 'Pakistan', '92', 1, 1, NULL),
(168, 'PW', 'Palau', 'Palau', '680', 1, 1, NULL),
(169, 'PS', 'Palestina', 'Palestine', '970', 1, 1, NULL),
(170, 'PA', 'Panamá', 'Panama', '507', 1, 1, NULL),
(171, 'PG', 'Papúa Nueva Guinea', 'Papua New Guinea', '675', 1, 1, NULL),
(172, 'PY', 'Paraguay', 'Paraguay', '595', 1, 1, NULL),
(173, 'PE', 'Perú', 'Peru', '51', 1, 1, NULL),
(174, 'PN', 'Islas Pitcairn', 'Pitcairn Islands', '870', 1, 1, NULL),
(175, 'PF', 'Polinesia Francesa', 'French Polynesia', '689', 1, 1, NULL),
(176, 'PL', 'Polonia', 'Poland', '48', 1, 1, NULL),
(177, 'PT', 'Portugal', 'Portugal', '351', 1, 1, NULL),
(178, 'PR', 'Puerto Rico', 'Puerto Rico', '1', 1, 1, NULL),
(179, 'QA', 'Qatar', 'Qatar', '974', 1, 1, NULL),
(180, 'GB', 'Reino Unido', 'United Kingdom', '44', 1, 1, NULL),
(181, 'RE', 'Reunión', 'Réunion', '262', 1, 1, NULL),
(182, 'RW', 'Ruanda', 'Rwanda', '250', 1, 1, NULL),
(183, 'RO', 'Rumania', 'Romania', '40', 2, 5, 2022),
(184, 'RU', 'Rusia', 'Russia', '7', 2, 5, 2022),
(185, 'EH', 'Sahara Occidental', 'Western Sahara', '212', 1, 1, NULL),
(186, 'SB', 'Islas Salomón', 'Solomon Islands', '677', 1, 1, NULL),
(187, 'WS', 'Samoa', 'Samoa', '685', 1, 1, NULL),
(188, 'AS', 'Samoa Americana', 'American Samoa', '1 684', 1, 1, NULL),
(189, 'KN', 'San Cristóbal y Nevis', 'Saint Kitts and Nevis', '1 869', 1, 1, NULL),
(190, 'SM', 'San Marino', 'San Marino', '378', 1, 1, NULL),
(191, 'PM', 'San Pedro y Miquelón', 'Saint Pierre and Miquelon', '508', 1, 1, NULL),
(192, 'VC', 'San Vicente y las Granadinas', 'Saint Vincent and the Grenadines', '1 784', 1, 1, NULL),
(193, 'SH', 'Santa Helena', 'Ascensión y Tristán de Acuña', '290', 1, 1, NULL),
(194, 'LC', 'Santa Lucía', 'Saint Lucia', '1 758', 1, 1, NULL),
(195, 'ST', 'Santo Tomé y Príncipe', 'Sao Tome and Principe', '239', 1, 1, NULL),
(196, 'SN', 'Senegal', 'Senegal', '221', 1, 1, NULL),
(197, 'CS', 'Serbia y Montenegro', '', '', 2, 5, 2022),
(198, 'SC', 'Seychelles', 'Seychelles', '248', 1, 1, NULL),
(199, 'SL', 'Sierra Leona', 'Sierra Leone', '232', 1, 1, NULL),
(200, 'SG', 'Singapur', 'Singapore', '65', 1, 1, NULL),
(201, 'SY', 'Siria', 'Syria', '963', 2, 5, 2022),
(202, 'SO', 'Somalia', 'Somalia', '252', 2, 5, 2022),
(203, 'LK', 'Sri Lanka', 'Sri Lanka', '94', 1, 1, NULL),
(204, 'SZ', 'Suazilandia', 'Swaziland', '268', 1, 1, NULL),
(205, 'ZA', 'Sudáfrica', 'South Africa', '27', 1, 1, NULL),
(206, 'SD', 'Sudán', 'Sudan', '249', 2, 5, 2022),
(207, 'SE', 'Suecia', 'Sweden', '46', 1, 1, NULL),
(208, 'CH', 'Suiza', 'Switzerland', '41', 1, 1, NULL),
(209, 'SR', 'Surinam', 'Suriname', '597', 1, 1, NULL),
(210, 'SJ', 'Svalbard y Jan Mayen', 'Svalbard and Jan Mayen', '47', 1, 1, NULL),
(211, 'TH', 'Tailandia', 'Thailand', '66', 1, 1, NULL),
(212, 'TW', 'Taiwán', 'Taiwan', '886', 1, 1, NULL),
(213, 'TZ', 'Tanzania', 'Tanzania', '255', 1, 1, NULL),
(214, 'TJ', 'Tayikistán', 'Tajikistan', '992', 1, 1, NULL),
(215, 'IO', 'Territorio Británico del Océano Índico', 'British Indian Ocean Territory', '246', 1, 1, NULL),
(216, 'TF', 'Territorios Australes Franceses', 'French Southern Territories', '', 1, 1, NULL),
(217, 'TL', 'Timor Oriental', 'East Timor', '670', 1, 1, NULL),
(218, 'TG', 'Togo', 'Togo', '228', 1, 1, NULL),
(219, 'TK', 'Tokelau', 'Tokelau', '690', 1, 1, NULL),
(220, 'TO', 'Tonga', 'Tonga', '676', 1, 1, NULL),
(221, 'TT', 'Trinidad y Tobago', 'Trinidad and Tobago', '1 868', 1, 1, NULL),
(222, 'TN', 'Túnez', 'Tunisia', '216', 1, 1, NULL),
(223, 'TC', 'Islas Turcas y Caicos', 'Turks and Caicos Islands', '1 649', 1, 1, NULL),
(224, 'TM', 'Turkmenistán', 'Turkmenistan', '993', 1, 1, NULL),
(225, 'TR', 'Turquía', 'Turkey', '90', 1, 1, NULL),
(226, 'TV', 'Tuvalu', 'Tuvalu', '688', 1, 1, NULL),
(227, 'UA', 'Ucrania', 'Ukraine', '380', 1, 1, NULL),
(228, 'UG', 'Uganda', 'Uganda', '256', 1, 1, NULL),
(229, 'UY', 'Uruguay', 'Uruguay', '598', 1, 1, NULL),
(230, 'UZ', 'Uzbekistán', 'Uzbekistan', '998', 1, 1, NULL),
(231, 'VU', 'Vanuatu', 'Vanuatu', '678', 1, 1, NULL),
(232, 'VE', 'Venezuela', 'Venezuela', '58', 1, 1, NULL),
(233, 'VN', 'Vietnam', 'Vietnam', '84', 1, 1, NULL),
(234, 'VG', 'Islas Vírgenes Británicas', 'Virgin Islands', '1 284', 1, 1, NULL),
(235, 'VI', 'Islas Vírgenes de los Estados Unidos', 'United States Virgin Islands', '1 340', 1, 5, 2022),
(236, 'WF', 'Wallis y Futuna', 'Wallis and Futuna', '681', 1, 1, NULL),
(237, 'YE', 'Yemen', 'Yemen', '967', 2, 5, 2022),
(238, 'DJ', 'Yibuti', 'Djibouti', '253', 1, 1, NULL),
(239, 'ZM', 'Zambia', 'Zambia', '260', 1, 1, NULL),
(240, 'ZW', 'Zimbabue', 'Zimbabwe', '263', 2, 5, 2022);

-- --------------------------------------------------------

--
-- Estructura de tabla para la tabla `declaration_age_groups`
--

CREATE TABLE `declaration_age_groups` (
  `id_setting` int(11) NOT NULL,
  `id_declaration_health` int(11) NOT NULL,
  `id_group` int(11) NOT NULL,
  `points` int(11) NOT NULL,
  `id_status` int(11) NOT NULL DEFAULT 1,
  `id_user` int(11) NOT NULL,
  `create_date` datetime NOT NULL
) ENGINE=InnoDB DEFAULT CHARSET=utf8 COLLATE=utf8_unicode_ci;

--
-- Volcado de datos para la tabla `declaration_age_groups`
--

INSERT INTO `declaration_age_groups` (`id_setting`, `id_declaration_health`, `id_group`, `points`, `id_status`, `id_user`, `create_date`) VALUES
(2, 5, 1, 20, 1, 5, '2022-06-08 14:43:22'),
(5, 5, 2, 25, 1, 5, '2022-06-09 08:06:43'),
(6, 6, 1, 25, 1, 5, '2022-06-09 08:07:38'),
(7, 6, 2, 30, 1, 5, '2022-06-09 08:07:44'),
(8, 7, 1, 25, 1, 5, '2022-06-09 08:08:04'),
(9, 7, 2, 30, 1, 5, '2022-06-09 08:08:10'),
(10, 3, 1, 20, 1, 5, '2022-06-09 08:10:01'),
(11, 3, 2, 20, 1, 5, '2022-06-09 08:10:05'),
(12, 1, 1, 100, 1, 5, '2022-06-09 08:10:33'),
(13, 1, 2, 100, 1, 5, '2022-06-09 08:10:53'),
(14, 4, 1, 100, 1, 5, '2022-06-09 08:11:14'),
(15, 4, 2, 100, 1, 5, '2022-06-09 08:11:20'),
(16, 8, 1, 20, 1, 5, '2022-06-09 08:11:34'),
(17, 8, 2, 20, 1, 5, '2022-06-09 08:11:41');

-- --------------------------------------------------------

--
-- Estructura de tabla para la tabla `declaration_health`
--

CREATE TABLE `declaration_health` (
  `id_declaration_health` int(11) NOT NULL,
  `name_declaration_health` text NOT NULL,
  `name_declaration_health_en` longtext NOT NULL,
  `option_detail` int(11) NOT NULL DEFAULT 1,
  `id_status` int(11) NOT NULL DEFAULT 1,
  `id_user` int(11) NOT NULL,
  `create_date` datetime NOT NULL
) ENGINE=InnoDB DEFAULT CHARSET=utf8 COLLATE=utf8_unicode_ci;

--
-- Volcado de datos para la tabla `declaration_health`
--

INSERT INTO `declaration_health` (`id_declaration_health`, `name_declaration_health`, `name_declaration_health_en`, `option_detail`, `id_status`, `id_user`, `create_date`) VALUES
(1, 'Declaro  que todos los datos proporcionados son ciertos, completos, libres de falsificación, reticencia y omisión. y Autorizo  a cualquier institución u organismo público o privado para que antes o después de un evento cubierto por la póliza suministre cualquier dato de interés para el asegurador.', '', 2, 1, 5, '2022-07-13 13:51:37'),
(2, 'Declaro que no conozco, ni he sido diagnosticado con alguna enfermedad o condición grave de salud que ponga en riesgo mi  integridad física o mi  vida.  Por lo afirmo  que me  encuentro en buen Estado de Salud.', '', 2, 1, 5, '2022-07-13 13:52:01'),
(3, 'Declaro  que no practico deportes o actividades recreativas o profesionales u ocupación de riesgo que pongan en peligro mi integridad física o mi  vida\n\n', '', 2, 1, 5, '2022-07-13 13:51:18'),
(4, 'Doy  fe que el dinero utilizado para el pago de la prima de la Póliza cuya suscripción en este acto solicito, proviene de una fuente lícita y por lo tanto, no tiene relación alguna con dinero, capitales, bienes, haberes, títulos o beneficios derivados de las actividades ilícitas o de los delitos de Legitimación de Capitales y Financiamiento del Terrorismo.', '', 2, 1, 5, '2022-07-13 13:52:16'),
(5, ' ¿Ha padecido enfermedades cardiovasculares: hipertensión arterial, infarto al miocardio, arritmia cardíaca, angina de pecho, fiebre reumática, arteriosclerosis, trastornos valvulares, tromboflebitis? \n\nEn caso de afirmativo, indique detalles: Fecha de diagnóstico, Médico tratante, Estado de salud actual.\n', 'Have you ever suffered from cardiovascular diseases: arterial hypertension, myocardial infarction, cardiac arrhythmia, angina pectoris, rheumatic fever, arteriosclerosis, valvular disorders, thrombophlebitis? If yes, give details: Date of diagnosis, Treating physician, Current health status.', 1, 1, 5, '2022-07-13 13:49:25'),
(6, ' ¿Ha padecido Enfermedades endocrinas: diabetes, obesidad, alteraciones del colesterol y triglicéridos? \n\nEn caso de afirmativo, proporcione detalles: Fecha de Diagnóstico, Médico Tratante, estado de salud actual', 'Have you suffered from Endocrine diseases: diabetes, obesity, cholesterol and triglyceride disorders? If yes, please provide details: Date of Diagnosis, Treating Physician, current health status.', 1, 1, 5, '2022-07-13 13:49:44'),
(7, ' ¿Ha padecido enfermedades Hematológicas?\n\nEn caso de afirmativo, proporcione detalles: Diagnostico, Fecha de inicio, Médico Tratante, Estado de salud actual ', 'Have you ever suffered from Hematological diseases? If yes, please provide details: Diagnosis, Date of onset, Treating Physician, current health status.', 1, 1, 5, '2022-07-13 13:50:08'),
(8, '¿Consume: Tabaco o cigarrillo o cualquier otra droga adictiva?\nEn caso de afirmativo, proporcione detalles: Fecha de inicio del hábito, Cantidad diaria', 'Do you use: Tobacco or cigarette or any other addictive drug? If yes, please provide details: Date of onset of habit, Daily amount, Current health status?', 1, 1, 5, '2022-02-16 12:26:21');

-- --------------------------------------------------------

--
-- Estructura de tabla para la tabla `declaration_pathology`
--

CREATE TABLE `declaration_pathology` (
  `id_declaration_pathology` int(11) NOT NULL,
  `name_declaration_pathology` text NOT NULL,
  `id_status` int(11) NOT NULL DEFAULT 1,
  `id_user` int(11) NOT NULL,
  `create_date` datetime NOT NULL
) ENGINE=InnoDB DEFAULT CHARSET=utf8 COLLATE=utf8_unicode_ci;

--
-- Volcado de datos para la tabla `declaration_pathology`
--

INSERT INTO `declaration_pathology` (`id_declaration_pathology`, `name_declaration_pathology`, `id_status`, `id_user`, `create_date`) VALUES
(1, 'Declaro que no he sido diagnosticado con tensión arterial alta ni estoy bajo medicación relacionada ', 1, 1, '2022-01-01 00:00:00'),
(3, 'Declaro que no he sido diagnosticado con diabetes ni estoy bajo medicación relacionada', 1, 3, '2022-01-15 17:49:25');

-- --------------------------------------------------------

--
-- Estructura de tabla para la tabla `downloadable_files`
--

CREATE TABLE `downloadable_files` (
  `id_file` int(11) NOT NULL,
  `title_file` varchar(100) NOT NULL,
  `name_file` varchar(100) NOT NULL,
  `description_file` text NOT NULL,
  `opcion_file` int(11) NOT NULL DEFAULT 1,
  `id_status` int(11) NOT NULL DEFAULT 1,
  `id_user` int(11) NOT NULL,
  `create_date` datetime NOT NULL
) ENGINE=InnoDB DEFAULT CHARSET=utf8 COLLATE=utf8_unicode_ci;

--
-- Volcado de datos para la tabla `downloadable_files`
--

INSERT INTO `downloadable_files` (`id_file`, `title_file`, `name_file`, `description_file`, `opcion_file`, `id_status`, `id_user`, `create_date`) VALUES
(4, 'Condiciones Generales y Particulares de Bee Life', 'Condiciones_Generales_y_Particulares_de_Bee_Life.pdf', 'Contiene las condiciones del producto ', 1, 1, 5, '2022-03-29 14:43:19'),
(5, 'Condiciones Generales y Particulares Bee Travel', 'Condiciones_Generales_y_Particulares_Bee_Travel.pdf', 'condicionado del producto.', 1, 1, 5, '2022-03-29 15:32:29'),
(6, 'Condiciones Generales y Particulares 4in1', 'Condiciones_Generales_y_Particulares_4in1.pdf', 'condiciones de la póliza 4in1', 1, 1, 5, '2022-02-25 08:48:30'),
(8, 'Rc va contigo', 'Rc_va_contigo.pdf', 'Condiciones Generales y particulares ', 1, 1, 5, '2022-07-15 12:17:56'),
(9, 'Condicionado 4in1', 'Condicionado_4in1.pdf', 'Condiciones Generales y Particulares Seguro Combinado de Personas 4in1', 2, 1, 6, '2022-09-14 09:31:34'),
(10, 'RCV', 'RCV.pdf', 'RCV', 1, 1, 5, '2022-11-04 11:41:15'),
(11, 'Condicionado General y Particular 4in1', 'Condicionado_General_y_Particular_4in1.pdf', 'condicionado 4in1', 1, 1, 5, '2023-04-04 09:28:33'),
(12, 'Condicionado Travel', 'Condicionado_Travel.pdf', 'travel', 1, 1, 5, '2023-04-17 09:50:20'),
(13, 'Anexo Prestación de Servicio Sigma Dental', 'Anexo_Prestación_de_Servicio_Sigma_Dental.pdf', 'Anexo prestación de Servicio Sigma', 1, 1, 5, '2023-07-26 10:17:47');

-- --------------------------------------------------------

--
-- Estructura de tabla para la tabla `events`
--

CREATE TABLE `events` (
  `id_event` int(11) NOT NULL,
  `id_product` int(11) NOT NULL,
  `name_event` varchar(100) NOT NULL,
  `id_status` int(11) NOT NULL DEFAULT 1,
  `id_user` int(11) NOT NULL,
  `create_date` datetime NOT NULL
) ENGINE=InnoDB DEFAULT CHARSET=utf8 COLLATE=utf8_unicode_ci;

--
-- Volcado de datos para la tabla `events`
--

INSERT INTO `events` (`id_event`, `id_product`, `name_event`, `id_status`, `id_user`, `create_date`) VALUES
(1, 3, 'Muerte Cualquier  Causa', 1, 5, '2022-03-04 16:06:44'),
(2, 5, 'Solicitud de Reembolso Gastos Funerarios', 1, 5, '2022-03-04 16:06:20'),
(3, 5, 'Muerte Accidental', 1, 5, '2022-03-04 16:07:10'),
(4, 5, 'Muerte Cualquier Causa', 1, 5, '2022-03-04 16:07:31'),
(5, 5, 'Invalidez total o Parcial', 1, 5, '2022-03-04 16:07:54'),
(6, 4, 'Solicitud de indemnización ', 1, 5, '2022-03-04 16:08:35'),
(8, 6, 'Reembolso por gastos de Fianza', 1, 5, '2022-04-20 14:38:40'),
(9, 6, 'Reembolso por Asistencia Legal', 1, 5, '2022-04-20 14:38:59'),
(10, 6, 'Indemnización a terceros por Daños a cosas o Daños a Personas', 1, 5, '2022-04-20 14:39:34'),
(11, 7, 'Muerte por cualuier causa', 1, 5, '2022-07-19 09:29:46'),
(12, 8, 'Muerte por cualquier causa', 1, 5, '2022-07-19 09:30:16'),
(13, 8, 'Muerte Accidental', 1, 5, '2022-07-19 09:30:29'),
(14, 8, 'Invalidéz parcial o total', 1, 5, '2022-07-19 09:31:12'),
(15, 6, 'Reembolso por pago de multas', 1, 5, '2022-07-19 09:31:44'),
(16, 8, 'Solicitud de Reembolso por pago de gastos funerarios', 1, 5, '2022-07-19 09:32:34');

-- --------------------------------------------------------

--
-- Estructura de tabla para la tabla `exchange_rate`
--

CREATE TABLE `exchange_rate` (
  `id_rate` int(11) NOT NULL,
  `amount_rate` double(20,2) NOT NULL,
  `id_user` int(11) NOT NULL,
  `create_date` datetime NOT NULL
) ENGINE=InnoDB DEFAULT CHARSET=utf8 COLLATE=utf8_unicode_ci;

--
-- Volcado de datos para la tabla `exchange_rate`
--

INSERT INTO `exchange_rate` (`id_rate`, `amount_rate`, `id_user`, `create_date`) VALUES
(1, 34.26, 5, '2023-08-14 09:22:42');

-- --------------------------------------------------------

--
-- Estructura de tabla para la tabla `faqs`
--

CREATE TABLE `faqs` (
  `id_faq` int(11) NOT NULL,
  `question` text NOT NULL,
  `reply` longtext NOT NULL,
  `id_status` int(11) NOT NULL DEFAULT 1,
  `language` varchar(2) NOT NULL
) ENGINE=InnoDB DEFAULT CHARSET=utf8 COLLATE=utf8_unicode_ci;

--
-- Volcado de datos para la tabla `faqs`
--

INSERT INTO `faqs` (`id_faq`, `question`, `reply`, `id_status`, `language`) VALUES
(1, 'Hasta qué edad puedo contratar un seguro de vida? ', '<p>Bee Life es el producto con la mayor amplitud para la admisibilidad; ya que podrías adquirir el producto siempre que tengas hasta 74 años de edad</p>', 1, 'ES'),
(2, 'Hasta qué edad se mantiene vigente el seguro de vida?', '<p>La edad tope para renovaciones es 75 años</p>', 1, 'ES'),
(3, 'Cuantas pólizas Puedo llegar a contratar?', 'Puedes tener una póliza por producto; pero la cobertura de Vida sólo una vez. (no se admite doble seguro en Bee Life)', 1, 'ES'),
(4, 'Qué otros beneficios obtengo al contrtar un seguo con Bee?', '<p>Confiamos en ti, no se requiere realización de examenes médicos.</p><p>La cobertura de nuestros productos es<b> </b>portable, significa que te sigue a donde quieras que vayas, sin limitación territorial.</p><p>Nuestras tarifas son las mas competitivas del mercado latinoaméricano.</p><p>La suma asegurada es contratada en moneda dura, lo que garantiza el valor real de la misma.</p><p>Para mas detalles, consulta las Condiciones Generales y Particulares de cada producto.</p><p><br></p>', 1, 'ES'),
(5, 'Qué factores influyen al contratar mi póliza de seguros?', '<p>Es importante te encuentres en buen estado de salud, Responde las preguntas relacionadas en cada producto y nosotros nos encargamos del resto.</p>', 1, 'ES'),
(6, 'En caso de fallecer, cómo hace mi familia para solicitar el pago?', 'El beneficiario debe dirigirse a nuestra web, identificar la sección Servicio, completar el formulario y nostros haremos que tus beneficiarios reciban el capital que dejaste pensando en su bienestar.', 1, 'ES'),
(7, 'Up to what age can I take out a life insurance policy?', '<p>Bee Life is the product with the widest breadth of eligibility; you could purchase the product as long as you are up to 74 years of age</p>.', 1, 'EN'),
(8, 'Up to what age does life insurance remain in force?', '<p>The age limit for renewals is 75 years</p>.', 1, 'EN'),
(9, 'How many policies can I take out?', 'You can have one policy per product; but Life coverage only once (no double insurance is allowed in Bee Life).', 1, 'EN'),
(10, 'What other benefits do I get when I take out insurance with Bee?', '<p>We trust you, no medical examinations are required.<p>The coverage of our products is<b> </b>portable, which means that it follows you wherever you go, without territorial limitation.</p><p>Our rates are the most competitive in the Latin American market.</p><p>The sum insured is contracted in hard currency, which guarantees the real value of the sum insured.</p><p>For further details, please refer to the General and Specific Conditions of each product.</p><p><br></p>', 1, 'EN'),
(11, 'What factors influence when taking out my insurance policy?', '<p>It is important that you are in good health. Answer the questions related to each product and we will take care of the rest.', 1, 'EN'),
(12, 'In the event of my death, how does my family apply for payment?', 'The beneficiary must go to our website, identify the Service section, complete the form and we will make sure that your beneficiaries receive the capital you left for their welfare.', 1, 'EN');

-- --------------------------------------------------------

--
-- Estructura de tabla para la tabla `fees`
--

CREATE TABLE `fees` (
  `id_fee` int(11) NOT NULL,
  `name_fee` varchar(50) NOT NULL,
  `description_fee` text NOT NULL,
  `number_fee` int(11) NOT NULL,
  `id_status` int(11) NOT NULL,
  `id_user` int(11) NOT NULL,
  `create_date` datetime NOT NULL
) ENGINE=InnoDB DEFAULT CHARSET=utf8mb4 COLLATE=utf8mb4_general_ci;

--
-- Volcado de datos para la tabla `fees`
--

INSERT INTO `fees` (`id_fee`, `name_fee`, `description_fee`, `number_fee`, `id_status`, `id_user`, `create_date`) VALUES
(1, 'Anual', 'Pago anual', 12, 1, 1, '2022-11-15 18:27:00'),
(2, 'Semestral', 'Pago Semestra', 6, 1, 1, '2022-11-15 18:27:16'),
(3, 'Trimestral', 'Pago Trimestral', 3, 1, 1, '2022-11-15 18:27:16'),
(4, 'Mensual', 'Pago Mensual ', 1, 1, 1, '2022-11-15 18:27:48');

-- --------------------------------------------------------

--
-- Estructura de tabla para la tabla `fee_insurances`
--

CREATE TABLE `fee_insurances` (
  `id_fee` int(11) NOT NULL,
  `id_insurance` int(11) NOT NULL
) ENGINE=InnoDB DEFAULT CHARSET=utf8mb4 COLLATE=utf8mb4_general_ci;

--
-- Volcado de datos para la tabla `fee_insurances`
--

INSERT INTO `fee_insurances` (`id_fee`, `id_insurance`) VALUES
(1, 5),
(2, 5),
(3, 5),
(4, 5),
(1, 3),
(2, 3),
(3, 3),
(4, 3),
(1, 7),
(2, 7),
(3, 7),
(4, 7),
(1, 8),
(2, 8),
(3, 8),
(4, 8),
(1, 9),
(2, 9),
(3, 9),
(4, 9),
(1, 10),
(2, 10),
(3, 10),
(4, 10);

-- --------------------------------------------------------

--
-- Estructura de tabla para la tabla `fee_percentages`
--

CREATE TABLE `fee_percentages` (
  `id_percentage` int(11) NOT NULL,
  `id_fee` int(11) NOT NULL,
  `percentage` float(20,2) NOT NULL,
  `fee_initial` int(11) NOT NULL
) ENGINE=InnoDB DEFAULT CHARSET=utf8mb4 COLLATE=utf8mb4_general_ci;

--
-- Volcado de datos para la tabla `fee_percentages`
--

INSERT INTO `fee_percentages` (`id_percentage`, `id_fee`, `percentage`, `fee_initial`) VALUES
(1, 1, 100.00, 1),
(2, 2, 50.00, 1),
(3, 2, 50.00, 0),
(4, 3, 25.00, 1),
(5, 3, 25.00, 0),
(6, 3, 25.00, 0),
(7, 3, 25.00, 0),
(8, 4, 8.34, 1),
(9, 4, 8.34, 0),
(10, 4, 8.34, 0),
(11, 4, 8.34, 0),
(12, 4, 8.34, 0),
(13, 4, 8.34, 0),
(14, 4, 8.34, 0),
(15, 4, 8.34, 0),
(16, 4, 8.34, 0),
(17, 4, 8.34, 0),
(18, 4, 8.34, 0),
(19, 4, 8.34, 0);

-- --------------------------------------------------------

--
-- Estructura de tabla para la tabla `fee_receipts`
--

CREATE TABLE `fee_receipts` (
  `id_receipt` int(11) NOT NULL,
  `id_buy` int(11) NOT NULL,
  `id_payment` int(11) DEFAULT NULL,
  `id_percentage` int(11) NOT NULL,
  `id_status` int(11) NOT NULL,
  `start_date` date DEFAULT NULL,
  `end_date` date DEFAULT NULL,
  `number_fee` int(11) NOT NULL,
  `create_date` datetime NOT NULL
) ENGINE=InnoDB DEFAULT CHARSET=utf8mb4 COLLATE=utf8mb4_general_ci;

--
-- Volcado de datos para la tabla `fee_receipts`
--

INSERT INTO `fee_receipts` (`id_receipt`, `id_buy`, `id_payment`, `id_percentage`, `id_status`, `start_date`, `end_date`, `number_fee`, `create_date`) VALUES
(1, 35, NULL, 8, 8, '2022-11-18', '2022-12-18', 0, '2022-11-18 09:35:25'),
(2, 35, NULL, 9, 9, '2022-12-18', '2023-01-18', 0, '2022-11-18 09:35:25'),
(3, 35, NULL, 10, 9, '2023-01-18', '2023-02-18', 0, '2022-11-18 09:35:25'),
(4, 35, NULL, 11, 9, '2023-02-18', '2023-03-18', 0, '2022-11-18 09:35:25'),
(5, 35, NULL, 12, 9, '2023-03-18', '2023-04-18', 0, '2022-11-18 09:35:25'),
(6, 35, NULL, 13, 9, '2023-04-18', '2023-05-18', 0, '2022-11-18 09:35:25'),
(7, 35, NULL, 14, 9, '2023-05-18', '2023-06-18', 0, '2022-11-18 09:35:25'),
(8, 35, NULL, 15, 9, '2023-06-18', '2023-07-18', 0, '2022-11-18 09:35:25'),
(9, 35, NULL, 16, 9, '2023-07-18', '2023-08-18', 0, '2022-11-18 09:35:25'),
(10, 35, NULL, 17, 9, '2023-08-18', '2023-09-18', 0, '2022-11-18 09:35:25'),
(11, 35, NULL, 18, 9, '2023-09-18', '2023-10-18', 0, '2022-11-18 09:35:25'),
(12, 35, NULL, 19, 9, '2023-10-18', '2023-11-18', 0, '2022-11-18 09:35:25'),
(13, 36, NULL, 8, 1, '2022-11-18', '2022-12-18', 0, '2022-11-18 12:34:46'),
(14, 36, NULL, 9, 1, '2022-12-18', '2023-01-18', 0, '2022-11-18 12:34:46'),
(15, 36, NULL, 10, 1, '2023-01-18', '2023-02-18', 0, '2022-11-18 12:34:46'),
(16, 36, NULL, 11, 1, '2023-02-18', '2023-03-18', 0, '2022-11-18 12:34:46'),
(17, 36, NULL, 12, 1, '2023-03-18', '2023-04-18', 0, '2022-11-18 12:34:46'),
(18, 36, NULL, 13, 1, '2023-04-18', '2023-05-18', 0, '2022-11-18 12:34:46'),
(19, 36, NULL, 14, 1, '2023-05-18', '2023-06-18', 0, '2022-11-18 12:34:46'),
(20, 36, NULL, 15, 1, '2023-06-18', '2023-07-18', 0, '2022-11-18 12:34:46'),
(21, 36, NULL, 16, 1, '2023-07-18', '2023-08-18', 0, '2022-11-18 12:34:46'),
(22, 36, NULL, 17, 1, '2023-08-18', '2023-09-18', 0, '2022-11-18 12:34:46'),
(23, 36, NULL, 18, 1, '2023-09-18', '2023-10-18', 0, '2022-11-18 12:34:46'),
(24, 36, NULL, 19, 1, '2023-10-18', '2023-11-18', 0, '2022-11-18 12:34:46'),
(25, 38, NULL, 1, 1, '2022-12-02', '2023-12-02', 0, '2022-12-02 12:05:23'),
(26, 39, NULL, 1, 2, '2022-12-02', '2023-12-02', 0, '2022-12-02 12:09:27'),
(27, 40, NULL, 2, 8, '2022-12-02', '2023-06-02', 0, '2022-12-02 12:43:07'),
(28, 40, NULL, 3, 9, '2023-06-02', '2023-12-02', 0, '2022-12-02 12:43:07'),
(29, 41, NULL, 1, 8, '2022-12-02', '2023-12-02', 0, '2022-12-02 12:47:54'),
(30, 42, NULL, 4, 8, '2022-12-05', '2023-03-05', 1, '2022-12-05 07:13:08'),
(31, 42, NULL, 5, 9, '2023-03-05', '2023-06-05', 2, '2022-12-05 07:13:08'),
(32, 42, NULL, 6, 9, '2023-06-05', '2023-09-05', 3, '2022-12-05 07:13:08'),
(33, 42, NULL, 7, 9, '2023-09-05', '2023-12-05', 4, '2022-12-05 07:13:08'),
(34, 43, NULL, 1, 8, '2022-12-05', '2023-12-05', 1, '2022-12-05 12:01:25'),
(35, 44, NULL, 8, 8, '2022-12-12', '2023-01-12', 1, '2022-12-12 05:49:39'),
(36, 44, NULL, 9, 9, '2023-01-12', '2023-02-12', 2, '2022-12-12 05:49:39'),
(37, 44, NULL, 10, 9, '2023-02-12', '2023-03-12', 3, '2022-12-12 05:49:39'),
(38, 44, NULL, 11, 9, '2023-03-12', '2023-04-12', 4, '2022-12-12 05:49:39'),
(39, 44, NULL, 12, 9, '2023-04-12', '2023-05-12', 5, '2022-12-12 05:49:39'),
(40, 44, NULL, 13, 9, '2023-05-12', '2023-06-12', 6, '2022-12-12 05:49:39'),
(41, 44, NULL, 14, 9, '2023-06-12', '2023-07-12', 7, '2022-12-12 05:49:39'),
(42, 44, NULL, 15, 9, '2023-07-12', '2023-08-12', 8, '2022-12-12 05:49:39'),
(43, 44, NULL, 16, 9, '2023-08-12', '2023-09-12', 9, '2022-12-12 05:49:39'),
(44, 44, NULL, 17, 9, '2023-09-12', '2023-10-12', 10, '2022-12-12 05:49:39'),
(45, 44, NULL, 18, 9, '2023-10-12', '2023-11-12', 11, '2022-12-12 05:49:39'),
(46, 44, NULL, 19, 9, '2023-11-12', '2023-12-12', 12, '2022-12-12 05:49:39'),
(47, 45, NULL, 2, 8, '2022-12-12', '2023-06-12', 1, '2022-12-12 06:14:22'),
(48, 45, NULL, 3, 8, '2023-06-12', '2023-12-12', 2, '2022-12-12 06:14:22'),
(49, 46, NULL, 1, 8, '2022-12-12', '2023-12-12', 1, '2022-12-12 06:18:01'),
(50, 47, 56, 4, 8, '2022-12-15', '2023-03-15', 1, '2022-12-15 16:28:11'),
(51, 47, 58, 5, 8, '2023-03-15', '2023-06-15', 2, '2022-12-15 16:28:11'),
(52, 47, 58, 6, 8, '2023-06-15', '2023-09-15', 3, '2022-12-15 16:28:11'),
(53, 47, 58, 7, 8, '2023-09-15', '2023-12-15', 4, '2022-12-15 16:28:11');

-- --------------------------------------------------------

--
-- Estructura de tabla para la tabla `files`
--

CREATE TABLE `files` (
  `id_file` int(11) NOT NULL,
  `id_agency` int(11) DEFAULT NULL,
  `id_adviser` int(11) DEFAULT NULL,
  `type_file` int(11) NOT NULL,
  `name_file` varchar(50) NOT NULL,
  `id_status` int(11) NOT NULL DEFAULT 11,
  `create_date` datetime NOT NULL
) ENGINE=InnoDB DEFAULT CHARSET=utf8 COLLATE=utf8_unicode_ci;

--
-- Volcado de datos para la tabla `files`
--

INSERT INTO `files` (`id_file`, `id_agency`, `id_adviser`, `type_file`, `name_file`, `id_status`, `create_date`) VALUES
(1, NULL, 7, 1, 'digital_signatureag7.png', 11, '2022-08-18 15:20:58'),
(2, NULL, 7, 2, 'file_wag7.pdf', 11, '2022-08-18 15:24:17');

-- --------------------------------------------------------

--
-- Estructura de tabla para la tabla `incident_files`
--

CREATE TABLE `incident_files` (
  `id_file_incident` int(11) NOT NULL,
  `id_incident` int(11) NOT NULL,
  `name_file` varchar(100) NOT NULL,
  `extension_file` varchar(5) NOT NULL
) ENGINE=InnoDB DEFAULT CHARSET=utf8 COLLATE=utf8_unicode_ci;

--
-- Volcado de datos para la tabla `incident_files`
--

INSERT INTO `incident_files` (`id_file_incident`, `id_incident`, `name_file`, `extension_file`) VALUES
(1, 1, 'file_incidents1704170_1.pdf', 'pdf'),
(2, 2, 'file_incidents1315460_2.pdf', 'pdf'),
(3, 3, 'file_incidents1942070_3.pdf', 'pdf'),
(4, 4, 'file_incidents1832220_4.jpg', 'jpg');

-- --------------------------------------------------------

--
-- Estructura de tabla para la tabla `incident_service`
--

CREATE TABLE `incident_service` (
  `id_incident` int(11) NOT NULL,
  `id_event` int(11) NOT NULL,
  `option_identification` int(11) NOT NULL,
  `n_identification` varchar(20) NOT NULL,
  `date_incident` date NOT NULL,
  `description_incident` text NOT NULL,
  `names_user` varchar(100) DEFAULT NULL,
  `surnames_user` varchar(100) DEFAULT NULL,
  `email_user` varchar(100) DEFAULT NULL,
  `phone_user` varchar(40) DEFAULT NULL,
  `identification_user` varchar(30) DEFAULT NULL,
  `id_user` int(11) DEFAULT NULL,
  `id_status` int(11) NOT NULL DEFAULT 1,
  `create_date` datetime NOT NULL,
  `modify_date` datetime DEFAULT NULL
) ENGINE=InnoDB DEFAULT CHARSET=utf8 COLLATE=utf8_unicode_ci;

--
-- Volcado de datos para la tabla `incident_service`
--

INSERT INTO `incident_service` (`id_incident`, `id_event`, `option_identification`, `n_identification`, `date_incident`, `description_incident`, `names_user`, `surnames_user`, `email_user`, `phone_user`, `identification_user`, `id_user`, `id_status`, `create_date`, `modify_date`) VALUES
(1, 1, 1, '2020', '2022-03-04', 'Prueba', NULL, NULL, NULL, NULL, NULL, 5, 11, '2022-03-04 17:04:17', '2022-08-11 08:59:37'),
(2, 1, 2, '13382771', '2022-02-07', 'muerte natural', NULL, NULL, NULL, NULL, NULL, 5, 11, '2022-03-08 13:15:46', '2022-08-11 08:59:32'),
(3, 3, 2, '5530967', '2022-02-25', 'gbebenen', NULL, NULL, NULL, NULL, NULL, 5, 11, '2022-03-10 19:42:07', '2022-08-11 08:59:27'),
(4, 4, 1, '000027', '2023-02-01', 'Muerte en su lugar de residencia el día de hoy 01.02.2023 luego de presentar malestar físico ', 'José Rafael', 'GOSLING Rodríguez', 'Terenahyr@hotmail.com', '04127196391', '3719285', 5, 11, '2023-02-01 18:32:22', '2023-02-17 11:25:59');

-- --------------------------------------------------------

--
-- Estructura de tabla para la tabla `information`
--

CREATE TABLE `information` (
  `id_information` int(11) NOT NULL,
  `logo_primary` varchar(50) DEFAULT NULL,
  `logo_secondary` varchar(50) DEFAULT NULL,
  `id_user` int(11) NOT NULL,
  `create_date` datetime NOT NULL
) ENGINE=InnoDB DEFAULT CHARSET=utf8 COLLATE=utf8_unicode_ci;

--
-- Volcado de datos para la tabla `information`
--

INSERT INTO `information` (`id_information`, `logo_primary`, `logo_secondary`, `id_user`, `create_date`) VALUES
(1, 'logo_primario.png', 'logo_secundario.png', 3, '2022-01-27 00:00:00');

-- --------------------------------------------------------

--
-- Estructura de tabla para la tabla `insurances`
--

CREATE TABLE `insurances` (
  `id_insurance` int(11) NOT NULL,
  `name_insurance` varchar(100) DEFAULT NULL,
  `title_pdf` varchar(100) NOT NULL,
  `description_insurance` text NOT NULL,
  `id_status` int(11) NOT NULL DEFAULT 1,
  `id_user` int(11) NOT NULL,
  `create_date` datetime NOT NULL,
  `option_extension` int(11) NOT NULL DEFAULT 2,
  `extension_husbands` double(20,2) NOT NULL DEFAULT 0.00,
  `extension_sons` double(20,2) NOT NULL DEFAULT 0.00,
  `extension_fathers` double(20,2) NOT NULL DEFAULT 0.00,
  `extension_spouse` double(20,2) NOT NULL DEFAULT 0.00,
  `approval_number` varchar(20) DEFAULT NULL,
  `beneficiaries` int(11) NOT NULL DEFAULT 1
) ENGINE=InnoDB DEFAULT CHARSET=utf8 COLLATE=utf8_unicode_ci;

--
-- Volcado de datos para la tabla `insurances`
--

INSERT INTO `insurances` (`id_insurance`, `name_insurance`, `title_pdf`, `description_insurance`, `id_status`, `id_user`, `create_date`, `option_extension`, `extension_husbands`, `extension_sons`, `extension_fathers`, `extension_spouse`, `approval_number`, `beneficiaries`) VALUES
(3, 'Cotizador Bee Life', 'Póliza Temporal de Vida', 'Formulario con datos requeridos para la cotización de póliza de vida', 1, 5, '2022-06-20 15:12:35', 2, 0.00, 0.00, 0.00, 0.00, NULL, 1),
(4, 'Cotizador Travel', '', 'Cotizador planes de seguro de viajero', 1, 5, '2022-03-02 15:00:42', 2, 0.00, 0.00, 0.00, 0.00, NULL, 1),
(5, '4in1', 'Póliza de Seguro Combinada de Personas 4in1', 'Combo de coberturas AP+Vida+funerario+telemedicina', 1, 5, '2022-06-20 15:11:06', 2, 0.00, 0.00, 0.00, 0.00, NULL, 1),
(7, 'RC goes with you', 'Póliza de Responsabilidad Civil Privada - Bee Va Contigo', 'Póliza de Responsabilidad Civil Privada - Bee goes with you', 1, 5, '2022-07-08 11:06:44', 2, 0.00, 0.00, 0.00, 0.00, NULL, 1),
(8, 'Bee Life especial promotion (vida 10k - 20k - 30k)', 'Póliza de Seguro Temporal de Vida', 'Producto masivo de vida', 1, 5, '2022-08-03 13:56:46', 2, 0.00, 0.00, 0.00, 0.00, NULL, 1),
(9, 'Bee 3in1', 'Póliza Combinada de Personas 3in1', 'Vida + Funerario + AP', 1, 5, '2022-08-08 16:22:10', 2, 0.00, 0.00, 0.00, 0.00, NULL, 1),
(10, 'RCV', 'Póliza de Seguro de  Responsabilidad Civil de Vehículos Terrestres', 'RCV', 1, 5, '2022-11-04 11:33:32', 2, 0.00, 0.00, 0.00, 0.00, NULL, 1),
(11, 'Bee4them', 'Póliza Combinada de Personas Bee 4 them', 'Vida + Funerario + AP + Dental', 1, 5, '2023-08-01 08:41:05', 2, 0.00, 0.00, 0.00, 0.00, NULL, 1);

-- --------------------------------------------------------

--
-- Estructura de tabla para la tabla `insurance_beneficiaries`
--

CREATE TABLE `insurance_beneficiaries` (
  `id_beneficiary` int(11) NOT NULL,
  `id_buy` int(11) NOT NULL,
  `identification` varchar(20) NOT NULL,
  `name_beneficiary` varchar(150) NOT NULL,
  `percentage_beneficiary` int(11) NOT NULL,
  `id_relationship` int(11) NOT NULL,
  `date_birth` date DEFAULT NULL
) ENGINE=InnoDB DEFAULT CHARSET=utf8 COLLATE=utf8_unicode_ci;

--
-- Volcado de datos para la tabla `insurance_beneficiaries`
--

INSERT INTO `insurance_beneficiaries` (`id_beneficiary`, `id_buy`, `identification`, `name_beneficiary`, `percentage_beneficiary`, `id_relationship`, `date_birth`) VALUES
(1, 1, '12457896', 'Pedro Diaz', 100, 2, NULL),
(2, 2, '5682982', 'Laura Balza', 100, 2, NULL),
(3, 3, '814574', 'Lori Timm', 100, 2, NULL),
(4, 4, '8507114', 'Rafael Villasmil', 100, 5, NULL),
(5, 5, 'A614546995410', 'MARIA F. AREVALO CHAFFARDET', 50, 3, NULL),
(6, 5, 'A614433024590', 'JOSE M. AREVALO CHAFFARDET', 50, 3, NULL),
(7, 6, '27346007', 'Daniela Candiales', 50, 3, NULL),
(8, 6, '32929854', 'Andres Candiales', 50, 3, NULL),
(9, 7, '671184218', 'PERCY JAVIER ANGULO', 50, 3, NULL),
(10, 7, '984031801', 'OMAR RODOLFO ANGULO', 50, 3, NULL),
(11, 8, '27030190', 'Luis Morillo', 50, 3, NULL),
(12, 8, '27682034', 'Tomas Morillo', 50, 3, NULL),
(13, 10, '25562174', 'DIANA ASCANIO', 100, 3, NULL),
(14, 13, '123456', 'Pedro Villasmil', 50, 3, NULL),
(15, 13, '78910', 'Andres Villasmil', 50, 3, NULL),
(16, 14, '27671346', 'Gabriel Alejandro Arroyo Alegria', 60, 3, NULL),
(17, 14, '6258502', 'Maria Gracia Garcia Martin', 40, 5, NULL),
(19, 15, '15394644', 'KAREL CARRIZALES', 60, 5, NULL),
(20, 15, '19941550', 'GISSEL MORA REDONDO', 40, 7, NULL),
(22, 16, '31047043', 'ANA PANTOJA', 100, 3, NULL),
(23, 17, '1', 'Alexandra Acosta', 100, 3, NULL),
(24, 19, '3240565', 'LUIS AGUSTIN GONZALEZ SARABIA', 50, 5, NULL),
(25, 19, '7662973', 'MARIA MAGDALENA ARAUJO', 25, 6, NULL),
(26, 19, '6348912', 'LUIS ALEMBERT GONZALEZ', 25, 7, NULL),
(27, 21, '6430256', 'MARLENE RUTH CARRION DE PEREZ', 17, 6, NULL),
(28, 21, '6430257', 'SONIA ESPERANZA CARRION MENDEZ', 17, 6, NULL),
(29, 21, '6142312', 'GLADYS YOLANDA CARRION MENDEZ', 17, 6, NULL),
(30, 21, '6142226', 'NANCY GLORIA CARRION MENDEZ', 17, 6, NULL),
(31, 21, '6868934', 'MARITZA CARRION DE LOYO', 16, 6, NULL),
(32, 21, '6961173', 'CARLOS ALBERTO GONZALEZ BAUTE', 16, 7, NULL),
(34, 22, '18457958', 'Estefanía Araujo Mendoza', 66, 5, NULL),
(35, 22, '23593876', 'Isabel Cristina Aguilar Giuntini', 10, 3, NULL),
(36, 22, '21592382', 'Joaquín Fernando Aguilar Giuntini', 7, 3, NULL),
(37, 22, '27677911', 'Alejandra Eugenia Aguilar Giuntini', 17, 3, NULL),
(38, 23, '23693781', 'Luis Guillermo Larez Garcia', 50, 3, NULL),
(39, 23, '19209288', 'Marianna Lorena Larez Garcia', 50, 3, NULL),
(41, 24, '10119292', 'BELKIS INES CARRION MENDEZ', 50, 7, NULL),
(42, 24, '19720468', 'MOISES ALBERTO GONZALEZ CORTEZ', 25, 3, NULL),
(43, 24, '20596853', 'GENESIS ANDREINA GONZALEZ CORTEZ', 25, 3, NULL),
(44, 25, 'V13019667', 'PAULA ', 100, 7, NULL),
(45, 26, '305804877', 'SERPROTECH ENERGY', 100, 7, NULL),
(46, 27, '11.675.094', 'Gosling A. Sonia Thays', 100, 3, NULL),
(47, 28, '305804877', 'SERPROTECH ENERGY', 100, 7, NULL),
(48, 29, '305804877', 'SERPROTECH ENERGY', 100, 7, NULL),
(49, 30, '305804877', 'SERPROTECH ENERGY', 100, 7, NULL),
(50, 31, 'Luis', 'Fernandez', 100, 7, NULL),
(51, 32, '566047553', 'Luis', 100, 7, NULL),
(52, 33, 'J305804877', 'SERPROTECH ENERGY', 100, 7, NULL),
(53, 34, 'J305804877', 'SERPROTECH ENERGY', 100, 7, NULL),
(54, 35, 'J305804877', 'SERPROTECH ENERGY', 100, 7, NULL),
(55, 36, 'J305804877', 'SERPROTECH ENERGY', 100, 7, NULL),
(56, 37, 'J305804877', 'SERPROTECH ENERGY', 100, 7, NULL),
(57, 38, 'J305804877', 'SERPROTECH ENERGY', 100, 7, NULL),
(58, 39, 'J305804877', 'SERPROTECH ENERGY', 100, 7, NULL),
(59, 40, '26731252', 'BELISARIO E MARTIN VILLEGAS', 50, 3, NULL),
(60, 40, '7377480', 'ANGELICA MELENDEZ', 50, 5, NULL),
(62, 41, '30285813', 'Carreño  Quijada Jose gabriel', 50, 3, NULL),
(63, 41, '5187286', 'Nancy de Quijada ', 50, 2, NULL),
(65, 42, '30795571', 'YESCARLIS NICOL BRITO VILLARROEL', 100, 3, NULL),
(66, 43, '30132322', 'Javier Alejandro Gómez Cayamo ', 50, 3, NULL),
(67, 43, '31832188', 'Valeria Alejandra Gómez Cayamo ', 50, 3, NULL),
(69, 44, '30673635', 'Orianna Isabel Pietrobono Rey', 100, 3, NULL),
(70, 45, 'v-8338303', 'LETTY DEL VALLE SARMIENTO PAREDES', 100, 5, NULL),
(71, 46, '561445443', 'ISABELA CRISTINA RINCON', 100, 5, NULL),
(72, 47, 'Y9548674P1', 'Ashlee peralta', 40, 3, NULL),
(73, 47, 'Y9548674P2', 'Luciana Quevedo', 30, 3, NULL),
(74, 47, 'Y9548674P3', 'Maria Quevedo', 30, 3, NULL),
(75, 48, '18810791', 'VANESSA REVERON', 34, 3, NULL),
(76, 48, '20913361', 'DANIELA REVERON', 33, 3, NULL),
(77, 48, '20913360', 'ANDREA REVERON', 33, 3, NULL),
(78, 49, 'A614433024590', 'JOSE M. AREVALO CHAFFARDET', 50, 3, NULL),
(79, 49, 'A614546995410', 'MARIA F. AREVALO CHAFFARDET', 50, 3, NULL);

-- --------------------------------------------------------

--
-- Estructura de tabla para la tabla `insurance_beneficiaries_temp`
--

CREATE TABLE `insurance_beneficiaries_temp` (
  `id_beneficiary_temp` int(11) NOT NULL,
  `id_buy_temp` int(11) NOT NULL,
  `identification` varchar(20) NOT NULL,
  `name_beneficiary` varchar(150) NOT NULL,
  `percentage_beneficiary` int(11) NOT NULL,
  `id_relationship` int(11) NOT NULL,
  `date_birth` date DEFAULT NULL
) ENGINE=InnoDB DEFAULT CHARSET=utf8 COLLATE=utf8_unicode_ci;

--
-- Volcado de datos para la tabla `insurance_beneficiaries_temp`
--

INSERT INTO `insurance_beneficiaries_temp` (`id_beneficiary_temp`, `id_buy_temp`, `identification`, `name_beneficiary`, `percentage_beneficiary`, `id_relationship`, `date_birth`) VALUES
(2, 2, '30433268', 'ELIESKA S', 100, 3, NULL),
(3, 3, '9100122', 'GREGORIANA', 100, 2, NULL),
(4, 4, '25562174', 'DIANA CASTRO', 100, 3, NULL),
(5, 10, '55555555', 'NP', 100, 5, NULL),
(6, 13, 'sebastian', 'orta', 100, 3, NULL),
(7, 14, '19941550', 'GISSEL MORA REDONDO', 30, 7, NULL),
(8, 14, '15394644', 'KAREL CARRIZALEZ', 70, 5, NULL),
(9, 18, '18457958', 'Estefania Araujo', 100, 5, NULL),
(10, 19, 'Estefania Araujo', '18457958', 100, 5, NULL),
(11, 20, '12438494', 'Maria Torres', 100, 2, NULL),
(12, 25, '7196222', 'Ruben Rivas', 100, 5, NULL),
(13, 40, '15394644', 'KAREL CARRIZALES', 60, 5, NULL),
(14, 40, '19941550', 'GISSEL MORA REDONDO', 40, 7, NULL),
(15, 42, '27671346', 'Gabriel Alejandro Arroyo Alegria', 60, 3, NULL),
(16, 42, '6258502', 'Maria Gracia Garcia Martin', 40, 5, NULL),
(17, 46, '31047043', 'ANA PANTOJA', 100, 3, NULL),
(18, 47, '7777777777', 'Np', 100, 5, NULL),
(19, 48, 'Alexandra', 'Acosta', 100, 3, NULL),
(20, 50, '1', 'Alexandra Acosta', 100, 3, NULL),
(21, 52, '3240565', 'LUIS AGUSTIN GONZALEZ SARABIA', 50, 5, NULL),
(22, 52, '7662973', 'MARIA MAGDALENA ARAUJO', 25, 6, NULL),
(23, 52, '6348912', 'LUIS ALEMBERT GONZALEZ', 25, 7, NULL),
(24, 63, '6430256', 'MARLENE RUTH CARRION DE PEREZ', 17, 6, NULL),
(25, 63, '6430257', 'SONIA ESPERANZA CARRION MENDEZ', 17, 6, NULL),
(26, 63, '6142312', 'GLADYS YOLANDA CARRION MENDEZ', 17, 6, NULL),
(27, 63, '6142226', 'NANCY GLORIA CARRION MENDEZ', 17, 6, NULL),
(28, 63, '6868934', 'MARITZA CARRION DE LOYO', 16, 6, NULL),
(29, 63, '6961173', 'CARLOS ALBERTO GONZALEZ BAUTE', 16, 7, NULL),
(30, 65, '10119292', 'BELKIS INES CARRION MENDEZ', 50, 7, NULL),
(31, 65, '19720468', 'MOISES ALBERTO GONZALEZ CORTEZ', 25, 3, NULL),
(32, 65, '20596853', 'GENESIS ANDREINA GONZALEZ CORTEZ', 25, 3, NULL),
(33, 66, '23693781', 'Luis Guillermo Larez Garcia', 50, 3, NULL),
(34, 66, '19209288', 'Marianna Lorena Larez Garcia', 50, 3, NULL),
(35, 67, '11740377', 'Daniela olivo ', 100, 5, NULL),
(36, 68, '9100122', 'GREGORIANA VALERA', 100, 2, NULL),
(37, 71, 'V13019667', 'PAULA ', 100, 7, NULL),
(38, 72, '7979066', 'Maria C Pina', 50, 5, NULL),
(39, 72, '30373978', 'Maria E Guisandes', 50, 3, NULL),
(40, 73, '6009287', 'Nancy Perez', 100, 2, NULL),
(41, 74, '11.675.094', 'Gosling A. Sonia Thays', 100, 3, NULL),
(42, 75, '2996931', 'Irene Lopez', 100, 2, NULL),
(43, 76, '11438803', 'Yulmira Hernández ', 50, 5, NULL),
(44, 76, '6173125', 'Milagro Lira', 50, 2, NULL),
(45, 77, '6366528', 'SULAY SAYAGO', 100, 2, NULL),
(46, 78, '16952174', 'ROSANGEL RENGIFO ', 100, 5, NULL),
(47, 79, '26731252', 'BELISARIO E MARTIN VILLEGAS', 50, 3, NULL),
(48, 79, '7377480', 'ANGELICA MELENDEZ', 50, 5, NULL),
(49, 81, '30285813', 'Carreño  Quijada Jose gabriel', 50, 3, NULL),
(50, 81, '5187286', 'Nancy de Quijada ', 50, 2, NULL),
(51, 82, '30795571', 'YESCARLIS NICOL BRITO VILLARROEL', 100, 3, NULL),
(52, 83, '30132322', 'Javier Alejandro Gómez Cayamo ', 50, 3, NULL),
(53, 83, '31832188', 'Valeria Alejandra Gómez Cayamo ', 50, 3, NULL),
(54, 85, '641213', 'nery', 100, 2, NULL),
(55, 86, '14285571', 'Benito Navarro', 100, 5, NULL),
(56, 92, '30673635', 'Orianna Isabel Pietrobono Rey', 100, 3, NULL),
(57, 93, '130016361', 'Matias Morillo', 100, 3, NULL),
(58, 94, '17671938', 'Nancy Perez', 100, 2, NULL),
(59, 95, '76657', 'dg', 75, 5, NULL),
(60, 95, '54346', 'dgd', 25, 3, NULL),
(61, 96, '12344', 'fcc', 100, 7, NULL),
(62, 97, '16671595', 'Dennys Camacho Perez', 33, 3, NULL),
(63, 97, '20805315', 'Jose Gabriel Perez', 33, 3, NULL),
(64, 97, '29630270', 'Carmen Victoria Sanchez Perez', 34, 3, NULL),
(65, 99, '164293091', 'fabiana  garcia ', 100, 3, NULL),
(66, 100, '164293091', 'favde gracua', 100, 3, NULL),
(67, 102, '13218253', 'Luis Orellana', 34, 5, NULL),
(68, 102, '6426070', 'Mirglee Torres', 33, 2, NULL),
(69, 102, '3884752', 'Eduardo Rivero', 33, 2, NULL),
(70, 103, '15422467', 'Adriana Marcano', 100, 5, NULL),
(71, 105, 'v-8338303', 'LETTY DEL VALLE SARMIENTO PAREDES', 100, 5, NULL),
(72, 106, 'V-28352040', 'ENYEL ENRIQUE TOVAR SARMIENTO', 100, 3, NULL),
(73, 107, 'V-28352040', 'ENYEL ENRIQUE TOVAR SARMIENTO', 100, 3, NULL),
(74, 110, '561445443', 'ISABELA CRISTINA RINCON', 100, 5, NULL),
(75, 111, '561445443', 'ISABELA CRISTINA RINCON', 100, 5, NULL),
(76, 112, 'Y9548674P1', 'Ashlee peralta', 40, 3, NULL),
(77, 112, 'Y9548674P2', 'Luciana Quevedo', 30, 3, NULL),
(78, 112, 'Y9548674P3', 'Maria Quevedo', 30, 3, NULL),
(79, 113, '8752562', 'Nelida Abad', 100, 6, NULL),
(80, 114, '004719188', 'Yoselin Ferraro ', 100, 5, NULL),
(81, 116, '26632230', 'Anthony Belmonte', 50, 3, NULL),
(82, 116, '28104628', 'Maikys Belmonte', 50, 3, NULL),
(83, 117, '18810791', 'VANESSA REVERON', 34, 3, NULL),
(84, 117, '20913361', 'DANIELA REVERON', 33, 3, NULL),
(85, 117, '20913360', 'ANDREA REVERON', 33, 3, NULL),
(86, 118, '30340033', 'alessandra/escobar', 100, 3, NULL),
(87, 119, '8752562', 'Nelida Abad', 100, 6, NULL),
(88, 120, '30340033', 'Alessandra/Escobar', 100, 3, NULL),
(89, 121, '456456', 'kopk', 100, 1, NULL),
(90, 122, '45454', 'jokj', 100, 1, NULL),
(91, 123, 'A614433024590', 'JOSE M. AREVALO CHAFFARDET', 50, 3, NULL),
(92, 123, 'A614546995410', 'MARIA F. AREVALO CHAFFARDET', 50, 3, NULL),
(93, 124, 'A614433024590', 'JOSE M. AREVALO CHAFFARDET', 50, 3, NULL),
(94, 124, 'A614546995410', 'MARIA F. AREVALO CHAFFARDET', 50, 3, NULL),
(95, 127, '29954870', 'santiago loyo', 50, 3, NULL),
(96, 127, '31706656', 'camila loyo', 50, 3, NULL);

-- --------------------------------------------------------

--
-- Estructura de tabla para la tabla `insurance_buy`
--

CREATE TABLE `insurance_buy` (
  `id_buy` int(11) NOT NULL,
  `id_insurance` int(11) NOT NULL,
  `id_term` int(11) DEFAULT NULL,
  `amount_term` double(20,2) DEFAULT NULL,
  `total_buy` double(20,2) DEFAULT 0.00,
  `id_coupon` int(11) DEFAULT NULL,
  `type_coupon` int(11) DEFAULT NULL,
  `id_subscriber` int(11) DEFAULT NULL,
  `user_id` varchar(20) NOT NULL,
  `name_user` varchar(100) NOT NULL,
  `last_name_user` varchar(100) NOT NULL,
  `sex_user` varchar(1) NOT NULL,
  `date_birth` date NOT NULL,
  `age_user` int(11) NOT NULL,
  `smokes_user` int(11) NOT NULL,
  `id_country` varchar(2) NOT NULL,
  `email_user` varchar(100) NOT NULL,
  `phone_user` varchar(50) NOT NULL,
  `beneficiaries_user` int(11) NOT NULL,
  `id_price` int(11) NOT NULL,
  `start_date` date DEFAULT NULL,
  `end_date` date DEFAULT NULL,
  `user_profile` int(11) DEFAULT NULL,
  `id_agency` int(11) DEFAULT NULL,
  `id_adviser` int(11) DEFAULT NULL,
  `id_agency_ibo` int(11) DEFAULT NULL,
  `ibo` varchar(15) DEFAULT NULL,
  `token_buy` text DEFAULT NULL,
  `model_car` varchar(100) DEFAULT NULL,
  `year_car` year(4) DEFAULT NULL,
  `license_plate` varchar(50) DEFAULT NULL,
  `option_extension` int(11) NOT NULL DEFAULT 1,
  `cant_husbands` int(11) NOT NULL DEFAULT 0,
  `cant_sons` int(11) NOT NULL DEFAULT 0,
  `cant_fathers` int(11) NOT NULL DEFAULT 0,
  `cant_spouse` int(11) NOT NULL DEFAULT 0,
  `create_date` datetime DEFAULT NULL,
  `modify_date` datetime DEFAULT NULL,
  `id_status` int(11) NOT NULL
) ENGINE=InnoDB DEFAULT CHARSET=utf8 COLLATE=utf8_unicode_ci;

--
-- Volcado de datos para la tabla `insurance_buy`
--

INSERT INTO `insurance_buy` (`id_buy`, `id_insurance`, `id_term`, `amount_term`, `total_buy`, `id_coupon`, `type_coupon`, `id_subscriber`, `user_id`, `name_user`, `last_name_user`, `sex_user`, `date_birth`, `age_user`, `smokes_user`, `id_country`, `email_user`, `phone_user`, `beneficiaries_user`, `id_price`, `start_date`, `end_date`, `user_profile`, `id_agency`, `id_adviser`, `id_agency_ibo`, `ibo`, `token_buy`, `model_car`, `year_car`, `license_plate`, `option_extension`, `cant_husbands`, `cant_sons`, `cant_fathers`, `cant_spouse`, `create_date`, `modify_date`, `id_status`) VALUES
(1, 3, NULL, NULL, 0.00, NULL, NULL, NULL, '20215445', 'Yower', 'Alvarez', 'M', '2003-01-01', 19, 0, 'BR', 'yoward05@gmail.com', '+55421578444', 0, 15, '2022-03-21', '2023-03-21', NULL, NULL, NULL, NULL, NULL, 'Aywk3WTXI0202203210505031', NULL, NULL, NULL, 1, 0, 0, 0, 0, '2022-03-21 05:05:03', NULL, 8),
(2, 3, NULL, NULL, 0.00, NULL, NULL, NULL, '20625577', 'María Daniela', 'Pérez', 'F', '1993-06-05', 28, 0, 'VE', 'mdperezbalza@gmail.com', '+584247360126', 1, 13, '2022-03-20', '2023-03-20', NULL, NULL, NULL, NULL, NULL, 'MKX2UinAu1202203202235462', NULL, NULL, NULL, 1, 0, 0, 0, 0, '2022-03-20 22:35:46', NULL, 8),
(3, 3, NULL, NULL, 0.00, NULL, NULL, NULL, '956194', 'Andres', 'Villasmil', 'M', '2002-10-15', 19, 0, 'US', 'andyevillasmil@gmail.com', '+13364147146', 1, 15, '2022-03-20', '2023-03-20', NULL, NULL, NULL, NULL, NULL, 'HwTVFOfzAr202203202250083', NULL, NULL, NULL, 1, 0, 0, 0, 0, '2022-03-20 22:50:08', NULL, 8),
(4, 3, NULL, NULL, 0.00, NULL, NULL, NULL, '12308617', 'Maribell', 'Sousa', 'F', '1974-10-17', 47, 0, 'VE', 'maribell.sousa@gmail.com', '+584122338737', 1, 5, '2022-03-21', '2023-03-21', NULL, NULL, NULL, NULL, NULL, '2zuQcyRIwG202203210041404', NULL, NULL, NULL, 1, 0, 0, 0, 0, '2022-03-21 00:41:40', NULL, 8),
(5, 3, NULL, NULL, 0.00, NULL, NULL, NULL, 'C163404785970', 'IRIS DAYANA', 'CHAFFARDET PAZ', 'F', '1978-03-17', 44, 0, 'US', 'chaffa.st_14@hotmail.com', '+14077057698', 2, 8, '2022-03-30', '2023-03-30', 5, 26, NULL, NULL, NULL, 'Z12bc7CMfd202203301909325', NULL, NULL, NULL, 1, 0, 0, 0, 0, '2022-03-30 19:09:32', NULL, 8),
(6, 3, NULL, NULL, 0.00, NULL, NULL, NULL, '10516850', 'Kelly', 'Ascanio', 'F', '1970-11-21', 51, 0, 'VE', 'kelly.ascanio@gmail.com', '+584123036696', 2, 8, '2022-04-20', '2023-04-20', 6, NULL, 20, NULL, NULL, 'cqM6jKYwQ4202204201619546', NULL, NULL, NULL, 1, 0, 0, 0, 0, '2022-04-20 16:19:54', NULL, 8),
(7, 3, NULL, NULL, 0.00, NULL, NULL, NULL, '671184217', 'MARIA ELENA', 'LANFRANCO', 'F', '1947-03-17', 75, 0, 'US', 'elelan17@hotmail.com', '+19546081500', 2, 17, '2022-04-21', '2023-04-21', 4, 31, NULL, NULL, NULL, 'I4bVm2YND1202204211750167', NULL, NULL, NULL, 1, 0, 0, 0, 0, '2022-04-21 17:50:16', NULL, 8),
(8, 3, NULL, NULL, 0.00, NULL, NULL, NULL, '11607026', 'Maria Andreina', 'Villasmil', 'F', '1974-05-28', 47, 0, 'VE', 'mariandreinavillasmil@gmail.com', '+584146827375', 2, 6, '2022-05-27', '2023-05-27', 5, 62, NULL, NULL, NULL, 'd1nXWVEqvU202205271140068', NULL, NULL, NULL, 1, 0, 0, 0, 0, '2022-05-27 11:40:06', NULL, 8),
(9, 3, NULL, NULL, 0.00, NULL, NULL, NULL, '24219449', 'Yoward', 'Diaz', 'M', '2003-12-31', 18, 0, 'VE', 'diazbasket5@hotmail.com', '+584242555069', 0, 15, '2022-06-07', '2023-06-07', NULL, NULL, NULL, NULL, NULL, 'QS69ijgt5W202206071554599', NULL, NULL, NULL, 1, 0, 0, 0, 0, '2022-06-07 15:54:59', NULL, 8),
(10, 5, NULL, NULL, 0.00, NULL, NULL, NULL, '9640454', 'YSABEL', 'BUITRAGO', 'F', '1967-07-02', 54, 0, 'VE', 'gestionybc2009@gmail.com', '+584142834887', 1, 24, '2022-06-30', '2023-06-30', 6, NULL, 84, NULL, NULL, 'Ew6BdXRjgG2022063009043010', NULL, NULL, NULL, 1, 0, 0, 0, 0, '2022-06-30 09:04:30', NULL, 8),
(11, 7, NULL, NULL, 0.00, NULL, NULL, NULL, '5680166', 'Pedro', 'Villasmil', 'M', '1965-03-03', 57, 0, 'VE', 'pfvillasmil@gmail.com', '+583054970965', 0, 32, '2022-07-08', '2023-07-08', NULL, NULL, NULL, NULL, NULL, '6xg8f7Wrly2022070810595211', NULL, NULL, NULL, 1, 0, 0, 0, 0, '2022-07-08 10:59:52', NULL, 8),
(12, 7, NULL, NULL, 0.00, NULL, NULL, NULL, '8507114', 'Rafael', 'Villasmil', 'M', '1968-05-28', 54, 0, 'VE', 'rafavillasmilv@gmail.com', '+584123130575', 0, 32, '2022-07-15', '2023-07-15', 4, 20, NULL, NULL, NULL, '4lLumTsMUI2022071512015513', NULL, NULL, NULL, 1, 0, 0, 0, 0, '2022-07-15 12:01:55', NULL, 8),
(13, 5, NULL, NULL, 0.00, NULL, NULL, NULL, '5680166', 'Pedro', 'Villasmil', 'M', '1965-03-03', 57, 0, 'VI', 'pfvillasmil@gmail.com', '+1 3403054970965', 2, 23, '2022-07-15', '2023-07-15', NULL, NULL, NULL, NULL, NULL, 'E6Zi5LX9G42022071512300114', NULL, NULL, NULL, 1, 0, 0, 0, 0, '2022-07-15 12:30:01', NULL, 8),
(14, 3, NULL, NULL, 0.00, NULL, NULL, NULL, '6519874', 'Milton Allan', 'Arroyo Cardozo', 'M', '1968-12-24', 53, 0, 'VE', 'mariagraciagm68@gmail.com', '+584142510883', 2, 5, '2022-07-29', '2023-07-29', 6, NULL, 17, NULL, NULL, '6nrfC7Yajg2022072911372915', NULL, NULL, NULL, 1, 0, 0, 0, 0, '2022-07-29 11:37:29', NULL, 8),
(15, 3, NULL, NULL, 0.00, NULL, NULL, NULL, '8283705', 'ALEXANDER DEL CARMEN', 'REDONDO ROMERO', 'M', '1975-04-19', 47, 0, 'VE', 'aredondoseguros@gmail.com', '+5804148335089', 2, 6, '2022-07-29', '2023-07-29', 6, NULL, 50, NULL, NULL, 'ZrPLtVReUh2022072913490816', NULL, NULL, NULL, 1, 0, 0, 0, 0, '2022-07-29 13:49:08', NULL, 8),
(16, 5, NULL, NULL, 0.00, NULL, NULL, NULL, '23152355', 'NEISIS', 'GARCIA', 'F', '1978-11-08', 43, 0, 'VE', 'NEIGARCIA012@GMAIL.COM', '+580424-2330703', 1, 25, '2022-08-01', '2023-08-01', 6, NULL, 165, NULL, NULL, '5OmsIkWhX62022080119251218', NULL, NULL, NULL, 1, 0, 0, 0, 0, '2022-08-01 19:25:12', NULL, 8),
(17, 9, NULL, NULL, 0.00, NULL, NULL, NULL, '11229520', 'Alexander', 'Acosta', 'M', '1973-07-02', 49, 0, 'VE', 'alexanderacosta943@gmail.com', '+584141404018', 1, 36, '2022-08-02', '2023-08-02', NULL, NULL, NULL, NULL, NULL, 'd4KJ7bBgRS2022080215404819', NULL, NULL, NULL, 1, 0, 0, 0, 0, '2022-08-02 15:40:48', NULL, 8),
(18, 9, NULL, NULL, 0.00, NULL, NULL, NULL, '11735446', 'Humberto', 'Martinez', 'M', '1974-05-12', 48, 0, 'VE', 'humbertojose2002@gmail.com', '+584122659034', 0, 36, '2022-08-04', '2023-08-04', NULL, NULL, NULL, NULL, NULL, 'pBRSgZ5bOz2022080409350420', NULL, NULL, NULL, 1, 0, 0, 0, 0, '2022-08-04 09:35:04', NULL, 8),
(19, 5, NULL, NULL, 0.00, NULL, NULL, NULL, '4974039', 'ISABEL TERESA', 'ARAUJO DE GONZALEZ', 'F', '1956-11-09', 65, 0, 'VE', 'luisalembert@gmail.com', '+584244969751', 3, 25, '2022-08-05', '2023-08-05', 6, NULL, 158, NULL, NULL, 'nmu4G2NdbT2022080517083121', NULL, NULL, NULL, 1, 0, 0, 0, 0, '2022-08-05 17:08:31', NULL, 8),
(20, 9, NULL, NULL, 0.00, NULL, NULL, NULL, '5680166', 'Pedro', 'Villasmil', 'M', '1965-03-03', 57, 0, 'VE', 'pfvillasmil@gmail.com', '+584142369308', 0, 36, '2022-08-15', '2023-08-15', NULL, NULL, NULL, NULL, NULL, 'ND85uV2l4d2022081510083922', NULL, NULL, NULL, 1, 0, 0, 0, 0, '2022-08-15 10:08:39', NULL, 8),
(21, 5, NULL, NULL, 0.00, NULL, NULL, NULL, '10119292', 'BELKIS INES', 'CARRION MENDEZ', 'F', '1969-10-03', 52, 0, 'VE', 'belkiscarrion03@gmail.com', '+584242141970', 6, 24, '2022-08-15', '2023-08-15', 5, 69, NULL, NULL, NULL, 'mtExjAd3BI2022081513543123', NULL, NULL, NULL, 1, 0, 0, 0, 0, '2022-08-15 13:54:31', NULL, 8),
(22, 3, NULL, NULL, 0.00, NULL, NULL, NULL, '9173224', 'Joaquín Eduardo', 'Aguilar Villasmil', 'M', '1964-10-06', 57, 0, 'VE', 'aguilar.joaquine@gmail.com', '+584147290301', 4, 7, '2022-08-15', '2023-08-15', 5, 97, NULL, NULL, NULL, 'yWNaSdvY5r2022081514474124', NULL, NULL, NULL, 1, 0, 0, 0, 0, '2022-08-15 14:47:41', NULL, 8),
(23, 3, NULL, NULL, 0.00, NULL, NULL, NULL, '6258502', 'Maria Gracia', 'Garcia Martín', 'F', '1968-09-03', 53, 0, 'VE', 'mgarcia@serviciosintegralapis.com.ve', '+584142510883', 2, 6, '2022-08-15', '2023-08-15', 6, NULL, 17, NULL, NULL, 'El53CpGhz72022081521422825', NULL, NULL, NULL, 1, 0, 0, 0, 0, '2022-08-15 21:42:28', NULL, 8),
(24, 5, NULL, NULL, 0.00, NULL, NULL, NULL, '6961173', 'CARLOS ALBERTO', 'GONZALEZ BAUTE', 'M', '1963-09-20', 58, 0, 'VE', 'belkis.carrion@hotmail.com', '+584122701970', 3, 24, '2022-08-17', '2023-08-17', 5, 69, NULL, NULL, NULL, '3ekSU6RoV12022081709290726', NULL, NULL, NULL, 1, 0, 0, 0, 0, '2022-08-17 09:29:07', NULL, 8),
(25, 3, NULL, NULL, 0.00, NULL, NULL, NULL, 'V 12958433', 'FRANCISCO', 'SILVA', 'M', '1976-04-22', 46, 0, 'VE', 'directorm@view-med.com', '+584141294493', 1, 5, '2022-08-31', '2023-08-31', 6, NULL, 138, NULL, NULL, 'LDzHhdg4ZX2022083110232327', NULL, NULL, NULL, 1, 0, 0, 0, 0, '2022-08-31 10:23:23', NULL, 8),
(26, 5, NULL, NULL, 0.00, NULL, NULL, NULL, '1235241365', 'MIKE ALBERTO', 'MONTERO SUAREZ', 'M', '1976-04-24', 46, 0, 'MX', 'mikemontero@gmail.com', '+522462378751', 1, 23, '2022-09-12', '2023-09-12', 6, NULL, 209, NULL, NULL, 'OyLIaGPf5j2022091216532728', NULL, NULL, NULL, 1, 0, 0, 0, 0, '2022-09-12 16:53:27', NULL, 8),
(27, 5, NULL, NULL, 0.00, NULL, NULL, NULL, '3.719.285', 'JOSE RAFAEL', 'GOSLING RODRIGUEZ', 'M', '1951-10-03', 70, 1, 'VE', 'gosling.sonia@gmail.com', '+5804127196391', 1, 25, '2022-09-20', '2023-09-20', 6, NULL, 199, NULL, NULL, 'w6EWn3td7p2022092008523029', NULL, NULL, NULL, 1, 0, 0, 0, 0, '2022-09-20 08:52:30', NULL, 8),
(28, 5, NULL, NULL, 0.00, NULL, NULL, NULL, '164245796', 'ANTONIO JOSE', 'VASQUEZ CACERES', 'M', '1978-03-18', 44, 0, 'AR', 'A.jose.v1978@gmail.com', '+549 11 5774-0695', 1, 23, '2022-09-30', '2023-09-30', 6, NULL, 209, NULL, NULL, '0RYvIGry1u2022093016485630', NULL, NULL, NULL, 1, 0, 0, 0, 0, '2022-09-30 16:48:56', NULL, 8),
(29, 5, NULL, NULL, 0.00, NULL, NULL, NULL, 'AAC996105', 'CRISTIAN GASTON', 'TOLEDO', 'M', '1981-11-22', 40, 0, 'AR', 'Cristiangastontoledo1@hotmail.com', '+549 11 3365-4935', 1, 23, '2022-09-30', '2023-09-30', 6, NULL, 209, NULL, NULL, 'uD0QVblEGv2022093016523731', NULL, NULL, NULL, 1, 0, 0, 0, 0, '2022-09-30 16:52:37', NULL, 8),
(30, 5, NULL, NULL, 0.00, NULL, NULL, NULL, 'AD706466', 'RAMON S', 'PINO', 'M', '1983-01-15', 39, 0, 'AR', 'Ramon.s.pino@gmail.com', '+549 3873 57-3897', 1, 23, '2022-09-30', '2023-09-30', 6, NULL, 209, NULL, NULL, '6XgnNGVuDt2022093017004232', NULL, NULL, NULL, 1, 0, 0, 0, 0, '2022-09-30 17:00:42', NULL, 8),
(31, 3, NULL, NULL, 0.00, NULL, NULL, NULL, '404191', 'ADRIANA BEATRIZ', 'AQUI DE HERNANDEZ', 'F', '1968-10-01', 54, 0, 'CO', 'danitineo1969@gmail.com', '+573172551462', 1, 6, '2022-10-07', '2023-10-07', 4, 13, NULL, NULL, NULL, 'aOlGLgERHt2022100714252133', NULL, NULL, NULL, 1, 0, 0, 0, 0, '2022-10-07 14:25:21', NULL, 8),
(32, 3, NULL, NULL, 0.00, NULL, NULL, NULL, '390689', 'EDILIA BEATRIZ', 'FERNANDEZ ESCALANTE', 'F', '1969-09-19', 53, 0, 'CO', 'beatriz.fernandez@olastrading.com', '+573188020605', 1, 6, '2022-10-07', '2023-10-07', 4, 13, NULL, NULL, NULL, 'cD8W4PTLYh2022100714311534', NULL, NULL, NULL, 1, 0, 0, 0, 0, '2022-10-07 14:31:15', NULL, 8),
(33, 5, NULL, NULL, 0.00, NULL, NULL, NULL, '116928043', 'WILLIAM NARCISO', 'AQUIÑO CHINCHAY', 'M', '1979-08-15', 43, 0, 'PE', 'w.aquino.chinchay@gmail.com', '+51987082328', 1, 23, '2022-10-11', '2023-10-11', 6, NULL, 209, NULL, NULL, 'Y1EOoliMw52022101112545235', NULL, NULL, NULL, 1, 0, 0, 0, 0, '2022-10-11 12:54:52', NULL, 8),
(34, 5, NULL, NULL, 0.00, NULL, NULL, NULL, '162422854', 'JAVIER JOSE', 'OSORIO VARGAS', 'M', '1980-03-02', 42, 0, 'PE', 'jsiljar@gmail.com', '+51984833731', 1, 23, '2022-10-11', '2023-10-11', 6, NULL, 209, NULL, NULL, 'LQrADOXivo2022101113015636', NULL, NULL, NULL, 1, 0, 0, 0, 0, '2022-10-11 13:01:56', NULL, 8),
(35, 5, NULL, NULL, 0.00, NULL, NULL, NULL, '122519755', 'RODOLFO FRANZUA', 'CERNA CORDERO', 'M', '1978-08-27', 44, 0, 'PE', 'RodolfoF.CC@hotmail.com', '+51968826184', 1, 23, '2022-10-11', '2023-10-11', 6, NULL, 209, NULL, NULL, 'kZK1gHumIL2022101113074437', NULL, NULL, NULL, 1, 0, 0, 0, 0, '2022-10-11 13:07:44', NULL, 8),
(36, 5, NULL, NULL, 0.00, NULL, NULL, NULL, '120520088', 'ANTHONY EDWARD', 'REYES NUÑEZ', 'M', '1980-11-24', 41, 0, 'PE', 'anthony_reyes24@hotmail.com', '+51978274095', 1, 23, '2022-10-11', '2023-10-11', 6, NULL, 209, NULL, NULL, 'pyY8dWJfBM2022101113170138', NULL, NULL, NULL, 1, 0, 0, 0, 0, '2022-10-11 13:17:01', NULL, 8),
(37, 5, NULL, NULL, 0.00, NULL, NULL, NULL, '128639849', 'ALBERT ALEXIS', 'NUÑEZ ZAVALA', 'M', '1985-09-13', 37, 0, 'PE', 'Albertn153@gmail.com', '+51999 204 842', 1, 23, '2022-10-11', '2023-10-11', 6, NULL, 209, NULL, NULL, 'AfEco3i8s02022101113440339', NULL, NULL, NULL, 1, 0, 0, 0, 0, '2022-10-11 13:44:03', NULL, 8),
(38, 5, NULL, NULL, 0.00, NULL, NULL, NULL, '143840783', 'EDDY JOSE', 'NAVA TERAN', 'M', '1980-06-24', 42, 0, 'PE', 'eddymurphy2406@hotmail.com', '+51962801279', 1, 23, '2022-10-11', '2023-10-11', 6, NULL, 209, NULL, NULL, 'Mk5XjEcHpq2022101114450240', NULL, NULL, NULL, 1, 0, 0, 0, 0, '2022-10-11 14:45:02', NULL, 8),
(39, 5, NULL, NULL, 0.00, NULL, NULL, NULL, '166682818', 'VICTOR RICARDO', 'GUTIERREZ REYES', 'M', '1985-10-03', 37, 0, 'AR', 'ingvictorg85@hotmail.com', '+5491158805554', 1, 23, '2022-10-11', '2023-10-11', 6, NULL, 209, NULL, NULL, '9QTrZVb3sE2022101116110841', NULL, NULL, NULL, 1, 0, 0, 0, 0, '2022-10-11 16:11:08', NULL, 8),
(40, 3, NULL, NULL, 0.00, NULL, NULL, NULL, '9063980', 'BELISARIO', 'MARTIN RIVERA', 'M', '1963-08-04', 59, 0, 'VE', 'bmartinr1@gmail.com', '+584143116845', 2, 5, '2022-11-06', '2023-11-06', 6, NULL, 138, NULL, NULL, 'vzO8BnQtVR2022110608270742', NULL, NULL, NULL, 1, 0, 0, 0, 0, '2022-11-06 08:27:07', NULL, 8),
(41, 3, NULL, NULL, 0.00, NULL, NULL, NULL, '11905201', 'Eyilda', 'Quijada', 'F', '1974-10-11', 48, 0, 'VE', 'eyildaquijada123@gmail.com', '+5804248115835', 2, 16, '2022-11-15', '2023-11-15', 6, NULL, 220, NULL, NULL, 'fxTbrKA4dI2022111514182943', NULL, NULL, NULL, 1, 0, 0, 0, 0, '2022-11-15 14:18:29', NULL, 8),
(42, 3, NULL, NULL, 0.00, NULL, NULL, NULL, '14633284', 'YETCIS DEL VALLE', 'VILLARROEL ARCAS', 'F', '1979-10-25', 43, 0, 'VE', 'yecivilla@hotmail.com', '+584148064055', 1, 16, '2022-11-16', '2023-11-16', 6, NULL, 221, NULL, NULL, 'tYEL1AIWVj2022111610545644', NULL, NULL, NULL, 1, 0, 0, 0, 0, '2022-11-16 10:54:56', NULL, 8),
(43, 3, NULL, NULL, 0.00, NULL, NULL, NULL, '11634010', 'Arturo José', 'Gómez Alvarado', 'M', '1974-09-07', 48, 0, 'VE', 'arturojgomez@hotmail.com', '+584248951799', 2, 16, '2022-11-17', '2023-11-17', 6, NULL, 221, NULL, NULL, 'tn1cgHZErf2022111714022145', NULL, NULL, NULL, 1, 0, 0, 0, 0, '2022-11-17 14:02:21', NULL, 8),
(44, 3, NULL, NULL, 0.00, NULL, NULL, NULL, '10788298', 'Rosanna', 'Pietrobono', 'F', '1971-11-11', 51, 0, 'VE', 'pietrobono@gmail.com', '+584141624291', 1, 8, '2023-01-11', '2024-01-11', 6, NULL, 227, NULL, NULL, 'vL0N2npoeM2023011108383946', NULL, NULL, NULL, 1, 0, 0, 0, 0, '2023-01-11 08:38:39', NULL, 8),
(45, 5, NULL, NULL, 0.00, NULL, NULL, NULL, 'V-4887388', 'ENRIQUE', 'TOVAR', 'M', '1956-01-08', 67, 0, 'VE', 'enritov@gmail.com', '+584147788946', 1, 24, '2023-03-03', '2024-03-03', 4, 22, NULL, NULL, NULL, 'D47JPn6oOq2023030311500247', NULL, NULL, NULL, 1, 0, 0, 0, 0, '2023-03-03 11:50:02', NULL, 8),
(46, 7, NULL, NULL, 0.00, NULL, NULL, NULL, '164625038', 'DIEGO', 'APARICIO CALDERON', 'M', '1987-12-08', 35, 0, 'GT', 'diegoaparicio1019@gmail.com', '+50254873888', 1, 30, '2023-03-23', '2024-03-23', 4, 25, NULL, NULL, NULL, 'bSBCDMgPQa2023032315491448', NULL, NULL, NULL, 1, 0, 0, 0, 0, '2023-03-23 15:49:14', NULL, 8),
(47, 3, NULL, NULL, 0.00, NULL, NULL, NULL, 'Y9548674P', 'Aymar Carolina', 'Rodriguez Duran', 'F', '1980-06-27', 42, 0, 'ES', 'aymarcrd27@gmail.com', '+34611298842', 3, 8, '2023-03-23', '2024-03-23', 6, NULL, 252, NULL, NULL, 'pdcCsTkRG82023032316433849', NULL, NULL, NULL, 1, 0, 0, 0, 0, '2023-03-23 16:43:38', NULL, 8),
(48, 5, NULL, NULL, 0.00, NULL, NULL, NULL, '7207422', 'CARLOS ALBERTO', 'REVERON ANDRADE', 'M', '1962-07-23', 60, 1, 'VE', 'reveroncarlos@gmail.com', '+584129321366', 3, 25, '2023-04-13', '2024-04-13', 6, NULL, 142, NULL, NULL, '9fcyiPsY4e2023041314163350', NULL, NULL, NULL, 1, 0, 0, 0, 0, '2023-04-13 14:16:33', NULL, 8),
(49, 3, NULL, NULL, 0.00, NULL, NULL, NULL, 'C163404785970', 'IRIS DAYANA', 'CHAFFARDET PAZ', 'F', '1978-03-17', 45, 0, 'VI', 'chaffa.st_14@hotmail.com', '+1 340+14077057698', 2, 8, '2023-06-02', '2024-06-02', 5, 26, NULL, NULL, NULL, '68lY4pTQMx2023060214390051', NULL, NULL, NULL, 1, 0, 0, 0, 0, '2023-06-02 14:39:00', NULL, 8);

-- --------------------------------------------------------

--
-- Estructura de tabla para la tabla `insurance_buy_declaration`
--

CREATE TABLE `insurance_buy_declaration` (
  `id_buy` int(11) NOT NULL,
  `id_declaration_health` int(11) NOT NULL,
  `description` text NOT NULL,
  `option_select` int(11) NOT NULL DEFAULT 1
) ENGINE=InnoDB DEFAULT CHARSET=utf8 COLLATE=utf8_unicode_ci;

--
-- Volcado de datos para la tabla `insurance_buy_declaration`
--

INSERT INTO `insurance_buy_declaration` (`id_buy`, `id_declaration_health`, `description`, `option_select`) VALUES
(1, 8, ' Prueba', 1),
(2, 1, '0', 1),
(2, 3, '0', 1),
(2, 4, '0', 1),
(4, 1, '0', 1),
(4, 3, '0', 1),
(4, 4, '0', 1),
(5, 1, '0', 1),
(5, 3, '0', 1),
(5, 4, '0', 1),
(6, 1, '0', 1),
(6, 3, '0', 1),
(6, 4, '0', 1),
(7, 1, '0', 1),
(7, 3, '0', 1),
(7, 4, '0', 1),
(8, 1, '0', 1),
(8, 3, '0', 1),
(8, 4, '0', 1),
(10, 1, '0', 1),
(10, 3, '0', 1),
(10, 4, '0', 1),
(11, 1, '0', 1),
(11, 4, '0', 1),
(12, 1, '0', 1),
(12, 4, '0', 1),
(13, 1, '0', 1),
(13, 3, '0', 1),
(13, 4, '0', 1),
(14, 1, '0', 1),
(14, 3, '0', 1),
(14, 4, '0', 1),
(15, 1, '0', 1),
(15, 3, '0', 1),
(15, 4, '0', 1),
(15, 5, 'Hipertensión Controlada\nAgosto 2021\nDr. Jose Acuña\n', 1),
(16, 1, '0', 1),
(16, 3, '0', 1),
(16, 4, '0', 1),
(17, 1, '0', 1),
(17, 2, '0', 1),
(17, 3, '0', 1),
(17, 4, '0', 1),
(18, 1, '0', 1),
(18, 2, '0', 1),
(18, 3, '0', 1),
(18, 4, '0', 1),
(19, 1, '0', 1),
(19, 3, '0', 1),
(19, 4, '0', 1),
(20, 1, '0', 1),
(20, 2, '0', 1),
(20, 3, '0', 1),
(20, 4, '0', 1),
(21, 1, '0', 1),
(21, 4, '0', 1),
(22, 1, '0', 1),
(22, 3, '0', 1),
(22, 4, '0', 1),
(22, 6, ' El 9 de Julio de 2012 el Dr Alberto Salinas me realizó una cirugía Bariátrica (By Pass Gástrico) para tratar mi obesidad. En ese momento pesaba 153 Kg. Desde el primer trimestre del 2013 mantengo en promedio un peso constante de 90 Kg. ', 1),
(23, 1, '0', 1),
(23, 3, '0', 1),
(23, 4, '0', 1),
(23, 5, ' Transplante valvula aortica 2012 Hospital de Clinicas Caracas. Medico Tratante Dra. Maria Dolores Rotolo Hospital de Clinicas Caracas', 1),
(24, 1, '0', 1),
(24, 3, '0', 1),
(24, 4, '0', 1),
(25, 1, '0', 1),
(25, 3, '0', 1),
(25, 4, '0', 1),
(26, 1, '0', 1),
(26, 3, '0', 1),
(26, 4, '0', 1),
(27, 1, '0', 1),
(27, 3, '0', 1),
(27, 4, '0', 1),
(27, 8, ' si consume cigarrillos 2 o 3 diarios desde hace 10 años aproximadamente ', 1),
(27, 5, ' Hipertension arterial controlada con medicamentos m\nmedico tratante Doctor Simon Tovar cardiologo estado actual bien \nhace 30 años diagnostico', 1),
(28, 1, '0', 1),
(28, 3, '0', 1),
(28, 4, '0', 1),
(29, 1, '0', 1),
(29, 3, '0', 1),
(29, 4, '0', 1),
(30, 1, '0', 1),
(30, 3, '0', 1),
(30, 4, '0', 1),
(31, 1, '0', 1),
(31, 3, '0', 1),
(31, 4, '0', 1),
(32, 1, '0', 1),
(32, 3, '0', 1),
(32, 4, '0', 1),
(33, 1, '0', 1),
(33, 3, '0', 1),
(33, 4, '0', 1),
(34, 1, '0', 1),
(34, 3, '0', 1),
(34, 4, '0', 1),
(35, 1, '0', 1),
(35, 3, '0', 1),
(35, 4, '0', 1),
(36, 1, '0', 1),
(36, 3, '0', 1),
(36, 4, '0', 1),
(37, 1, '0', 1),
(37, 3, '0', 1),
(37, 4, '0', 1),
(38, 1, '0', 1),
(38, 3, '0', 1),
(38, 4, '0', 1),
(39, 1, '0', 1),
(39, 3, '0', 1),
(39, 4, '0', 1),
(40, 1, '0', 1),
(40, 3, '0', 1),
(40, 4, '0', 1),
(41, 1, '0', 1),
(41, 3, '0', 1),
(41, 4, '0', 1),
(42, 1, '0', 1),
(42, 3, '0', 1),
(42, 4, '0', 1),
(43, 1, '0', 1),
(43, 3, '0', 1),
(43, 4, '0', 1),
(44, 1, '0', 1),
(44, 3, '0', 1),
(44, 4, '0', 1),
(44, 5, ' Se esta realizando evaluacion por evento de hipertensivo causado por estres laboral sin diagnostico medico firme', 1),
(45, 1, '0', 1),
(45, 3, '0', 1),
(45, 4, '0', 1),
(46, 1, '0', 1),
(46, 4, '0', 1),
(47, 1, '0', 1),
(47, 3, '0', 1),
(47, 4, '0', 1),
(48, 1, '0', 1),
(48, 3, '0', 1),
(48, 4, '0', 1),
(48, 8, ' DESDE LOS 25 AÑOS. \n3 CIGARROS DIARIOS', 1),
(49, 1, '0', 1),
(49, 3, '0', 1),
(49, 4, '0', 1);

-- --------------------------------------------------------

--
-- Estructura de tabla para la tabla `insurance_buy_declaration_temp`
--

CREATE TABLE `insurance_buy_declaration_temp` (
  `id_buy_temp` int(11) NOT NULL,
  `id_declaration_health` int(11) NOT NULL,
  `description` text NOT NULL,
  `option_select` int(11) NOT NULL DEFAULT 1
) ENGINE=InnoDB DEFAULT CHARSET=utf8 COLLATE=utf8_unicode_ci;

--
-- Volcado de datos para la tabla `insurance_buy_declaration_temp`
--

INSERT INTO `insurance_buy_declaration_temp` (`id_buy_temp`, `id_declaration_health`, `description`, `option_select`) VALUES
(2, 1, '0', 1),
(2, 3, '0', 1),
(2, 4, '0', 1),
(3, 1, '0', 1),
(3, 3, '0', 1),
(3, 4, '0', 1),
(3, 8, ' 15 DIARIOS', 1),
(4, 1, '0', 1),
(4, 3, '0', 1),
(4, 4, '0', 1),
(5, 1, '0', 1),
(5, 3, '0', 1),
(5, 4, '0', 1),
(6, 1, '0', 1),
(6, 3, '0', 1),
(6, 4, '0', 1),
(7, 1, '0', 1),
(7, 3, '0', 1),
(7, 4, '0', 1),
(8, 1, '0', 1),
(8, 3, '0', 1),
(8, 4, '0', 1),
(9, 1, '0', 1),
(9, 4, '0', 1),
(10, 1, '0', 1),
(10, 3, '0', 1),
(10, 4, '0', 1),
(11, 1, '0', 1),
(11, 4, '0', 1),
(12, 1, '0', 1),
(12, 3, '0', 1),
(12, 4, '0', 1),
(13, 1, '0', 1),
(13, 3, '0', 1),
(13, 4, '0', 1),
(14, 1, '0', 1),
(14, 3, '0', 1),
(14, 4, '0', 1),
(14, 5, ' HIPERTENSION ARTERIAL \nJOSE ACUÑA\nAGOSTO 2021\nCONTROLADA', 1),
(15, 1, '0', 1),
(15, 3, '0', 1),
(15, 4, '0', 1),
(16, 1, '0', 1),
(16, 3, '0', 1),
(16, 4, '0', 1),
(17, 1, '0', 1),
(17, 3, '0', 1),
(17, 4, '0', 1),
(18, 1, '0', 1),
(18, 3, '0', 1),
(18, 4, '0', 1),
(18, 6, ' Obesidad controlada a través de un By Pass gástrico en Julio del 2012', 1),
(19, 1, '0', 1),
(19, 3, '0', 1),
(19, 4, '0', 1),
(19, 6, ' Obesidad controlada mediante By Pass Gástrico en Julio 2012', 1),
(20, 1, '0', 1),
(20, 3, '0', 1),
(20, 4, '0', 1),
(21, 1, '0', 1),
(21, 2, '0', 1),
(21, 4, '0', 1),
(22, 1, '0', 1),
(22, 2, '0', 1),
(22, 4, '0', 1),
(23, 1, '0', 1),
(23, 2, '0', 1),
(23, 4, '0', 1),
(24, 1, '0', 1),
(24, 2, '0', 1),
(24, 4, '0', 1),
(25, 1, '0', 1),
(25, 3, '0', 1),
(25, 4, '0', 1),
(26, 1, '0', 1),
(26, 2, '0', 1),
(26, 4, '0', 1),
(27, 1, '0', 1),
(27, 2, '0', 1),
(27, 4, '0', 1),
(28, 1, '0', 1),
(28, 2, '0', 1),
(28, 4, '0', 1),
(29, 1, '0', 1),
(29, 2, '0', 1),
(29, 4, '0', 1),
(30, 1, '0', 1),
(30, 2, '0', 1),
(30, 4, '0', 1),
(31, 1, '0', 1),
(31, 2, '0', 1),
(31, 4, '0', 1),
(32, 1, '0', 1),
(32, 2, '0', 1),
(32, 4, '0', 1),
(33, 1, '0', 1),
(33, 2, '0', 1),
(33, 4, '0', 1),
(34, 1, '0', 1),
(34, 3, '0', 1),
(34, 4, '0', 1),
(35, 1, '0', 1),
(35, 3, '0', 1),
(35, 4, '0', 1),
(36, 1, '0', 1),
(36, 2, '0', 1),
(36, 4, '0', 1),
(37, 1, '0', 1),
(37, 3, '0', 1),
(37, 4, '0', 1),
(38, 1, '0', 1),
(38, 2, '0', 1),
(38, 4, '0', 1),
(39, 1, '0', 1),
(39, 2, '0', 1),
(39, 4, '0', 1),
(40, 1, '0', 1),
(40, 3, '0', 1),
(40, 4, '0', 1),
(40, 5, 'Hipertensión Controlada\nAgosto 2021\nDr. Jose Acuña\n', 1),
(41, 1, '0', 1),
(41, 3, '0', 1),
(41, 4, '0', 1),
(42, 1, '0', 1),
(42, 3, '0', 1),
(42, 4, '0', 1),
(43, 1, '0', 1),
(43, 3, '0', 1),
(43, 4, '0', 1),
(44, 1, '0', 1),
(44, 3, '0', 1),
(44, 4, '0', 1),
(45, 1, '0', 1),
(45, 3, '0', 1),
(45, 4, '0', 1),
(46, 1, '0', 1),
(46, 3, '0', 1),
(46, 4, '0', 1),
(47, 1, '0', 1),
(47, 2, '0', 1),
(47, 3, '0', 1),
(47, 4, '0', 1),
(48, 1, '0', 1),
(48, 2, '0', 1),
(48, 3, '0', 1),
(48, 4, '0', 1),
(49, 1, '0', 1),
(49, 2, '0', 1),
(49, 3, '0', 1),
(49, 4, '0', 1),
(50, 1, '0', 1),
(50, 2, '0', 1),
(50, 3, '0', 1),
(50, 4, '0', 1),
(51, 1, '0', 1),
(51, 2, '0', 1),
(51, 3, '0', 1),
(51, 4, '0', 1),
(52, 1, '0', 1),
(52, 3, '0', 1),
(52, 4, '0', 1),
(53, 1, '0', 1),
(53, 3, '0', 1),
(53, 4, '0', 1),
(54, 1, '0', 1),
(54, 3, '0', 1),
(54, 4, '0', 1),
(55, 1, '0', 1),
(55, 3, '0', 1),
(55, 4, '0', 1),
(56, 1, '0', 1),
(56, 3, '0', 1),
(56, 4, '0', 1),
(57, 1, '0', 1),
(57, 3, '0', 1),
(57, 4, '0', 1),
(58, 1, '0', 1),
(58, 3, '0', 1),
(58, 4, '0', 1),
(59, 1, '0', 1),
(59, 3, '0', 1),
(59, 4, '0', 1),
(60, 1, '0', 1),
(60, 3, '0', 1),
(60, 4, '0', 1),
(61, 1, '0', 1),
(61, 3, '0', 1),
(61, 4, '0', 1),
(62, 1, '0', 1),
(62, 3, '0', 1),
(62, 4, '0', 1),
(63, 1, '0', 1),
(63, 4, '0', 1),
(64, 1, '0', 1),
(64, 2, '0', 1),
(64, 3, '0', 1),
(64, 4, '0', 1),
(65, 1, '0', 1),
(65, 3, '0', 1),
(65, 4, '0', 1),
(66, 1, '0', 1),
(66, 3, '0', 1),
(66, 4, '0', 1),
(66, 5, ' Transplante valvula aortica 2012 Hospital de Clinicas Caracas. Medico Tratante Dra. Maria Dolores Rotolo Hospital de Clinicas Caracas', 1),
(67, 1, '0', 1),
(67, 2, '0', 1),
(67, 3, '0', 1),
(67, 4, '0', 1),
(68, 1, '0', 1),
(68, 2, '0', 1),
(68, 3, '0', 1),
(68, 4, '0', 1),
(69, 1, '0', 1),
(69, 4, '0', 1),
(70, 1, '0', 1),
(70, 3, '0', 1),
(70, 4, '0', 1),
(71, 1, '0', 1),
(71, 3, '0', 1),
(71, 4, '0', 1),
(72, 1, '0', 1),
(72, 3, '0', 1),
(72, 4, '0', 1),
(73, 1, '0', 1),
(73, 3, '0', 1),
(73, 4, '0', 1),
(74, 1, '0', 1),
(74, 3, '0', 1),
(74, 4, '0', 1),
(74, 8, ' si consume cigarrillos 2 o 3 diarios desde hace 10 años aproximadamente ', 1),
(74, 5, ' Hipertension arterial controlada con medicamentos m\nmedico tratante Doctor Simon Tovar cardiologo estado actual bien \nhace 30 años diagnostico', 1),
(75, 1, '0', 1),
(75, 3, '0', 1),
(75, 4, '0', 1),
(76, 1, '0', 1),
(76, 3, '0', 1),
(76, 4, '0', 1),
(77, 1, '0', 1),
(77, 2, '0', 1),
(77, 3, '0', 1),
(77, 4, '0', 1),
(78, 1, '0', 1),
(78, 3, '0', 1),
(78, 4, '0', 1),
(79, 1, '0', 1),
(79, 3, '0', 1),
(79, 4, '0', 1),
(80, 1, '0', 1),
(80, 4, '0', 1),
(81, 1, '0', 1),
(81, 3, '0', 1),
(81, 4, '0', 1),
(82, 1, '0', 1),
(82, 3, '0', 1),
(82, 4, '0', 1),
(83, 1, '0', 1),
(83, 3, '0', 1),
(83, 4, '0', 1),
(84, 1, '0', 1),
(84, 2, '0', 1),
(84, 3, '0', 1),
(84, 4, '0', 1),
(85, 1, '0', 1),
(85, 3, '0', 1),
(85, 4, '0', 1),
(86, 1, '0', 1),
(86, 3, '0', 1),
(86, 4, '0', 1),
(87, 1, '0', 1),
(87, 3, '0', 1),
(87, 4, '0', 1),
(88, 1, '0', 1),
(88, 3, '0', 1),
(88, 4, '0', 1),
(89, 1, '0', 1),
(89, 3, '0', 1),
(89, 4, '0', 1),
(90, 1, '0', 1),
(90, 3, '0', 1),
(90, 4, '0', 1),
(91, 1, '0', 1),
(91, 3, '0', 1),
(91, 4, '0', 1),
(92, 1, '0', 1),
(92, 3, '0', 1),
(92, 4, '0', 1),
(92, 5, ' Se esta realizando evaluacion por evento de hipertensivo causado por estres laboral sin diagnostico medico firme', 1),
(93, 1, '0', 1),
(93, 3, '0', 1),
(93, 4, '0', 1),
(94, 1, '0', 1),
(94, 3, '0', 1),
(94, 4, '0', 1),
(95, 1, '0', 1),
(95, 3, '0', 1),
(95, 4, '0', 1),
(96, 1, '0', 1),
(96, 3, '0', 1),
(96, 4, '0', 1),
(97, 1, '0', 1),
(97, 3, '0', 1),
(97, 4, '0', 1),
(98, 1, '0', 1),
(98, 3, '0', 1),
(98, 4, '0', 1),
(99, 1, '0', 1),
(99, 3, '0', 1),
(99, 4, '0', 1),
(100, 1, '0', 1),
(100, 3, '0', 1),
(100, 4, '0', 1),
(101, 1, '0', 1),
(101, 3, '0', 1),
(101, 4, '0', 1),
(102, 1, '0', 1),
(102, 3, '0', 1),
(102, 4, '0', 1),
(103, 1, '0', 1),
(103, 3, '0', 1),
(103, 4, '0', 1),
(104, 1, '0', 1),
(104, 3, '0', 1),
(104, 4, '0', 1),
(105, 1, '0', 1),
(105, 3, '0', 1),
(105, 4, '0', 1),
(106, 1, '0', 1),
(106, 3, '0', 1),
(106, 4, '0', 1),
(106, 6, ' DIABETES TIPO II - CONTROLADA CON METFORMINA', 1),
(107, 1, '0', 1),
(107, 3, '0', 1),
(107, 4, '0', 1),
(107, 6, ' DIABETES TIPO II - CONTROLADA CON METFORMINA', 1),
(108, 1, '0', 1),
(108, 3, '0', 1),
(108, 4, '0', 1),
(109, 1, '0', 1),
(109, 3, '0', 1),
(109, 4, '0', 1),
(110, 1, '0', 1),
(110, 4, '0', 1),
(111, 1, '0', 1),
(111, 4, '0', 1),
(112, 1, '0', 1),
(112, 3, '0', 1),
(112, 4, '0', 1),
(113, 1, '0', 1),
(113, 3, '0', 1),
(113, 4, '0', 1),
(113, 8, ' Inicio 1982. Promedio 20 cigarrillos', 1),
(114, 1, '0', 1),
(114, 3, '0', 1),
(114, 4, '0', 1),
(115, 1, '0', 1),
(115, 3, '0', 1),
(115, 4, '0', 1),
(116, 1, '0', 1),
(116, 3, '0', 1),
(116, 4, '0', 1),
(117, 1, '0', 1),
(117, 3, '0', 1),
(117, 4, '0', 1),
(117, 8, ' DESDE LOS 25 AÑOS. \n3 CIGARROS DIARIOS', 1),
(118, 1, '0', 1),
(118, 3, '0', 1),
(118, 4, '0', 1),
(119, 1, '0', 1),
(119, 3, '0', 1),
(119, 4, '0', 1),
(119, 8, ' Fumador desde hace 40 años. Una (1) cajetilla diaria', 1),
(120, 1, '0', 1),
(120, 3, '0', 1),
(120, 4, '0', 1),
(121, 1, '0', 1),
(121, 4, '0', 1),
(122, 1, '0', 1),
(122, 4, '0', 1),
(123, 1, '0', 1),
(123, 3, '0', 1),
(123, 4, '0', 1),
(124, 1, '0', 1),
(124, 3, '0', 1),
(124, 4, '0', 1),
(125, 1, '0', 1),
(125, 3, '0', 1),
(125, 4, '0', 1),
(126, 1, '0', 1),
(126, 3, '0', 1),
(126, 4, '0', 1),
(127, 1, '0', 1),
(127, 3, '0', 1),
(127, 4, '0', 1),
(128, 1, '0', 1),
(128, 3, '0', 1),
(128, 4, '0', 1);

-- --------------------------------------------------------

--
-- Estructura de tabla para la tabla `insurance_buy_temp`
--

CREATE TABLE `insurance_buy_temp` (
  `id_buy_temp` int(11) NOT NULL,
  `id_insurance` int(11) NOT NULL,
  `id_user_api` int(11) DEFAULT NULL,
  `id_term` int(11) DEFAULT NULL,
  `amount_term` double(20,2) DEFAULT NULL,
  `total_buy` int(11) NOT NULL DEFAULT 0,
  `id_coupon` int(11) DEFAULT NULL,
  `type_coupon` int(11) DEFAULT NULL,
  `id_subscriber` int(11) DEFAULT NULL,
  `user_id` varchar(20) NOT NULL,
  `name_user` varchar(100) NOT NULL,
  `last_name_user` varchar(100) NOT NULL,
  `sex_user` varchar(1) NOT NULL,
  `date_birth` date NOT NULL,
  `age_user` int(11) NOT NULL,
  `smokes_user` int(11) NOT NULL,
  `id_country` varchar(2) NOT NULL,
  `email_user` varchar(100) NOT NULL,
  `phone_user` varchar(50) NOT NULL,
  `beneficiaries_user` int(11) NOT NULL,
  `id_price` int(11) NOT NULL,
  `user_profile` int(11) DEFAULT NULL,
  `id_agency` int(11) DEFAULT NULL,
  `id_adviser` int(11) DEFAULT NULL,
  `id_agency_ibo` int(11) DEFAULT NULL,
  `ibo` varchar(15) DEFAULT NULL,
  `model_car` varchar(100) DEFAULT NULL,
  `year_car` year(4) DEFAULT NULL,
  `license_plate` varchar(50) DEFAULT NULL,
  `option_extension` int(11) NOT NULL DEFAULT 1,
  `cant_husbands` int(11) NOT NULL DEFAULT 0,
  `cant_sons` int(11) NOT NULL DEFAULT 0,
  `cant_fathers` int(11) NOT NULL DEFAULT 0,
  `cant_spouse` int(11) NOT NULL DEFAULT 0,
  `id_status` int(11) NOT NULL,
  `id_cuota` int(11) DEFAULT NULL,
  `create_date` datetime NOT NULL
) ENGINE=InnoDB DEFAULT CHARSET=utf8 COLLATE=utf8_unicode_ci;

--
-- Volcado de datos para la tabla `insurance_buy_temp`
--

INSERT INTO `insurance_buy_temp` (`id_buy_temp`, `id_insurance`, `id_user_api`, `id_term`, `amount_term`, `total_buy`, `id_coupon`, `type_coupon`, `id_subscriber`, `user_id`, `name_user`, `last_name_user`, `sex_user`, `date_birth`, `age_user`, `smokes_user`, `id_country`, `email_user`, `phone_user`, `beneficiaries_user`, `id_price`, `user_profile`, `id_agency`, `id_adviser`, `id_agency_ibo`, `ibo`, `model_car`, `year_car`, `license_plate`, `option_extension`, `cant_husbands`, `cant_sons`, `cant_fathers`, `cant_spouse`, `id_status`, `id_cuota`, `create_date`) VALUES
(1, 3, NULL, NULL, NULL, 0, NULL, NULL, NULL, '24219449', 'Yoward', 'Diaz', 'M', '2003-12-31', 18, 0, 'VE', 'diazbasket5@hotmail.com', '+584242555069', 0, 15, NULL, NULL, NULL, NULL, NULL, NULL, NULL, NULL, 1, 0, 0, 0, 0, 8, NULL, '2022-06-07 15:33:23'),
(2, 3, NULL, NULL, NULL, 0, NULL, NULL, NULL, '12093889', 'DERDLIM', 'PACHECO', 'F', '1974-05-29', 48, 0, 'VE', 'depm2905@gmail.com', '+584248943284', 1, 13, 4, 25, NULL, NULL, NULL, NULL, NULL, NULL, 1, 0, 0, 0, 0, 8, NULL, '2022-06-10 11:26:09'),
(3, 3, NULL, NULL, NULL, 0, NULL, NULL, NULL, '14485322', 'ALMARY', 'VALERA', 'F', '1981-10-10', 40, 1, 'VE', 'ALMARYFIANZAS@GMAIL.COM', '+584122134031', 1, 5, 6, NULL, 74, NULL, NULL, NULL, NULL, NULL, 1, 0, 0, 0, 0, 8, NULL, '2022-06-28 09:59:02'),
(4, 5, NULL, NULL, NULL, 0, NULL, NULL, NULL, '9460454', 'YSABEL', 'BUITRAGO', 'F', '1967-07-02', 54, 0, 'VE', 'gestionybc2009@gmail.com', '+584142834887', 1, 24, 6, NULL, 84, NULL, NULL, NULL, NULL, NULL, 1, 0, 0, 0, 0, 8, NULL, '2022-06-29 13:01:01'),
(5, 5, NULL, NULL, NULL, 0, NULL, NULL, NULL, '25', 'f', 'f', 'F', '2000-01-01', 22, 0, 'VE', 'Freddybelisario@gmail.com', '+581266478', 0, 25, NULL, NULL, NULL, NULL, NULL, NULL, NULL, NULL, 1, 0, 0, 0, 0, 8, NULL, '2022-06-29 16:19:42'),
(6, 5, NULL, NULL, NULL, 0, NULL, NULL, NULL, 'prueba', 'Yoward prueba', 'Yoward prueba', 'M', '2003-12-31', 18, 0, 'PT', 'yoward_prueba@hotmail.com', '+35134344', 0, 25, NULL, NULL, NULL, NULL, NULL, NULL, NULL, NULL, 1, 0, 0, 0, 0, 8, NULL, '2022-06-29 16:27:22'),
(7, 3, NULL, NULL, NULL, 0, NULL, NULL, NULL, '56565', 'ghghg', 'ggh', 'M', '2003-12-31', 18, 0, 'DE', 'ghh@hot.com', '+494545', 0, 15, NULL, NULL, NULL, NULL, NULL, NULL, NULL, NULL, 1, 0, 0, 0, 0, 8, NULL, '2022-07-08 17:03:31'),
(8, 5, NULL, NULL, NULL, 0, NULL, NULL, NULL, '56456', 'fghf', 'fghfh', 'M', '2003-12-31', 18, 0, 'DE', 'fhfh@hot.com', '+493434', 0, 25, NULL, NULL, NULL, NULL, NULL, NULL, NULL, NULL, 1, 0, 0, 0, 0, 8, NULL, '2022-07-08 17:08:39'),
(9, 7, NULL, NULL, NULL, 0, NULL, NULL, NULL, '8507114', 'Rafael', 'Villasmil', 'M', '1968-05-28', 54, 0, 'VE', 'rafavillasmilv@gmail.com', '+584123130575', 0, 32, 4, 20, NULL, NULL, NULL, NULL, NULL, NULL, 1, 0, 0, 0, 0, 8, NULL, '2022-07-11 12:30:15'),
(10, 5, NULL, NULL, NULL, 0, NULL, NULL, NULL, '66666666', 'K', 'B', 'M', '2004-01-01', 18, 0, 'VE', 'freddybelisario@gmail.com', '+584241293904', 1, 25, NULL, NULL, NULL, NULL, NULL, NULL, NULL, NULL, 1, 0, 0, 0, 0, 8, NULL, '2022-07-11 14:32:17'),
(11, 7, NULL, NULL, NULL, 0, NULL, NULL, NULL, '8507114', 'Rafael', 'Villasmil', 'M', '1968-05-28', 54, 0, 'VE', 'rafavillasmilv@gmail.com', '+584123130575', 0, 32, 4, 20, NULL, NULL, NULL, NULL, NULL, NULL, 1, 0, 0, 0, 0, 8, NULL, '2022-07-11 16:23:33'),
(12, 3, NULL, NULL, NULL, 0, NULL, NULL, NULL, '43434', 'Yofre', 'yeos', 'M', '2003-12-31', 18, 0, 'VE', 'ydsystemsvzla@gmail.com', '+585445', 0, 15, NULL, NULL, NULL, NULL, NULL, NULL, NULL, NULL, 1, 0, 0, 0, 0, 8, NULL, '2022-07-13 07:19:19'),
(13, 3, NULL, NULL, NULL, 0, NULL, NULL, NULL, '12072617', 'joanna', 'guzman', 'F', '1978-12-26', 43, 0, 'VE', 'guzman.joanna@gmail.com', '+584142464646', 1, 15, NULL, NULL, NULL, NULL, NULL, NULL, NULL, NULL, 1, 0, 0, 0, 0, 8, NULL, '2022-07-13 09:07:48'),
(14, 3, NULL, NULL, NULL, 0, NULL, NULL, NULL, '8283705', 'ALEXANDER DEL CARMEN', 'REDONDO ROMERO', 'M', '1975-04-19', 47, 0, 'VE', 'aredondo19@gmail.com', '+584148335089', 2, 6, 6, NULL, 50, NULL, NULL, NULL, NULL, NULL, 1, 0, 0, 0, 0, 8, NULL, '2022-07-13 10:30:52'),
(15, 5, NULL, NULL, NULL, 0, NULL, NULL, NULL, '25698', 'p', 'p', 'F', '1999-01-01', 23, 0, 'EG', 'usbjhonny@gmail.com', '+200584', 0, 25, NULL, NULL, NULL, NULL, NULL, NULL, NULL, NULL, 1, 0, 0, 0, 0, 8, NULL, '2022-07-14 10:07:55'),
(16, 3, NULL, NULL, NULL, 0, NULL, NULL, NULL, '45455', 'Yoward', 'Diaz', 'M', '1995-08-08', 26, 0, 'VE', 'ydiaz@esv.com.ve', '+584242555069', 0, 15, NULL, NULL, NULL, NULL, NULL, NULL, NULL, NULL, 1, 0, 0, 0, 0, 8, NULL, '2022-07-15 11:30:11'),
(17, 3, NULL, NULL, NULL, 0, NULL, NULL, NULL, '24219450', 'Yoward', 'Diaz', 'M', '1994-01-07', 28, 0, 'VE', 'ydiaz@esv.com.ve', '+5842458796', 0, 15, NULL, NULL, NULL, NULL, NULL, NULL, NULL, NULL, 1, 0, 0, 0, 0, 8, NULL, '2022-07-15 11:48:48'),
(18, 3, NULL, NULL, NULL, 0, NULL, NULL, NULL, '9173224', 'Joaquin', 'Aguilar', 'M', '1964-10-06', 57, 0, 'VE', 'aguilar.joaquine@gmail.com', '+584147290301', 1, 6, 5, 97, NULL, NULL, NULL, NULL, NULL, NULL, 1, 0, 0, 0, 0, 8, NULL, '2022-07-19 10:35:38'),
(19, 3, NULL, NULL, NULL, 0, NULL, NULL, NULL, '9173224', 'Joaquin', 'Aguilar', 'M', '1964-10-06', 57, 0, 'VE', 'aguilar.joaquine@gmail.com', '+584147290301', 1, 6, 5, 97, NULL, NULL, NULL, NULL, NULL, NULL, 1, 0, 0, 0, 0, 8, NULL, '2022-07-19 10:48:16'),
(20, 3, NULL, NULL, NULL, 0, NULL, NULL, NULL, '25568580', 'Oscar', 'Coraspe', 'M', '1997-02-19', 25, 0, 'VE', 'oscarlct30@gmail.com', '+584121195765', 1, 5, 4, 20, NULL, NULL, NULL, NULL, NULL, NULL, 1, 0, 0, 0, 0, 8, NULL, '2022-07-20 19:13:41'),
(21, 8, NULL, NULL, NULL, 0, NULL, NULL, NULL, '7957547', 'Jose', 'Luque', 'M', '1969-07-11', 53, 0, 'VE', 'jangellb@gmail.com', '+584122837237', 0, 33, 4, 102, NULL, NULL, NULL, NULL, NULL, NULL, 1, 0, 0, 0, 0, 8, NULL, '2022-07-21 11:37:05'),
(22, 8, NULL, NULL, NULL, 0, NULL, NULL, NULL, '7896541', 'Carlos', 'Ramirez', 'M', '1968-06-14', 54, 0, 'VE', 'carlosgramirezg@gmail.com', '+584166151516', 0, 33, 4, 102, NULL, NULL, NULL, NULL, NULL, NULL, 1, 0, 0, 0, 0, 8, NULL, '2022-07-21 11:54:01'),
(23, 8, NULL, NULL, NULL, 0, NULL, NULL, NULL, '7896541', 'Carlos', 'Ramirez', 'M', '1968-06-14', 54, 0, 'VE', 'carlosgramirezg@gmail.com', '+584166151516', 0, 33, 4, 102, NULL, NULL, NULL, NULL, NULL, NULL, 1, 0, 0, 0, 0, 8, NULL, '2022-07-21 11:54:41'),
(24, 8, NULL, NULL, NULL, 0, NULL, NULL, NULL, '7896541', 'Carlos', 'Ramirez', 'M', '1968-06-14', 54, 0, 'VE', 'carlosgramirezg@gmail.com', '+584166151516', 0, 33, 4, 102, NULL, NULL, NULL, NULL, NULL, NULL, 1, 0, 0, 0, 0, 8, NULL, '2022-07-21 12:00:28'),
(25, 3, NULL, NULL, NULL, 0, NULL, NULL, NULL, '12213027', 'Ruth', 'Batte', 'F', '1975-04-10', 47, 0, 'VE', 'agenciadeviajesvive@hotmail.com', '+584243348730', 1, 5, 6, NULL, 118, NULL, NULL, NULL, NULL, NULL, 1, 0, 0, 0, 0, 8, NULL, '2022-07-22 15:36:26'),
(26, 8, NULL, NULL, NULL, 0, NULL, NULL, NULL, '7957547', 'Jose', 'Luque', 'M', '1969-07-11', 53, 0, 'VE', 'jangellb@gmail.com', '+584142869968', 0, 34, 4, 102, NULL, NULL, NULL, NULL, NULL, NULL, 1, 0, 0, 0, 0, 8, NULL, '2022-07-25 09:27:03'),
(27, 8, NULL, NULL, NULL, 0, NULL, NULL, NULL, '19313823', 'Estefania', 'Vitale', 'F', '1990-01-02', 32, 0, 'VE', 'vitalfravelservice@gmail.com', '+584123314652', 0, 34, 4, 102, NULL, NULL, NULL, NULL, NULL, NULL, 1, 0, 0, 0, 0, 8, NULL, '2022-07-25 10:56:53'),
(28, 8, NULL, NULL, NULL, 0, NULL, NULL, NULL, '13472565', 'jose', 'abreu', 'M', '1968-05-08', 54, 0, 'VE', 'mellymendes76@gmail.com', '+584143345572', 0, 34, 4, 102, NULL, NULL, NULL, NULL, NULL, NULL, 1, 0, 0, 0, 0, 8, NULL, '2022-07-25 11:37:22'),
(29, 8, NULL, NULL, NULL, 0, NULL, NULL, NULL, '25212259', 'MICHELLE', 'CHACON', 'F', '1994-11-05', 27, 0, 'VE', 'michelledenisec@gmail.com', '+584244416008', 0, 33, 4, 102, NULL, NULL, NULL, NULL, NULL, NULL, 1, 0, 0, 0, 0, 8, NULL, '2022-07-25 14:19:47'),
(30, 8, NULL, NULL, NULL, 0, NULL, NULL, NULL, '20083446', 'KARINA', 'VERGARA', 'F', '1977-08-06', 44, 0, 'VE', 'karinapreciosavergara@gmail.com', '+584165475532', 0, 34, 4, 102, NULL, NULL, NULL, NULL, NULL, NULL, 1, 0, 0, 0, 0, 8, NULL, '2022-07-25 14:48:48'),
(31, 8, NULL, NULL, NULL, 0, NULL, NULL, NULL, '5308570', 'MONICA', 'BELLO', 'F', '1961-10-16', 60, 0, 'VE', 'tarreja@gmail.com', '+584143146433', 0, 34, 4, 102, NULL, NULL, NULL, NULL, NULL, NULL, 1, 0, 0, 0, 0, 8, NULL, '2022-07-25 14:58:28'),
(32, 8, NULL, NULL, NULL, 0, NULL, NULL, NULL, '29594746', 'omar', 'gamero', 'M', '2002-04-16', 20, 0, 'VE', 'omardominick10@gmail.com', '+584241205115', 0, 33, 4, 102, NULL, NULL, NULL, NULL, NULL, NULL, 1, 0, 0, 0, 0, 8, NULL, '2022-07-25 15:35:22'),
(33, 8, NULL, NULL, NULL, 0, NULL, NULL, NULL, '19258622', 'yonathan', 'reina', 'M', '1989-02-01', 33, 0, 'VE', 'reinayonathan@gmail.com', '+584147610075', 0, 34, 4, 102, NULL, NULL, NULL, NULL, NULL, NULL, 1, 0, 0, 0, 0, 8, NULL, '2022-07-26 08:41:02'),
(34, 5, NULL, NULL, NULL, 0, NULL, NULL, NULL, '13382771', 'jhonny', 'Matute', 'M', '1977-11-27', 44, 0, 'VE', 'netjhonny@hotmail.com', '+584142333380', 0, 22, NULL, NULL, NULL, NULL, NULL, NULL, NULL, NULL, 1, 0, 0, 0, 0, 8, NULL, '2022-07-26 08:46:34'),
(35, 3, NULL, NULL, NULL, 0, NULL, NULL, NULL, '666', 'Yolanda', 'PereZ', 'F', '2003-12-30', 18, 0, 'AR', 'ydsystemsvzla@gmail.com', '+5466', 0, 15, NULL, NULL, NULL, NULL, NULL, NULL, NULL, NULL, 1, 0, 0, 0, 0, 8, NULL, '2022-07-26 09:04:26'),
(36, 8, NULL, NULL, NULL, 0, NULL, NULL, NULL, '12641362', 'hector', 'revelo', 'M', '1976-01-06', 46, 0, 'VE', 'hectoraugusto91@gmail.com', '+584166110601', 0, 34, 4, 102, NULL, NULL, NULL, NULL, NULL, NULL, 1, 0, 0, 0, 0, 8, NULL, '2022-07-26 12:22:40'),
(37, 3, NULL, NULL, NULL, 0, NULL, NULL, NULL, 'tyty', 'gh', 'g', 'M', '2003-12-31', 18, 0, 'VE', 'gg@hot.com', '+58555', 0, 5, NULL, NULL, NULL, NULL, NULL, NULL, NULL, NULL, 1, 0, 0, 0, 0, 8, NULL, '2022-07-26 13:20:44'),
(38, 8, NULL, NULL, NULL, 0, NULL, NULL, NULL, '19896810', 'victor', 'rojas', 'M', '1989-07-12', 33, 0, 'VE', 'victorlr_12@outlook.com', '+584147939687', 0, 34, 4, 102, NULL, NULL, NULL, NULL, NULL, NULL, 1, 0, 0, 0, 0, 8, NULL, '2022-07-26 14:18:49'),
(39, 8, NULL, NULL, NULL, 0, NULL, NULL, NULL, '27801731', 'jose', 'moroa', 'M', '2000-03-09', 22, 0, 'VE', 'josemorao10000@gmail.com', '+584149852297', 0, 33, 4, 102, NULL, NULL, NULL, NULL, NULL, NULL, 1, 0, 0, 0, 0, 8, NULL, '2022-07-26 14:29:03'),
(40, 3, NULL, NULL, NULL, 0, NULL, NULL, NULL, '8283705', 'ALEXANDER DEL CARMEN', 'REDONDO ROMERO', 'M', '1975-04-19', 47, 0, 'VE', 'aredondoseguros@gmail.com', '+5804148335089', 2, 6, 6, NULL, 50, NULL, NULL, NULL, NULL, NULL, 1, 0, 0, 0, 0, 8, NULL, '2022-07-27 14:19:03'),
(41, 3, NULL, NULL, NULL, 0, NULL, NULL, NULL, '6667', 'nued', 'nicky', 'M', '2003-12-31', 18, 0, 'DE', 'nuevoja@hotmail.com', '+49666', 0, 7, NULL, NULL, NULL, NULL, NULL, NULL, NULL, NULL, 1, 0, 0, 0, 0, 8, NULL, '2022-07-28 13:17:48'),
(42, 3, NULL, NULL, NULL, 0, NULL, NULL, NULL, '6519874', 'Milton Allan', 'Arroyo Cardozo', 'M', '1968-12-24', 53, 0, 'VE', 'mariagraciagm68@gmail.com', '+584142510883', 2, 5, 6, NULL, 17, NULL, NULL, NULL, NULL, NULL, 1, 0, 0, 0, 0, 8, NULL, '2022-07-29 11:22:36'),
(43, 3, NULL, NULL, NULL, 0, NULL, NULL, NULL, '24219450', 'Yofre', 'Diaz', 'M', '1973-01-01', 49, 0, 'VE', 'ydsystemsvzla@gmail.com', '+5842457866', 0, 6, NULL, NULL, NULL, NULL, NULL, NULL, NULL, NULL, 1, 0, 0, 0, 0, 8, NULL, '2022-07-29 14:06:11'),
(44, 3, NULL, NULL, NULL, 0, NULL, NULL, NULL, '24219450', 'Jose', 'Diaz', 'M', '1975-01-01', 47, 0, 'VE', 'ydsystemsvzla@gmail.com', '+5842478569', 0, 6, NULL, NULL, NULL, NULL, NULL, NULL, NULL, NULL, 1, 0, 0, 0, 0, 8, NULL, '2022-07-29 14:23:00'),
(45, 5, NULL, NULL, NULL, 0, NULL, NULL, NULL, '13432855', 'bettzy', 'manzo', 'F', '1977-08-21', 44, 0, 'VE', 'barbetchi@gmail.com', '+5804141606082', 0, 24, NULL, NULL, NULL, 1, '202470', NULL, NULL, NULL, 1, 0, 0, 0, 0, 8, NULL, '2022-08-01 15:26:18'),
(46, 5, NULL, NULL, NULL, 0, NULL, NULL, NULL, '23152355', 'NEISIS', 'GARCIA', 'F', '1978-11-08', 43, 0, 'VE', 'NEIGARCIA012@GMAIL.COM', '+580424-2330703', 1, 25, 6, NULL, 165, NULL, NULL, NULL, NULL, NULL, 1, 0, 0, 0, 0, 8, NULL, '2022-08-01 19:09:33'),
(47, 9, NULL, NULL, NULL, 0, NULL, NULL, NULL, '3333333334', 'F', 'B', 'M', '1961-11-24', 60, 0, 'VE', 'fbelisario@bee-insurance.com', '+584141293904', 1, 36, NULL, NULL, NULL, NULL, NULL, NULL, NULL, NULL, 1, 0, 0, 0, 0, 8, NULL, '2022-08-02 13:50:35'),
(48, 9, NULL, NULL, NULL, 0, NULL, NULL, NULL, '11229520', 'Alexander', 'Acosta', 'M', '1973-07-02', 49, 0, 'VE', 'acosta_alexander@yahoo.com', '+584141404018', 1, 36, NULL, NULL, NULL, NULL, NULL, NULL, NULL, NULL, 1, 0, 0, 0, 0, 8, NULL, '2022-08-02 14:43:37'),
(49, 9, NULL, NULL, NULL, 0, NULL, NULL, NULL, '13382771', 'Jhonny', 'Matute', 'M', '1977-11-27', 44, 0, 'VE', 'netjhonny@hotmail.com', '+584142333380', 0, 36, NULL, NULL, NULL, NULL, NULL, NULL, NULL, NULL, 1, 0, 0, 0, 0, 8, NULL, '2022-08-02 14:44:26'),
(50, 9, NULL, NULL, NULL, 0, NULL, NULL, NULL, '11229520', 'Alexander', 'Acosta', 'M', '1973-07-02', 49, 0, 'VE', 'alexanderacosta943@gmail.com', '+584141404018', 1, 36, NULL, NULL, NULL, NULL, NULL, NULL, NULL, NULL, 1, 0, 0, 0, 0, 8, NULL, '2022-08-02 15:29:31'),
(51, 9, NULL, NULL, NULL, 0, NULL, NULL, NULL, '11735446', 'Humberto', 'Martinez', 'M', '1974-05-12', 48, 0, 'VE', 'humbertojose2002@gmail.com', '+584122659034', 0, 36, NULL, NULL, NULL, NULL, NULL, NULL, NULL, NULL, 1, 0, 0, 0, 0, 8, NULL, '2022-08-04 09:24:48'),
(52, 5, NULL, NULL, NULL, 0, NULL, NULL, NULL, '4974039', 'ISABEL TERESA', 'ARAUJO DE GONZALEZ', 'F', '1956-11-09', 65, 0, 'VE', 'luisalembert@gmail.com', '+584244969751', 3, 25, 6, NULL, 158, NULL, NULL, NULL, NULL, NULL, 1, 0, 0, 0, 0, 8, NULL, '2022-08-05 16:57:54'),
(53, 5, NULL, NULL, NULL, 0, NULL, NULL, NULL, 'V16599259', 'diana', 'diaz', 'F', '1984-05-01', 38, 0, 'VE', 'dmdlucero@hotmail.com', '+582129851589', 0, 25, NULL, NULL, NULL, NULL, NULL, NULL, NULL, NULL, 1, 0, 0, 0, 0, 8, NULL, '2022-08-08 11:02:29'),
(58, 3, NULL, NULL, NULL, 0, NULL, NULL, NULL, 'W', 'W', 'R', 'M', '2004-01-01', 18, 0, 'DE', 'gg@hotmail.com', '+495', 0, 15, NULL, NULL, NULL, NULL, NULL, NULL, NULL, NULL, 1, 0, 0, 0, 0, 8, NULL, '2022-08-12 12:47:06'),
(59, 3, NULL, NULL, NULL, 0, NULL, NULL, NULL, 'T', 'R', 'E', 'M', '2004-01-01', 18, 0, 'DE', 'gasd@hot.com', '+495', 0, 14, NULL, NULL, NULL, NULL, NULL, NULL, NULL, NULL, 1, 0, 0, 0, 0, 8, NULL, '2022-08-12 12:50:11'),
(60, 3, NULL, NULL, NULL, 0, NULL, NULL, NULL, 'i', 'i', 'i', 'M', '2004-01-01', 18, 0, 'DE', 'ii@hot.com', '+4977', 0, 15, NULL, NULL, NULL, NULL, NULL, NULL, NULL, NULL, 1, 0, 0, 0, 0, 8, NULL, '2022-08-12 12:52:37'),
(61, 3, NULL, NULL, NULL, 0, NULL, NULL, NULL, 'E', 'F', 'D', 'M', '2004-01-01', 18, 0, 'DE', 'gg@hotmail.com', '+495', 0, 16, NULL, NULL, NULL, NULL, NULL, NULL, NULL, NULL, 1, 0, 0, 0, 0, 8, NULL, '2022-08-12 12:55:30'),
(62, 3, NULL, NULL, NULL, 0, NULL, NULL, NULL, '8799', 'jkljkl', 'jljljk', 'M', '2004-01-01', 18, 0, 'DE', 'jjljkl@hot.com', '+4967767', 0, 15, NULL, NULL, NULL, NULL, NULL, NULL, NULL, NULL, 1, 0, 0, 0, 0, 8, NULL, '2022-08-12 14:55:59'),
(63, 5, NULL, NULL, NULL, 0, NULL, NULL, NULL, '10119292', 'BELKIS INES', 'CARRION MENDEZ', 'F', '1969-10-03', 52, 0, 'VE', 'belkiscarrion03@gmail.com', '+584242141970', 6, 24, 5, 69, NULL, NULL, NULL, NULL, NULL, NULL, 1, 0, 0, 0, 0, 8, NULL, '2022-08-14 21:27:26'),
(64, 9, NULL, NULL, NULL, 0, NULL, NULL, NULL, '5680166', 'Pedro', 'Villasmil', 'M', '1965-03-03', 57, 0, 'VE', 'pfvillasmil@gmail.com', '+584142369308', 0, 36, NULL, NULL, NULL, NULL, NULL, NULL, NULL, NULL, 1, 0, 0, 0, 0, 8, NULL, '2022-08-15 10:03:46'),
(65, 5, NULL, NULL, NULL, 0, NULL, NULL, NULL, '6961173', 'CARLOS ALBERTO', 'GONZALEZ BAUTE', 'M', '1963-09-20', 58, 0, 'VE', 'belkis.carrion@hotmail.com', '+584122701970', 3, 24, 5, 69, NULL, NULL, NULL, NULL, NULL, NULL, 1, 0, 0, 0, 0, 8, NULL, '2022-08-15 20:23:06'),
(66, 3, NULL, NULL, NULL, 0, NULL, NULL, NULL, '6258502', 'Maria Gracia', 'Garcia Martín', 'F', '1968-09-03', 53, 0, 'VE', 'mgarcia@serviciosintegralapis.com.ve', '+584142510883', 2, 6, 6, NULL, 17, NULL, NULL, NULL, NULL, NULL, 1, 0, 0, 0, 0, 8, NULL, '2022-08-15 21:32:53'),
(67, 9, NULL, NULL, NULL, 0, NULL, NULL, NULL, '11733029', 'Jenfeld', 'Bertorelli', 'M', '1975-03-01', 47, 0, 'VE', 'jabertorelli@gmail.com', '+5804142451611', 1, 36, NULL, NULL, NULL, NULL, NULL, NULL, NULL, NULL, 1, 0, 0, 0, 0, 8, NULL, '2022-08-17 15:38:31'),
(68, 9, NULL, NULL, NULL, 0, NULL, NULL, NULL, '14485322', 'ALMARY', 'VALERA', 'F', '1981-10-31', 40, 0, 'VE', 'almaryfianzas@gmail.com', '+584122134031', 1, 36, NULL, NULL, NULL, NULL, NULL, NULL, NULL, NULL, 1, 0, 0, 0, 0, 8, NULL, '2022-08-18 13:52:02'),
(69, 5, NULL, NULL, NULL, 0, NULL, NULL, NULL, '6868934', 'MARITZA', 'CARRION', 'F', '1967-05-20', 55, 0, 'VE', 'loycar20.asesores@gmail.com', '+584143659607', 0, 25, 5, 69, NULL, NULL, NULL, NULL, NULL, NULL, 1, 0, 0, 0, 0, 8, NULL, '2022-08-22 14:46:45'),
(70, 5, NULL, NULL, NULL, 0, NULL, NULL, NULL, '16599259', 'Diana', 'Diana', 'F', '2000-02-10', 22, 0, 'VE', 'dmdlucer@hotmail.com', '+584121234567', 0, 21, NULL, NULL, NULL, NULL, NULL, NULL, NULL, NULL, 1, 0, 0, 0, 0, 8, NULL, '2022-08-23 11:11:53'),
(71, 3, NULL, NULL, NULL, 0, NULL, NULL, NULL, 'V 12958433', 'FRANCISCO', 'SILVA', 'M', '1976-04-22', 46, 0, 'VE', 'directorm@view-med.com', '+584141294493', 1, 5, 6, NULL, 138, NULL, NULL, NULL, NULL, NULL, 1, 0, 0, 0, 0, 8, NULL, '2022-08-30 12:21:07'),
(72, 3, NULL, NULL, NULL, 0, NULL, NULL, NULL, '7824769', 'Pedro Pablo', 'Guisandes', 'M', '1965-09-28', 56, 0, 'VE', 'pedropabloguisandes@quepasa.com.ve', '+584143603873', 2, 8, 4, 20, NULL, NULL, NULL, NULL, NULL, NULL, 1, 0, 0, 0, 0, 8, NULL, '2022-09-13 11:10:19'),
(73, 3, NULL, NULL, NULL, 0, NULL, NULL, NULL, '95796948', 'Joan', 'Barrios', 'M', '1987-03-18', 35, 0, 'AR', 'joanmanuel.barrios@gmail.com', '+5401165805871', 1, 5, NULL, NULL, NULL, 1, '58630', NULL, NULL, NULL, 1, 0, 0, 0, 0, 8, NULL, '2022-09-16 15:21:52'),
(74, 5, NULL, NULL, NULL, 0, NULL, NULL, NULL, '3.719.285', 'JOSE RAFAEL', 'GOSLING RODRIGUEZ', 'M', '1951-10-03', 70, 1, 'VE', 'gosling.sonia@gmail.com', '+5804127196391', 1, 25, 6, NULL, 199, NULL, NULL, NULL, NULL, NULL, 1, 0, 0, 0, 0, 8, NULL, '2022-09-20 00:16:58'),
(75, 5, NULL, NULL, NULL, 0, NULL, NULL, NULL, '9485629', 'Grisel', 'Jaramillo', 'F', '1968-07-24', 54, 0, 'VE', 'griselja@gmail.com', '+58+584164181941', 1, 24, NULL, NULL, NULL, NULL, NULL, NULL, NULL, NULL, 1, 0, 0, 0, 0, 8, NULL, '2022-10-06 23:58:21'),
(76, 5, NULL, NULL, NULL, 0, NULL, NULL, NULL, '14188493', 'Daniel', 'Gamboa', 'M', '1981-03-24', 41, 0, 'VE', 'yulmirahernandez@gmail.com', '+584148211467', 2, 23, NULL, NULL, NULL, 1, '145000', NULL, NULL, NULL, 1, 0, 0, 0, 0, 8, NULL, '2022-10-24 20:47:38'),
(77, 9, NULL, NULL, NULL, 0, NULL, NULL, NULL, '26819010', 'YULEIDY', 'PATIÑO', 'F', '1999-05-21', 23, 0, 'VE', 'yuleidyp2105@gmail.com', '+584129742832', 1, 36, NULL, NULL, NULL, NULL, NULL, NULL, NULL, NULL, 1, 0, 0, 0, 0, 8, NULL, '2022-10-27 16:18:10'),
(78, 3, NULL, NULL, NULL, 0, NULL, NULL, NULL, '7683246', 'JULIO', 'FLORED', 'M', '1964-07-23', 58, 0, 'VE', 'jcfloresi0709@gmail.com', '+584143239629', 1, 8, NULL, NULL, NULL, NULL, NULL, NULL, NULL, NULL, 1, 0, 0, 0, 0, 8, NULL, '2022-11-01 06:47:42'),
(79, 3, NULL, NULL, NULL, 0, NULL, NULL, NULL, '9063980', 'BELISARIO', 'MARTIN RIVERA', 'M', '1963-08-04', 59, 0, 'VE', 'bmartinr1@gmail.com', '+584143116845', 2, 5, 6, NULL, 138, NULL, NULL, NULL, NULL, NULL, 1, 0, 0, 0, 0, 8, NULL, '2022-11-03 20:52:11'),
(80, 10, NULL, NULL, NULL, 0, NULL, NULL, NULL, '13382771', 'jhonny', 'Matute', 'M', '1977-11-27', 44, 0, 'VE', 'netjhonny@hotmail.com', '+5804241359943', 0, 39, NULL, NULL, NULL, NULL, NULL, NULL, NULL, NULL, 1, 0, 0, 0, 0, 8, NULL, '2022-11-04 11:50:37'),
(81, 3, NULL, NULL, NULL, 0, NULL, NULL, NULL, '11905201', 'Eyilda', 'Quijada', 'F', '1974-10-11', 48, 0, 'VE', 'eyildaquijada123@gmail.com', '+5804248115835', 2, 16, 6, NULL, 220, NULL, NULL, NULL, NULL, NULL, 1, 0, 0, 0, 0, 8, NULL, '2022-11-15 09:08:34'),
(82, 3, NULL, NULL, NULL, 0, NULL, NULL, NULL, '14633284', 'YETCIS DEL VALLE', 'VILLARROEL ARCAS', 'F', '1979-10-25', 43, 0, 'VE', 'yecivilla@hotmail.com', '+584148064055', 1, 16, 6, NULL, 221, NULL, NULL, NULL, NULL, NULL, 1, 0, 0, 0, 0, 8, NULL, '2022-11-16 10:44:43'),
(83, 3, NULL, NULL, NULL, 0, NULL, NULL, NULL, '11634010', 'Arturo José', 'Gómez Alvarado', 'M', '1974-09-07', 48, 0, 'VE', 'arturojgomez@hotmail.com', '+584248951799', 2, 16, 6, NULL, 221, NULL, NULL, NULL, NULL, NULL, 1, 0, 0, 0, 0, 8, NULL, '2022-11-17 08:37:01'),
(84, 9, NULL, NULL, NULL, 0, NULL, NULL, NULL, '9878452', 'Carla', 'Izquierdo', 'F', '1969-07-01', 53, 0, 'VE', 'carlaizquierdo@gmail.com', '+5804142479844', 0, 36, NULL, NULL, NULL, NULL, NULL, NULL, NULL, NULL, 1, 0, 0, 0, 0, 8, NULL, '2022-11-24 08:39:27'),
(85, 5, NULL, NULL, NULL, 0, NULL, NULL, NULL, '940774', 'maryorie', 'ysea', 'F', '1971-02-15', 51, 0, 'VE', 'maryorieysea@gmail.com', '+584123739563', 1, 25, NULL, NULL, NULL, 1, '94074', NULL, NULL, NULL, 1, 0, 0, 0, 0, 8, NULL, '2022-12-05 13:51:16'),
(86, 3, NULL, NULL, NULL, 0, NULL, NULL, NULL, '15422467', 'Adriana', 'Marcano', 'F', '1982-07-15', 40, 0, 'VE', 'adrianamarcano@gmail.com', '+5804167919724', 1, 15, NULL, NULL, NULL, 1, '180753', NULL, NULL, NULL, 1, 0, 0, 0, 0, 8, NULL, '2022-12-06 15:48:02'),
(87, 3, NULL, 112, 35.00, 18, 0, 0, NULL, '7788', 'hjhj', 'hhjj', 'M', '2004-01-01', 18, 0, 'VE', 'hjjhjh@hot.com', '+5854545', 0, 17, NULL, NULL, NULL, NULL, NULL, NULL, NULL, NULL, 1, 0, 0, 0, 0, 8, 2, '2022-12-16 09:51:58'),
(88, 3, NULL, 107, 30.00, 15, 0, 0, NULL, '7788', 'hjhj', 'hhjj', 'M', '2004-01-01', 18, 0, 'VE', 'hjjhjh@hot.com', '+5854545', 0, 13, NULL, NULL, NULL, NULL, NULL, NULL, NULL, NULL, 1, 0, 0, 0, 0, 8, 2, '2022-12-16 10:46:40'),
(89, 3, NULL, 112, 35.00, 18, 0, 0, NULL, 'ddd', 'ddd', 'ddd', 'M', '2004-01-01', 18, 0, 'VE', 'ddd@hot.com', '+58444', 0, 17, NULL, NULL, NULL, NULL, NULL, NULL, NULL, NULL, 1, 0, 0, 0, 0, 8, 2, '2022-12-16 16:16:09'),
(90, 3, NULL, 107, 30.00, 30, 0, 0, NULL, '3434', 'gfg', 'vvb', 'M', '2004-01-01', 18, 0, 'EC', 'fgfg@hot.com', '+5938787', 0, 13, NULL, NULL, NULL, NULL, NULL, NULL, NULL, NULL, 1, 0, 0, 0, 0, 8, 1, '2022-12-18 20:47:05'),
(91, 3, NULL, 107, 30.00, 30, 0, 0, NULL, '7878', 'jhjj', 'nnmnmn', 'M', '2004-01-01', 18, 0, 'EC', 'bnbn@hot.com', '+5934545', 0, 13, NULL, NULL, NULL, NULL, NULL, NULL, NULL, NULL, 1, 0, 0, 0, 0, 8, 1, '2022-12-18 20:53:09'),
(92, 3, NULL, 60, 331.00, 331, 0, 0, NULL, '10788298', 'Rosanna', 'Pietrobono', 'F', '1971-11-11', 51, 0, 'VE', 'pietrobono@gmail.com', '+584141624291', 1, 8, 6, NULL, 227, NULL, NULL, NULL, NULL, NULL, 1, 0, 0, 0, 0, 8, 1, '2023-01-10 19:07:47'),
(93, 3, NULL, 94, 18.30, 18, 0, 0, NULL, '13001636', 'Daviana', 'Morillo', 'F', '1975-11-14', 47, 0, 'VE', 'asesordavianamorillo@gmail.com', '+5804146091585', 1, 15, 4, 20, NULL, NULL, NULL, NULL, NULL, NULL, 1, 0, 0, 0, 0, 8, 1, '2023-01-11 10:30:27'),
(94, 3, NULL, 58, 185.00, 15, 0, 0, NULL, '95796948', 'Joan', 'Barrios', 'M', '1987-03-18', 35, 0, 'AR', 'joanmanuel.barrios@gmail.com', '+5401165805871', 1, 8, NULL, NULL, NULL, 1, '58630', NULL, NULL, NULL, 1, 0, 0, 0, 0, 8, 4, '2023-01-30 08:52:40'),
(95, 5, NULL, 122, 409.47, 34, 0, 0, NULL, '24345456', 'mayerlin', 'g', 'F', '1991-05-09', 31, 0, 'NL', 'mayer.in09@gmail.com', '+318767990', 2, 23, 4, 25, NULL, NULL, NULL, NULL, NULL, NULL, 1, 0, 0, 0, 0, 8, 4, '2023-02-06 15:54:02'),
(96, 5, NULL, 90, 317.23, 26, 0, 0, NULL, '12345', 'douglas', 'mendoza', 'M', '1967-06-19', 55, 0, 'VE', 'agenteinsurancevip@gmail.com', '+5841423456', 1, 22, 4, 25, NULL, NULL, NULL, NULL, NULL, NULL, 1, 0, 0, 0, 0, 8, 4, '2023-02-09 15:36:42'),
(97, 5, NULL, 91, 393.20, 393, 0, 0, NULL, '6160263', 'Carmen', 'Perez', 'F', '1965-06-02', 57, 0, 'VE', 'raquelperez2665@gmail.com', '+584143097389', 3, 21, NULL, NULL, NULL, 1, '62913', NULL, NULL, NULL, 1, 0, 0, 0, 0, 8, 1, '2023-02-12 22:53:44'),
(98, 5, NULL, 87, 154.98, 13, 0, 0, NULL, '11553003', 'Yelitza', 'Flores', 'F', '1973-08-08', 49, 0, 'VE', 'skydoortravels@gmail.com', '+58584142844654', 0, 25, NULL, NULL, NULL, 1, '141214', NULL, NULL, NULL, 1, 0, 0, 0, 0, 8, 4, '2023-02-15 08:39:03'),
(99, 5, NULL, 120, 181.74, 182, 0, 0, NULL, '16429309', 'fabiola', 'moreira', 'F', '1999-01-30', 24, 0, 'AR', 'fabigarciam@gmail.com', '+543008010', 1, 25, NULL, NULL, NULL, NULL, NULL, NULL, NULL, NULL, 1, 0, 0, 0, 0, 8, 1, '2023-02-15 20:50:57'),
(100, 3, NULL, 58, 185.00, 15, 0, 0, NULL, '16429309', 'jason', 'moreira', 'F', '2000-01-25', 23, 0, 'VE', '25011982@gmail.com', '+584123008010', 1, 8, NULL, NULL, NULL, NULL, NULL, NULL, NULL, NULL, 1, 0, 0, 0, 0, 8, 4, '2023-02-15 21:17:17'),
(101, 5, NULL, 91, 393.20, 393, 0, 0, NULL, '16429309', 'jorge', 'lopez', 'M', '1999-01-31', 24, 0, 'VE', 'jorge.lopez@gmail.com', '+583008010', 0, 21, NULL, NULL, NULL, NULL, NULL, NULL, NULL, NULL, 1, 0, 0, 0, 0, 8, 1, '2023-02-16 09:42:24'),
(102, 3, NULL, 47, 138.00, 12, 0, 0, NULL, '14720570', 'Jaismir', 'Rivero', 'F', '1980-07-18', 42, 0, 'VE', 'jaismir18@gmail.com', '+584142465136', 3, 6, NULL, NULL, NULL, 1, '50347', NULL, NULL, NULL, 1, 0, 0, 0, 0, 8, 4, '2023-02-16 19:28:33'),
(103, 3, NULL, 93, 14.64, 15, 0, 0, NULL, '14285571', 'Benito', 'Navarro', 'M', '1980-02-13', 43, 0, 'VE', 'adrianamarcano2022@gmail.com', '+5804262847110', 1, 15, NULL, NULL, NULL, 1, '180753', NULL, NULL, NULL, 1, 0, 0, 0, 0, 8, 1, '2023-02-17 11:33:32'),
(104, 5, NULL, 88, 174.61, 15, 0, 0, NULL, '4887388', 'ENRIQUE', 'TOVAR', 'M', '1956-01-08', 67, 0, 'VE', 'enritov@gmail.com', '+584147788946', 0, 24, NULL, NULL, NULL, NULL, NULL, NULL, NULL, NULL, 1, 0, 0, 0, 0, 8, 4, '2023-03-03 11:02:19'),
(105, 5, NULL, 88, 174.61, 15, 0, 0, NULL, 'V-4887388', 'ENRIQUE', 'TOVAR', 'M', '1956-01-08', 67, 0, 'VE', 'enritov@gmail.com', '+584147788946', 1, 24, 4, 22, NULL, NULL, NULL, NULL, NULL, NULL, 1, 0, 0, 0, 0, 8, 4, '2023-03-03 11:43:49'),
(106, 5, NULL, 88, 174.61, 15, 0, 0, NULL, 'v-8338303', 'LETTY', 'SARMIENTO', 'F', '1966-07-17', 56, 0, 'VE', 'lsrmi.88@gmail.com', '+584143837119', 1, 24, 4, 22, NULL, NULL, NULL, NULL, NULL, NULL, 1, 0, 0, 0, 0, 8, 4, '2023-03-03 12:05:03'),
(107, 5, NULL, 88, 174.61, 15, 0, 0, NULL, 'v-8338303', 'LETTY', 'SARMIENTO', 'F', '1966-07-17', 56, 0, 'VE', 'lsrmi.88@gmail.com', '+584143837119', 1, 24, 4, 22, NULL, NULL, NULL, NULL, NULL, NULL, 1, 0, 0, 0, 0, 8, 4, '2023-03-03 12:06:11'),
(108, 5, NULL, 87, 154.98, 155, 0, 0, NULL, '4554', 'fgg', 'fgg', 'M', '2004-01-01', 19, 0, 'VE', 'fdgfg@hot.com', '+5834', 0, 25, 4, 125, NULL, NULL, '1430', NULL, NULL, NULL, 1, 0, 0, 0, 0, 8, 1, '2023-03-09 01:36:37'),
(109, 3, NULL, 92, 12.00, 1, 0, 0, NULL, '242147846', 'ddfdf', 'dfdf', 'M', '2004-01-01', 19, 0, 'VE', 'ydsystemsvzla@gmail.com', '+58484654', 0, 15, 6, NULL, 251, NULL, '1430', NULL, NULL, NULL, 1, 0, 0, 0, 0, 8, 4, '2023-03-22 11:14:39'),
(110, 7, NULL, 117, 60.00, 60, 0, 0, NULL, '164625038', 'DIEGO', 'APARICIO CALDERON', 'M', '1987-12-08', 35, 0, 'GT', 'diegoaparicio1019@gmail.com', '+50254873888', 1, 30, 4, 25, NULL, NULL, NULL, NULL, NULL, NULL, 1, 0, 0, 0, 0, 8, 1, '2023-03-23 14:45:53'),
(111, 7, NULL, 117, 60.00, 60, 0, 0, NULL, '164625038', 'DIEGO', 'APARICIO CALDERON', 'M', '1987-12-08', 35, 0, 'GT', 'diegoaparicio1019@gmail.com', '+50254873888', 1, 30, 4, 25, NULL, NULL, NULL, NULL, NULL, NULL, 1, 0, 0, 0, 0, 8, 1, '2023-03-23 15:47:00'),
(112, 3, NULL, 59, 259.00, 259, 0, 0, NULL, 'Y9548674P', 'Aymar Carolina', 'Rodriguez Duran', 'F', '1980-06-27', 42, 0, 'ES', 'aymarcrd27@gmail.com', '+34611298842', 3, 8, 6, NULL, 252, NULL, NULL, NULL, NULL, NULL, 1, 0, 0, 0, 0, 8, 1, '2023-03-23 16:35:02'),
(113, 5, NULL, 87, 154.98, 16, 0, 0, NULL, '6137524', 'Augusto', 'Abad', 'M', '1962-08-31', 60, 1, 'VE', 'abadaugusto@gmail.com', '+584149238186', 1, 25, NULL, NULL, NULL, 1, '187179', NULL, NULL, NULL, 1, 0, 0, 0, 0, 8, 4, '2023-03-23 23:54:02'),
(114, 3, NULL, 53, 207.00, 207, 0, 0, NULL, '004719171', 'Daniel José', 'Sánchez Rivera', 'M', '1982-08-16', 40, 0, 'PE', 'danieljsanchezr75@gmail.com', '+51946395570', 1, 7, 6, NULL, 44, NULL, NULL, NULL, NULL, NULL, 1, 0, 0, 0, 0, 8, 1, '2023-03-24 18:24:40'),
(115, 5, NULL, 87, 154.98, 155, 0, 0, NULL, '24219449', 'Yoward', 'Diaz', 'M', '2004-01-01', 19, 0, 'VE', 'Diazbasket5@hotmail.com', '+5854545', 0, 25, NULL, NULL, NULL, NULL, NULL, NULL, NULL, NULL, 1, 0, 0, 0, 0, 8, 1, '2023-03-28 10:53:10'),
(116, 5, NULL, 89, 275.91, 23, 0, 0, NULL, '11901283', 'Dennys Mercedes', 'Belmonte Palacios', 'F', '1971-12-20', 51, 0, 'VE', 'deyamaikys@gmail.com', '+584248376205', 2, 23, 6, NULL, 251, NULL, '145000', NULL, NULL, NULL, 1, 0, 0, 0, 0, 8, 4, '2023-03-30 09:52:52'),
(117, 5, NULL, 87, 154.98, 186, 0, 0, NULL, '7207422', 'CARLOS ALBERTO', 'REVERON ANDRADE', 'M', '1962-07-23', 60, 1, 'VE', 'reveroncarlos@gmail.com', '+584129321366', 3, 25, 6, NULL, 142, NULL, NULL, NULL, NULL, NULL, 1, 0, 0, 0, 0, 8, 1, '2023-04-03 14:10:23'),
(118, 5, NULL, 87, 154.98, 13, 0, 0, NULL, '9742142', 'ALEXANDER ALONSO', 'ESCOBAR MORALES', 'M', '1970-01-04', 53, 0, 'VE', 'alexanderescobarm@yahoo.es', '+5804140679905', 1, 25, 6, NULL, 251, NULL, '187194', NULL, NULL, NULL, 1, 0, 0, 0, 0, 8, 4, '2023-04-18 09:26:14'),
(119, 5, NULL, 87, 154.98, 16, 0, 0, NULL, '6137524', 'Augusto José', 'Abad Rojas', 'M', '1962-08-31', 60, 1, 'VE', 'abadaugusto@gmail.com', '+584149238186', 1, 25, 6, NULL, 251, NULL, '187179', NULL, NULL, NULL, 1, 0, 0, 0, 0, 8, 4, '2023-04-19 10:13:28'),
(120, 5, NULL, 87, 154.98, 39, 0, 0, NULL, '9742142', 'ALEXANDER ALONSO', 'ESCOBAR MORALES', 'M', '1970-01-04', 53, 0, 'VE', 'alexanderescobarm@yahoo.es', '+5804140679905', 1, 25, 6, NULL, 251, NULL, '103801', NULL, NULL, NULL, 1, 0, 0, 0, 0, 8, 3, '2023-05-04 09:17:15'),
(121, 7, NULL, 130, 199.00, 199, 0, 0, NULL, '145415', 'h', 'uh', 'F', '2004-01-01', 19, 0, 'VE', 'dpm2905@hotmail.com', '+584564654', 1, 37, 4, 25, NULL, NULL, NULL, NULL, NULL, NULL, 1, 0, 0, 0, 0, 8, 1, '2023-05-22 16:31:10'),
(122, 7, NULL, 130, 199.00, 199, 0, 0, NULL, '5456465', 'jk', 'uiou', 'F', '2004-01-01', 19, 0, 'VE', 'jkljklj@hotmail.com', '+5844545454', 1, 37, 4, 25, NULL, NULL, NULL, NULL, NULL, NULL, 1, 0, 0, 0, 0, 8, 1, '2023-05-24 12:05:54'),
(123, 3, NULL, 59, 259.00, 259, 0, 0, NULL, 'C163404785970', 'IRIS DAYANA', 'CHAFFARDET PAZ', 'F', '1978-03-17', 45, 0, 'VI', 'chaffa.st_14@hotmail.com', '+1 340+14077057698', 2, 8, 5, 26, NULL, NULL, NULL, NULL, NULL, NULL, 1, 0, 0, 0, 0, 8, 1, '2023-06-02 12:11:56'),
(124, 3, NULL, 59, 259.00, 259, 0, 0, NULL, 'C163404785970', 'IRIS DAYANA', 'CHAFFARDET PAZ', 'F', '1978-03-17', 45, 0, 'VI', 'chaffa.st_14@hotmail.com', '+1 340+14077057698', 2, 8, 5, 26, NULL, NULL, NULL, NULL, NULL, NULL, 1, 0, 0, 0, 0, 8, 1, '2023-06-02 14:31:26'),
(125, 5, NULL, 87, 154.98, 155, 0, 0, NULL, '3434', 'gfgfg', 'fggfg', 'M', '2004-01-01', 19, 0, 'VE', 'dfdf@hot.com', '+5843434', 0, 25, NULL, NULL, NULL, NULL, NULL, NULL, NULL, NULL, 1, 0, 0, 0, 0, 8, 1, '2023-06-21 16:08:50'),
(126, 3, NULL, 94, 18.30, 18, 0, 0, NULL, '10062952', 'flor', 'sapienza', 'F', '1968-07-12', 54, 0, 'VE', 'frama672@hotmail.com', '+584140259239', 0, 15, 6, NULL, 260, NULL, '49922', NULL, NULL, NULL, 1, 0, 0, 0, 0, 8, 1, '2023-07-03 14:04:17'),
(127, 3, NULL, 60, 331.00, 331, 0, 0, NULL, '11733811', 'german', 'loyo', 'M', '1974-08-24', 48, 0, 'VE', 'germanloyoasesor@gmail.com', '+583239171', 2, 8, 6, NULL, 121, NULL, NULL, NULL, NULL, NULL, 1, 0, 0, 0, 0, 8, 1, '2023-08-14 15:10:05'),
(128, 5, NULL, 88, 174.61, 175, 0, 0, NULL, '18931690', 'Franhjely', 'Araujo', 'F', '2000-07-13', 23, 0, 'VE', 'faraujo@compuamerica.com.ve', '+58414278677', 0, 24, NULL, NULL, NULL, NULL, NULL, NULL, NULL, NULL, 1, 0, 0, 0, 0, 8, 1, '2023-08-16 09:46:09');

-- --------------------------------------------------------

--
-- Estructura de tabla para la tabla `insurance_coupons`
--

CREATE TABLE `insurance_coupons` (
  `id_coupon` int(11) NOT NULL,
  `id_insurance` int(11) NOT NULL,
  `name_coupon` varchar(50) NOT NULL,
  `code_coupon` varchar(20) NOT NULL,
  `type_coupon` int(11) NOT NULL,
  `amount_coupon` int(11) NOT NULL,
  `id_status` int(11) NOT NULL DEFAULT 1,
  `id_user` int(11) NOT NULL,
  `create_date` datetime NOT NULL,
  `start_date` date DEFAULT NULL,
  `end_date` date DEFAULT NULL
) ENGINE=InnoDB DEFAULT CHARSET=utf8 COLLATE=utf8_unicode_ci;

--
-- Volcado de datos para la tabla `insurance_coupons`
--

INSERT INTO `insurance_coupons` (`id_coupon`, `id_insurance`, `name_coupon`, `code_coupon`, `type_coupon`, `amount_coupon`, `id_status`, `id_user`, `create_date`, `start_date`, `end_date`) VALUES
(2, 3, 'bee  1', '125abc', 1, 20, 1, 3, '2022-02-21 10:05:09', '2022-02-21', '2022-02-22'),
(4, 5, 'Bee4in1', 'Bee4in1', 1, 10, 1, 5, '2022-07-08 16:05:27', '2022-07-11', '2022-10-11'),
(5, 5, 'Descuento intermediario', 'network4in1', 1, 25, 1, 5, '2022-07-13 09:58:09', '2022-07-15', '2022-08-15'),
(6, 3, 'descuento intermedarios', 'networkLife', 1, 30, 1, 5, '2022-07-13 12:02:23', '2022-07-15', '2022-08-15'),
(7, 3, 'YamirLife', 'YVsolutionsLife', 1, 10, 1, 5, '2022-07-20 11:25:47', '2022-07-20', '2022-10-20'),
(8, 5, 'visionbiz4in1', 'visionbizIBO4in1', 1, 25, 1, 5, '2022-08-03 15:05:50', '2022-08-03', '2022-09-15'),
(9, 3, 'visionbiz vida', 'visionbizIBOLife', 1, 25, 1, 5, '2022-08-03 15:07:51', '2022-08-03', '2022-09-15'),
(10, 5, 'casa portuguesa aragua', 'Portugal4in1', 1, 10, 1, 5, '2022-09-26 13:32:54', '2022-09-26', '2022-09-30'),
(11, 3, 'casa portuguesa aragua', 'FatimaLife', 1, 10, 1, 5, '2022-09-26 13:34:13', '2022-09-26', '2022-09-30'),
(12, 7, 'casa portuguesa aragaua ', 'LisboaRC', 1, 10, 1, 5, '2022-09-26 13:35:18', '2022-09-26', '2022-09-30');

-- --------------------------------------------------------

--
-- Estructura de tabla para la tabla `insurance_declaration_health`
--

CREATE TABLE `insurance_declaration_health` (
  `id_insurance` int(11) NOT NULL,
  `id_declaration_health` int(11) NOT NULL,
  `id_user` int(11) NOT NULL,
  `create_date` datetime NOT NULL
) ENGINE=InnoDB DEFAULT CHARSET=utf8 COLLATE=utf8_unicode_ci;

--
-- Volcado de datos para la tabla `insurance_declaration_health`
--

INSERT INTO `insurance_declaration_health` (`id_insurance`, `id_declaration_health`, `id_user`, `create_date`) VALUES
(3, 1, 5, '2022-02-09 12:59:45'),
(3, 3, 5, '2022-02-16 10:26:37'),
(3, 4, 5, '2022-02-16 10:26:37'),
(4, 1, 5, '2022-02-16 13:54:12'),
(4, 3, 5, '2022-02-16 13:54:12'),
(4, 4, 5, '2022-02-16 13:54:12'),
(5, 1, 5, '2022-02-17 22:19:56'),
(5, 3, 5, '2022-02-17 22:19:56'),
(5, 4, 5, '2022-02-17 22:19:56'),
(5, 8, 5, '2022-02-17 22:19:56'),
(3, 5, 5, '2022-02-21 08:33:46'),
(3, 6, 5, '2022-02-21 08:33:46'),
(3, 7, 5, '2022-02-21 08:33:46'),
(3, 8, 5, '2022-02-21 08:33:46'),
(5, 5, 5, '2022-03-02 08:45:14'),
(5, 6, 5, '2022-03-02 08:45:14'),
(5, 7, 5, '2022-03-02 08:45:14'),
(4, 8, 5, '2022-03-02 08:48:21'),
(7, 1, 5, '2022-04-18 09:39:34'),
(7, 4, 5, '2022-04-18 09:39:34'),
(8, 1, 5, '2022-07-19 08:31:04'),
(8, 2, 5, '2022-07-19 08:31:04'),
(8, 4, 5, '2022-07-19 08:31:04'),
(9, 1, 5, '2022-07-19 08:46:55'),
(9, 2, 5, '2022-07-19 08:46:55'),
(9, 3, 5, '2022-07-19 08:46:55'),
(9, 4, 5, '2022-07-19 08:46:55'),
(10, 1, 5, '2022-11-04 11:33:32'),
(10, 4, 5, '2022-11-04 11:33:32'),
(11, 1, 5, '2023-07-25 13:29:42'),
(11, 2, 5, '2023-07-25 13:29:42'),
(11, 3, 5, '2023-07-25 13:29:42'),
(11, 4, 5, '2023-07-25 13:29:42');

-- --------------------------------------------------------

--
-- Estructura de tabla para la tabla `insurance_declaration_pathology`
--

CREATE TABLE `insurance_declaration_pathology` (
  `id_insurance` int(11) NOT NULL,
  `id_declaration_pathology` int(11) NOT NULL,
  `id_user` int(11) NOT NULL,
  `create_date` datetime NOT NULL
) ENGINE=InnoDB DEFAULT CHARSET=utf8 COLLATE=utf8_unicode_ci;

--
-- Volcado de datos para la tabla `insurance_declaration_pathology`
--

INSERT INTO `insurance_declaration_pathology` (`id_insurance`, `id_declaration_pathology`, `id_user`, `create_date`) VALUES
(3, 1, 5, '2022-02-09 12:59:45');

-- --------------------------------------------------------

--
-- Estructura de tabla para la tabla `insurance_payment`
--

CREATE TABLE `insurance_payment` (
  `id_payment` int(11) NOT NULL,
  `id_buy` int(11) DEFAULT NULL,
  `id_transaction` int(11) DEFAULT NULL,
  `id_term` int(11) NOT NULL,
  `amount_term` double(20,2) NOT NULL,
  `id_coupon` int(11) DEFAULT NULL,
  `type_coupon` int(11) DEFAULT NULL,
  `amount_coupon` double(20,2) DEFAULT NULL,
  `sub_total_payment` double(20,2) NOT NULL,
  `total_payment` double(20,2) NOT NULL,
  `total_payment_bs` double(20,2) NOT NULL DEFAULT 0.00,
  `id_smoker_tax` int(11) DEFAULT NULL,
  `amount_tax` double(20,2) DEFAULT 0.00,
  `discount` double(20,2) NOT NULL,
  `date_payment` date DEFAULT NULL,
  `create_date` datetime DEFAULT NULL
) ENGINE=InnoDB DEFAULT CHARSET=utf8 COLLATE=utf8_unicode_ci;

--
-- Volcado de datos para la tabla `insurance_payment`
--

INSERT INTO `insurance_payment` (`id_payment`, `id_buy`, `id_transaction`, `id_term`, `amount_term`, `id_coupon`, `type_coupon`, `amount_coupon`, `sub_total_payment`, `total_payment`, `total_payment_bs`, `id_smoker_tax`, `amount_tax`, `discount`, `date_payment`, `create_date`) VALUES
(1, 1, 1, 9, 2.00, NULL, NULL, 0.00, 2.00, 2.00, 0.00, NULL, NULL, 0.00, '2022-03-21', '2022-03-21 05:05:03'),
(2, 2, 3, 28, 10.02, NULL, NULL, 0.00, 10.02, 10.02, 0.00, NULL, NULL, 0.00, '2022-03-20', '2022-03-20 22:35:46'),
(3, 3, 4, 9, 2.00, NULL, NULL, 0.00, 2.00, 2.00, 0.00, NULL, NULL, 0.00, '2022-03-20', '2022-03-20 22:50:08'),
(4, 4, 5, 4, 125.00, NULL, NULL, 0.00, 125.00, 125.00, 0.00, NULL, NULL, 0.00, '2022-03-21', '2022-03-21 00:41:40'),
(5, 5, 6, 59, 259.00, NULL, NULL, 0.00, 259.00, 259.00, 0.00, NULL, NULL, 0.00, '2022-03-30', '2022-03-30 19:09:32'),
(6, 6, 8, 60, 331.00, NULL, NULL, 0.00, 331.00, 331.00, 0.00, NULL, NULL, 0.00, '2022-04-20', '2022-04-20 16:19:54'),
(7, 7, 9, 38, 385.28, NULL, NULL, 0.00, 385.28, 385.28, 0.00, NULL, NULL, 0.00, '2022-04-21', '2022-04-21 17:50:16'),
(8, 8, 10, 48, 178.00, NULL, NULL, 0.00, 178.00, 178.00, 0.00, NULL, NULL, 0.00, '2022-05-27', '2022-05-27 11:40:06'),
(9, 9, 11, 9, 2.00, NULL, NULL, 0.00, 2.00, 2.00, 0.00, NULL, 0.00, 0.00, '2022-06-07', '2022-06-07 15:54:59'),
(10, 10, 22, 88, 174.61, NULL, NULL, 0.00, 174.61, 174.61, 0.00, NULL, 0.00, 0.00, '2022-06-30', '2022-06-30 09:04:30'),
(11, 11, 23, 119, 125.00, NULL, NULL, 0.00, 125.00, 125.00, 0.00, NULL, 0.00, 0.00, '2022-07-08', '2022-07-08 10:59:52'),
(13, 12, 25, 119, 125.00, NULL, NULL, 0.00, 125.00, 125.00, 681.25, NULL, 0.00, 0.00, '2022-07-15', '2022-07-15 12:01:55'),
(14, 13, 26, 122, 409.47, 4, 1, 10.00, 409.47, 368.52, 0.00, NULL, 0.00, 40.95, '2022-07-15', '2022-07-15 12:30:01'),
(15, 14, 27, 4, 125.00, 6, 1, 30.00, 125.00, 87.50, 588.88, NULL, 0.00, 37.50, '2022-07-29', '2022-07-29 11:37:29'),
(16, 15, 28, 48, 178.00, 6, 1, 30.00, 178.00, 124.60, 829.84, NULL, 0.00, 53.40, '2022-07-29', '2022-07-29 13:49:08'),
(18, 16, 30, 87, 154.98, 5, 1, 25.00, 154.98, 116.24, 782.26, NULL, 0.00, 38.75, '2022-08-01', '2022-08-01 19:25:12'),
(19, 17, 31, 129, 29.00, NULL, NULL, 0.00, 29.00, 29.00, 195.17, NULL, 0.00, 0.00, '2022-08-02', '2022-08-02 15:40:48'),
(20, 18, 32, 129, 29.00, NULL, NULL, 0.00, 29.00, 29.00, 195.46, NULL, 0.00, 0.00, '2022-08-04', '2022-08-04 09:35:04'),
(21, 19, 33, 87, 154.98, NULL, NULL, 0.00, 154.98, 154.98, 1044.57, NULL, 0.00, 0.00, '2022-08-05', '2022-08-05 17:08:31'),
(22, 20, 34, 129, 29.00, NULL, NULL, 0.00, 29.00, 29.00, 201.55, NULL, 0.00, 0.00, '2022-08-15', '2022-08-15 10:08:39'),
(23, 21, 35, 88, 174.61, 5, 1, 25.00, 174.61, 130.96, 906.23, NULL, 0.00, 43.65, '2022-08-15', '2022-08-15 13:54:31'),
(24, 22, 36, 55, 598.00, 6, 1, 30.00, 598.00, 418.60, 0.00, NULL, 0.00, 179.40, '2022-08-15', '2022-08-15 14:47:41'),
(25, 23, 37, 48, 178.00, 6, 1, 30.00, 178.00, 124.60, 865.97, NULL, 0.00, 53.40, '2022-08-15', '2022-08-15 21:42:28'),
(26, 24, 38, 88, 174.61, 5, 1, 25.00, 174.61, 130.96, 910.15, NULL, 0.00, 43.65, '2022-08-17', '2022-08-17 09:29:07'),
(27, 25, 39, 4, 125.00, NULL, NULL, 0.00, 125.00, 125.00, 1168.75, NULL, 0.00, 0.00, '2022-08-31', '2022-08-31 10:23:23'),
(28, 26, 40, 122, 409.47, NULL, NULL, 0.00, 409.47, 409.47, 0.00, NULL, 0.00, 0.00, '2022-09-12', '2022-09-12 16:53:27'),
(29, 27, 41, 87, 154.98, NULL, NULL, 0.00, 154.98, 185.98, 1617.99, 1, 31.00, 0.00, '2022-09-20', '2022-09-20 08:52:30'),
(30, 28, 42, 122, 409.47, NULL, NULL, 0.00, 409.47, 409.47, 0.00, NULL, 0.00, 0.00, '2022-09-30', '2022-09-30 16:48:56'),
(31, 29, 43, 122, 409.47, NULL, NULL, 0.00, 409.47, 409.47, 0.00, NULL, 0.00, 0.00, '2022-09-30', '2022-09-30 16:52:37'),
(32, 30, 44, 122, 409.47, NULL, NULL, 0.00, 409.47, 409.47, 0.00, NULL, 0.00, 0.00, '2022-09-30', '2022-09-30 17:00:42'),
(33, 31, 45, 48, 178.00, NULL, NULL, 0.00, 178.00, 178.00, 0.00, NULL, 0.00, 0.00, '2022-10-07', '2022-10-07 14:25:21'),
(34, 32, 46, 48, 178.00, NULL, NULL, 0.00, 178.00, 178.00, 0.00, NULL, 0.00, 0.00, '2022-10-07', '2022-10-07 14:31:15'),
(35, 33, 47, 122, 409.47, NULL, NULL, 0.00, 409.47, 409.47, 0.00, NULL, 0.00, 0.00, '2022-10-11', '2022-10-11 12:54:52'),
(36, 34, 48, 122, 409.47, NULL, NULL, 0.00, 409.47, 409.47, 0.00, NULL, 0.00, 0.00, '2022-10-11', '2022-10-11 13:01:56'),
(37, 35, 49, 122, 409.47, NULL, NULL, 0.00, 409.47, 409.47, 0.00, NULL, 0.00, 0.00, '2022-10-11', '2022-10-11 13:07:44'),
(38, 36, 50, 122, 409.47, NULL, NULL, 0.00, 409.47, 409.47, 0.00, NULL, 0.00, 0.00, '2022-10-11', '2022-10-11 13:17:01'),
(39, 37, 51, 122, 409.47, NULL, NULL, 0.00, 409.47, 409.47, 0.00, NULL, 0.00, 0.00, '2022-10-11', '2022-10-11 13:44:03'),
(40, 38, 52, 122, 409.47, NULL, NULL, 0.00, 409.47, 409.47, 0.00, NULL, 0.00, 0.00, '2022-10-11', '2022-10-11 14:45:02'),
(41, 39, 54, 122, 409.47, NULL, NULL, 0.00, 409.47, 409.47, 0.00, NULL, 0.00, 0.00, '2022-10-11', '2022-10-11 16:11:08'),
(42, 40, 55, 5, 199.00, NULL, NULL, 0.00, 199.00, 199.00, 1810.90, NULL, 0.00, 0.00, '2022-11-06', '2022-11-06 08:27:07'),
(43, 41, 56, 104, 27.45, NULL, NULL, 0.00, 27.45, 27.45, 266.54, NULL, 0.00, 0.00, '2022-11-15', '2022-11-15 14:18:29'),
(44, 42, 57, 103, 21.96, NULL, NULL, 0.00, 21.96, 21.96, 213.23, NULL, 0.00, 0.00, '2022-11-16', '2022-11-16 10:54:56'),
(45, 43, 58, 104, 27.45, NULL, NULL, 0.00, 27.45, 27.45, 266.54, NULL, 0.00, 0.00, '2022-11-17', '2022-11-17 14:02:21'),
(46, 44, 59, 60, 331.00, NULL, NULL, 0.00, 331.00, 331.00, 5219.87, NULL, 0.00, 0.00, '2023-01-11', '2023-01-11 08:38:39'),
(47, 45, 60, 88, 174.61, NULL, NULL, 0.00, 14.56, 14.56, 354.83, NULL, 0.00, 0.00, '2023-03-03', '2023-03-03 11:50:02'),
(48, 46, 61, 117, 60.00, NULL, NULL, 0.00, 60.00, 60.00, 1462.20, NULL, 0.00, 0.00, '2023-03-23', '2023-03-23 15:49:14'),
(49, 47, 62, 59, 259.00, NULL, NULL, 0.00, 259.00, 259.00, 6311.83, NULL, 0.00, 0.00, '2023-03-23', '2023-03-23 16:43:38'),
(50, 48, 65, 87, 154.98, NULL, NULL, 0.00, 185.98, 185.98, 4560.23, 1, 31.00, 0.00, '2023-04-13', '2023-04-13 14:16:33'),
(51, 49, 66, 59, 259.00, NULL, NULL, 0.00, 259.00, 259.00, 7448.84, NULL, 0.00, 0.00, '2023-06-02', '2023-06-02 14:39:00');

-- --------------------------------------------------------

--
-- Estructura de tabla para la tabla `insurance_payment_temp`
--

CREATE TABLE `insurance_payment_temp` (
  `id_payment_temp` int(11) NOT NULL,
  `id_buy_temp` int(11) DEFAULT NULL,
  `id_term` int(11) NOT NULL,
  `amount_term` double(20,2) NOT NULL,
  `id_coupon` int(11) DEFAULT NULL,
  `type_coupon` int(11) DEFAULT NULL,
  `amount_coupon` double(20,2) DEFAULT NULL,
  `sub_total_payment` double(20,2) NOT NULL,
  `total_payment` double(20,2) NOT NULL,
  `total_payment_bs` double(20,2) NOT NULL DEFAULT 0.00,
  `id_smoker_tax` int(11) DEFAULT NULL,
  `amount_tax` double(20,2) DEFAULT NULL,
  `discount` double(20,2) NOT NULL
) ENGINE=InnoDB DEFAULT CHARSET=utf8 COLLATE=utf8_unicode_ci;

--
-- Volcado de datos para la tabla `insurance_payment_temp`
--

INSERT INTO `insurance_payment_temp` (`id_payment_temp`, `id_buy_temp`, `id_term`, `amount_term`, `id_coupon`, `type_coupon`, `amount_coupon`, `sub_total_payment`, `total_payment`, `total_payment_bs`, `id_smoker_tax`, `amount_tax`, `discount`) VALUES
(1, NULL, 9, 2.00, NULL, NULL, 0.00, 2.00, 2.00, 0.00, NULL, 0.00, 0.00),
(2, NULL, 9, 2.00, NULL, NULL, 0.00, 2.00, 2.00, 0.00, NULL, 0.00, 0.00),
(3, NULL, 9, 2.00, NULL, NULL, 0.00, 2.00, 2.00, 0.00, NULL, 0.00, 0.00),
(4, NULL, 9, 2.00, NULL, NULL, 0.00, 2.00, 2.00, 0.00, NULL, 0.00, 0.00),
(5, NULL, 9, 2.00, NULL, NULL, 0.00, 2.00, 2.00, 0.00, NULL, 0.00, 0.00),
(6, NULL, 9, 2.00, NULL, NULL, 0.00, 2.00, 2.00, 0.00, NULL, 0.00, 0.00),
(7, NULL, 9, 2.00, NULL, NULL, 0.00, 2.00, 2.00, 0.00, NULL, 0.00, 0.00),
(8, 1, 9, 2.00, NULL, NULL, 0.00, 2.00, 2.00, 0.00, NULL, 0.00, 0.00),
(9, 2, 109, 45.75, NULL, NULL, 0.00, 45.75, 45.75, 0.00, NULL, 0.00, 0.00),
(10, 3, 3, 64.00, NULL, NULL, 0.00, 64.00, 76.80, 0.00, 2, 12.80, 0.00),
(11, 4, 88, 174.61, NULL, NULL, 0.00, 174.61, 174.61, 0.00, NULL, 0.00, 0.00),
(12, 5, 87, 154.98, NULL, NULL, 0.00, 154.98, 154.98, 0.00, NULL, 0.00, 0.00),
(13, 6, 87, 154.98, NULL, NULL, 0.00, 154.98, 154.98, 0.00, NULL, 0.00, 0.00),
(14, 7, 9, 2.00, NULL, NULL, 0.00, 2.00, 2.00, 10.90, NULL, 0.00, 0.00),
(15, 8, 87, 154.98, NULL, NULL, 0.00, 154.98, 154.98, 844.64, NULL, 0.00, 0.00),
(16, 9, 119, 125.00, NULL, NULL, 0.00, 125.00, 125.00, 681.25, NULL, 0.00, 0.00),
(17, 10, 87, 154.98, NULL, NULL, 0.00, 154.98, 154.98, 844.64, NULL, 0.00, 0.00),
(18, 11, 119, 125.00, NULL, NULL, 0.00, 125.00, 125.00, 681.25, NULL, 0.00, 0.00),
(19, 12, 9, 2.00, NULL, NULL, 0.00, 2.00, 2.00, 10.90, NULL, 0.00, 0.00),
(20, 13, 93, 14.64, NULL, NULL, 0.00, 14.64, 14.64, 79.79, NULL, 0.00, 0.00),
(21, 14, 48, 178.00, NULL, NULL, 0.00, 178.00, 178.00, 970.10, NULL, 0.00, 0.00),
(22, 15, 120, 181.74, NULL, NULL, 0.00, 181.74, 181.74, 990.48, NULL, 0.00, 0.00),
(23, 16, 9, 2.00, NULL, NULL, 0.00, 2.00, 2.00, 10.90, NULL, 0.00, 0.00),
(24, 17, 9, 2.00, NULL, NULL, 0.00, 2.00, 2.00, 10.90, NULL, 0.00, 0.00),
(25, 18, 49, 399.00, NULL, NULL, 0.00, 399.00, 399.00, 2174.55, NULL, 0.00, 0.00),
(26, 19, 49, 399.00, 6, 1, 30.00, 399.00, 279.30, 2174.55, NULL, 0.00, 119.70),
(27, 20, 2, 55.00, NULL, NULL, 0.00, 55.00, 55.00, 299.75, NULL, 0.00, 0.00),
(28, 21, 125, 59.00, NULL, NULL, 0.00, 59.00, 59.00, 321.55, NULL, 0.00, 0.00),
(29, 22, 125, 59.00, NULL, NULL, 0.00, 59.00, 59.00, 321.55, NULL, 0.00, 0.00),
(30, 23, 125, 59.00, NULL, NULL, 0.00, 59.00, 59.00, 321.55, NULL, 0.00, 0.00),
(31, 24, 125, 59.00, NULL, NULL, 0.00, 59.00, 59.00, 321.55, NULL, 0.00, 0.00),
(32, 25, 4, 125.00, NULL, NULL, 0.00, 125.00, 125.00, 681.25, NULL, 0.00, 0.00),
(33, 26, 127, 96.00, NULL, NULL, 0.00, 96.00, 96.00, 523.20, NULL, 0.00, 0.00),
(34, 27, 127, 96.00, NULL, NULL, 0.00, 96.00, 96.00, 523.20, NULL, 0.00, 0.00),
(35, 28, 127, 96.00, NULL, NULL, 0.00, 96.00, 96.00, 523.20, NULL, 0.00, 0.00),
(36, 29, 125, 59.00, NULL, NULL, 0.00, 59.00, 59.00, 321.55, NULL, 0.00, 0.00),
(37, 30, 127, 96.00, NULL, NULL, 0.00, 96.00, 96.00, 523.20, NULL, 0.00, 0.00),
(38, 31, 127, 96.00, NULL, NULL, 0.00, 96.00, 96.00, 523.20, NULL, 0.00, 0.00),
(39, 32, 125, 59.00, NULL, NULL, 0.00, 59.00, 59.00, 321.55, NULL, 0.00, 0.00),
(40, 33, 127, 96.00, NULL, NULL, 0.00, 96.00, 96.00, 639.36, NULL, 0.00, 0.00),
(41, 34, 90, 317.23, NULL, NULL, 0.00, 317.23, 317.23, 2112.75, NULL, 0.00, 0.00),
(42, 35, 9, 2.00, NULL, NULL, 0.00, 2.00, 2.00, 13.32, NULL, 0.00, 0.00),
(43, 36, 127, 96.00, NULL, NULL, 0.00, 96.00, 96.00, 639.36, NULL, 0.00, 0.00),
(44, 37, 2, 55.00, 6, 1, 30.00, 55.00, 38.50, 256.41, NULL, 0.00, 16.50),
(45, 38, 127, 96.00, NULL, NULL, 0.00, 96.00, 96.00, 639.36, NULL, 0.00, 0.00),
(46, 39, 125, 59.00, NULL, NULL, 0.00, 59.00, 59.00, 392.94, NULL, 0.00, 0.00),
(47, 40, 48, 178.00, 6, 1, 30.00, 178.00, 124.60, 829.84, NULL, 0.00, 53.40),
(48, 41, 51, 139.00, NULL, NULL, 0.00, 139.00, 139.00, 932.69, NULL, 0.00, 0.00),
(49, 42, 4, 125.00, 6, 1, 30.00, 125.00, 87.50, 588.88, NULL, 0.00, 37.50),
(50, 43, 48, 178.00, NULL, NULL, 0.00, 178.00, 178.00, 1197.94, NULL, 0.00, 0.00),
(51, 44, 48, 178.00, 6, 1, 30.00, 178.00, 124.60, 838.56, NULL, 0.00, 53.40),
(52, 45, 88, 174.61, NULL, NULL, 0.00, 174.61, 174.61, 1175.13, NULL, 0.00, 0.00),
(53, 46, 87, 154.98, 5, 1, 25.00, 154.98, 116.24, 782.26, NULL, 0.00, 38.75),
(54, 47, 129, 29.00, NULL, NULL, 0.00, 29.00, 29.00, 195.17, NULL, 0.00, 0.00),
(55, 48, 129, 29.00, NULL, NULL, 0.00, 29.00, 29.00, 195.17, NULL, 0.00, 0.00),
(56, 49, 129, 29.00, NULL, NULL, 0.00, 29.00, 29.00, 195.17, NULL, 0.00, 0.00),
(57, 50, 129, 29.00, NULL, NULL, 0.00, 29.00, 29.00, 195.17, NULL, 0.00, 0.00),
(58, 51, 129, 29.00, NULL, NULL, 0.00, 29.00, 29.00, 195.46, NULL, 0.00, 0.00),
(59, 52, 87, 154.98, NULL, NULL, 0.00, 154.98, 154.98, 1044.57, NULL, 0.00, 0.00),
(60, 53, 87, 154.98, NULL, NULL, 0.00, 154.98, 154.98, 1058.51, NULL, 0.00, 0.00),
(61, NULL, 9, 2.00, NULL, NULL, 0.00, 2.00, 2.00, 13.76, NULL, 0.00, 0.00),
(62, NULL, 9, 2.00, NULL, NULL, 0.00, 2.00, 2.00, 13.76, NULL, 0.00, 0.00),
(63, NULL, 9, 2.00, NULL, NULL, 0.00, 2.00, 2.00, 13.76, NULL, 0.00, 0.00),
(64, NULL, 9, 2.00, NULL, NULL, 0.00, 2.00, 2.00, 13.76, NULL, 0.00, 0.00),
(65, NULL, 9, 2.00, NULL, NULL, 0.00, 2.00, 2.00, 13.76, NULL, 0.00, 0.00),
(66, NULL, 9, 2.00, NULL, NULL, 0.00, 2.00, 2.00, 13.76, NULL, 0.00, 0.00),
(67, NULL, 4, 125.00, NULL, NULL, 0.00, 125.00, 125.00, 860.00, NULL, 0.00, 0.00),
(68, NULL, 9, 2.00, NULL, NULL, 0.00, 2.00, 2.00, 13.76, NULL, 0.00, 0.00),
(69, 54, 9, 2.00, NULL, NULL, 0.00, 2.00, 2.00, 13.84, NULL, 0.00, 0.00),
(70, 55, 9, 2.00, NULL, NULL, 0.00, 2.00, 2.00, 13.84, NULL, 0.00, 0.00),
(71, 56, 9, 2.00, NULL, NULL, 0.00, 2.00, 2.00, 13.84, NULL, 0.00, 0.00),
(72, 57, 9, 2.00, NULL, NULL, 0.00, 2.00, 2.00, 13.84, NULL, 0.00, 0.00),
(73, 58, 9, 2.00, NULL, NULL, 0.00, 2.00, 2.00, 13.84, NULL, 0.00, 0.00),
(74, 59, 97, 15.00, NULL, NULL, 0.00, 15.00, 15.00, 103.80, NULL, 0.00, 0.00),
(75, 60, 9, 2.00, NULL, NULL, 0.00, 2.00, 2.00, 13.84, NULL, 0.00, 0.00),
(76, 61, 102, 18.00, NULL, NULL, 0.00, 18.00, 18.00, 124.56, NULL, 0.00, 0.00),
(77, 62, 9, 2.00, NULL, NULL, 0.00, 2.00, 2.00, 13.84, NULL, 0.00, 0.00),
(78, 63, 88, 174.61, 5, 1, 25.00, 174.61, 130.96, 906.23, NULL, 0.00, 43.65),
(79, 64, 129, 29.00, NULL, NULL, 0.00, 29.00, 29.00, 201.55, NULL, 0.00, 0.00),
(80, 65, 88, 174.61, 5, 1, 25.00, 174.61, 130.96, 910.15, NULL, 0.00, 43.65),
(81, 66, 48, 178.00, 6, 1, 30.00, 178.00, 124.60, 865.97, NULL, 0.00, 53.40),
(82, 67, 129, 29.00, NULL, NULL, 0.00, 29.00, 29.00, 201.55, NULL, 0.00, 0.00),
(83, 68, 129, 29.00, NULL, NULL, 0.00, 29.00, 29.00, 187.92, NULL, 0.00, 0.00),
(84, 69, 87, 154.98, NULL, NULL, 0.00, 154.98, 154.98, 1027.52, NULL, 0.00, 0.00),
(85, 70, 91, 393.20, NULL, NULL, 0.00, 393.20, 393.20, 2606.92, NULL, 0.00, 0.00),
(86, 71, 4, 125.00, NULL, NULL, 0.00, 125.00, 125.00, 1168.75, NULL, 0.00, 0.00),
(87, 72, 61, 798.00, NULL, NULL, 0.00, 798.00, 798.00, 6918.66, NULL, 0.00, 0.00),
(88, 73, 2, 55.00, NULL, NULL, 0.00, 55.00, 55.00, 478.50, NULL, 0.00, 0.00),
(89, 74, 87, 154.98, NULL, NULL, 0.00, 154.98, 185.98, 1617.99, 1, 31.00, 0.00),
(90, 75, 88, 174.61, NULL, NULL, 0.00, 174.61, 174.61, 1540.06, NULL, 0.00, 0.00),
(91, 76, 89, 275.91, NULL, NULL, 0.00, 275.91, 275.91, 2510.78, NULL, 0.00, 0.00),
(92, 77, 129, 29.00, NULL, NULL, 0.00, 29.00, 29.00, 263.90, NULL, 0.00, 0.00),
(93, 78, 61, 798.00, NULL, NULL, 0.00, 798.00, 798.00, 7261.80, NULL, 0.00, 0.00),
(94, 79, 5, 199.00, NULL, NULL, 0.00, 199.00, 199.00, 1810.90, NULL, 0.00, 0.00),
(95, 80, 135, 15.00, NULL, NULL, 0.00, 15.00, 15.00, 141.15, NULL, 0.00, 0.00),
(96, 81, 104, 27.45, NULL, NULL, 0.00, 27.45, 27.45, 266.54, NULL, 0.00, 0.00),
(97, 82, 103, 21.96, NULL, NULL, 0.00, 21.96, 21.96, 213.23, NULL, 0.00, 0.00),
(98, 83, 104, 27.45, NULL, NULL, 0.00, 27.45, 27.45, 266.54, NULL, 0.00, 0.00),
(99, 84, 129, 29.00, NULL, NULL, 0.00, 29.00, 29.00, 314.65, NULL, 0.00, 0.00),
(100, 85, 87, 154.98, NULL, NULL, 0.00, 154.98, 154.98, 1969.80, NULL, 0.00, 0.00),
(101, 86, 93, 14.64, NULL, NULL, 0.00, 14.64, 14.64, 186.07, NULL, 0.00, 0.00),
(102, 87, 112, 35.00, NULL, NULL, 0.00, 17.50, 17.50, 275.98, NULL, 0.00, 0.00),
(103, 88, 107, 30.00, NULL, NULL, 0.00, 15.00, 15.00, 236.55, NULL, 0.00, 0.00),
(104, 89, 112, 35.00, NULL, NULL, 0.00, 17.50, 17.50, 275.98, NULL, 0.00, 0.00),
(105, 90, 107, 30.00, NULL, NULL, 0.00, 30.00, 30.00, 473.10, NULL, 0.00, 0.00),
(106, 91, 107, 30.00, NULL, NULL, 0.00, 30.00, 30.00, 473.10, NULL, 0.00, 0.00),
(107, 92, 60, 331.00, NULL, NULL, 0.00, 331.00, 331.00, 5219.87, NULL, 0.00, 0.00),
(108, 93, 94, 18.30, NULL, NULL, 0.00, 18.30, 18.30, 288.59, NULL, 0.00, 0.00),
(109, 94, 58, 185.00, NULL, NULL, 0.00, 15.43, 15.43, 326.19, NULL, 0.00, 0.00),
(110, 95, 122, 409.47, NULL, NULL, 0.00, 34.15, 34.15, 721.93, NULL, 0.00, 0.00),
(111, 96, 90, 317.23, NULL, NULL, 0.00, 26.46, 26.46, 559.36, NULL, 0.00, 0.00),
(112, 97, 91, 393.20, NULL, NULL, 0.00, 393.20, 393.20, 8312.25, NULL, 0.00, 0.00),
(113, 98, 87, 154.98, NULL, NULL, 0.00, 12.93, 12.93, 273.34, NULL, 0.00, 0.00),
(114, 99, 120, 181.74, NULL, NULL, 0.00, 181.74, 181.74, 3841.98, NULL, 0.00, 0.00),
(115, 100, 58, 185.00, NULL, NULL, 0.00, 15.43, 15.43, 326.19, NULL, 0.00, 0.00),
(116, 101, 91, 393.20, NULL, NULL, 0.00, 393.20, 393.20, 8312.25, NULL, 0.00, 0.00),
(117, 102, 47, 138.00, NULL, NULL, 0.00, 11.51, 11.51, 243.32, NULL, 0.00, 0.00),
(118, 103, 93, 14.64, NULL, NULL, 0.00, 14.64, 14.64, 309.49, NULL, 0.00, 0.00),
(119, 104, 88, 174.61, NULL, NULL, 0.00, 14.56, 14.56, 354.83, NULL, 0.00, 0.00),
(120, 105, 88, 174.61, NULL, NULL, 0.00, 14.56, 14.56, 354.83, NULL, 0.00, 0.00),
(121, 106, 88, 174.61, NULL, NULL, 0.00, 14.56, 14.56, 354.83, NULL, 0.00, 0.00),
(122, 107, 88, 174.61, NULL, NULL, 0.00, 14.56, 14.56, 354.83, NULL, 0.00, 0.00),
(123, 108, 87, 154.98, NULL, NULL, 0.00, 154.98, 154.98, 3776.86, NULL, 0.00, 0.00),
(124, 109, 92, 12.00, NULL, NULL, 0.00, 1.00, 1.00, 24.37, NULL, 0.00, 0.00),
(125, 110, 117, 60.00, NULL, NULL, 0.00, 60.00, 60.00, 1462.20, NULL, 0.00, 0.00),
(126, 111, 117, 60.00, NULL, NULL, 0.00, 60.00, 60.00, 1462.20, NULL, 0.00, 0.00),
(127, 112, 59, 259.00, NULL, NULL, 0.00, 259.00, 259.00, 6311.83, NULL, 0.00, 0.00),
(128, 113, 87, 154.98, NULL, NULL, 0.00, 15.51, 15.51, 377.98, 1, 31.00, 0.00),
(129, 114, 53, 207.00, NULL, NULL, 0.00, 207.00, 207.00, 5044.59, NULL, 0.00, 0.00),
(130, 115, 87, 154.98, NULL, NULL, 0.00, 154.98, 154.98, 3776.86, NULL, 0.00, 0.00),
(131, 116, 89, 275.91, NULL, NULL, 0.00, 23.01, 23.01, 560.75, NULL, 0.00, 0.00),
(132, 117, 87, 154.98, NULL, NULL, 0.00, 185.98, 185.98, 4560.23, 1, 31.00, 0.00),
(133, 118, 87, 154.98, NULL, NULL, 0.00, 12.93, 12.93, 345.10, NULL, 0.00, 0.00),
(134, 119, 87, 154.98, NULL, NULL, 0.00, 15.51, 15.51, 413.96, 1, 31.00, 0.00),
(135, 120, 87, 154.98, NULL, NULL, 0.00, 38.75, 38.75, 967.20, NULL, 0.00, 0.00),
(136, 121, 130, 199.00, NULL, NULL, 0.00, 199.00, 199.00, 5623.74, NULL, 0.00, 0.00),
(137, 122, 130, 199.00, NULL, NULL, 0.00, 199.00, 199.00, 5623.74, NULL, 0.00, 0.00),
(138, 123, 59, 259.00, NULL, NULL, 0.00, 259.00, 259.00, 7448.84, NULL, 0.00, 0.00),
(139, 124, 59, 259.00, NULL, NULL, 0.00, 259.00, 259.00, 7448.84, NULL, 0.00, 0.00),
(140, 125, 87, 154.98, NULL, NULL, 0.00, 154.98, 154.98, 4588.96, NULL, 0.00, 0.00),
(141, 126, 94, 18.30, NULL, NULL, 0.00, 18.30, 18.30, 553.94, NULL, 0.00, 0.00),
(142, 127, 60, 331.00, NULL, NULL, 0.00, 331.00, 331.00, 11340.06, NULL, 0.00, 0.00),
(143, 128, 88, 174.61, NULL, NULL, 0.00, 174.61, 174.61, 5982.14, NULL, 0.00, 0.00);

-- --------------------------------------------------------

--
-- Estructura de tabla para la tabla `insurance_prices`
--

